{"id":46745,"date":"2026-04-15T13:19:40","date_gmt":"2026-04-15T10:19:40","guid":{"rendered":"https:\/\/adanaseshaber.com.tr\/habercim\/wp-content\/uploads\/2026\/04\/672677353_966401805915035_7148938971133236611_n.jpg"},"modified":"2026-04-15T13:20:50","modified_gmt":"2026-04-15T10:20:50","slug":"672677353_966401805915035_7148938971133236611_n","status":"inherit","type":"attachment","link":"https:\/\/adanaseshaber.com.tr\/habercim\/genel\/herkes-saskin-istifa-etti\/attachment\/672677353_966401805915035_7148938971133236611_n\/","title":{"rendered":"Herkes \u015ea\u015fk\u0131n \u0130stifa Etti.."},"author":2,"comment_status":"open","ping_status":"closed","template":"","meta":[],"description":{"rendered":"<p class=\"attachment\"><a href='https:\/\/adanaseshaber.com.tr\/habercim\/wp-content\/uploads\/2026\/04\/672677353_966401805915035_7148938971133236611_n.jpg'><img width=\"251\" height=\"300\" src=\"https:\/\/adanaseshaber.com.tr\/habercim\/wp-content\/uploads\/2026\/04\/672677353_966401805915035_7148938971133236611_n-251x300.jpg\" class=\"attachment-medium size-medium\" alt=\"\" loading=\"lazy\" srcset=\"https:\/\/adanaseshaber.com.tr\/habercim\/wp-content\/uploads\/2026\/04\/672677353_966401805915035_7148938971133236611_n-251x300.jpg 251w, https:\/\/adanaseshaber.com.tr\/habercim\/wp-content\/uploads\/2026\/04\/672677353_966401805915035_7148938971133236611_n.jpg 428w\" sizes=\"(max-width: 251px) 100vw, 251px\" \/><\/a><\/p>\n"},"caption":{"rendered":"<p>CHP&#8217;den ayr\u0131lan Kumbul&#8217;un AK Parti&#8217;ye kat\u0131laca\u011f\u0131 ve baz\u0131 meclis \u00fcyelerinin de kendisine e\u015flik edece\u011fi kaydedildi. Kumbul&#8217;a yar\u0131n Ba\u015fkan Recep Tayyip Erdo\u011fan&#8217;\u0131n rozet takmas\u0131 bekleniyor. AK PART\u0130L\u0130 \u0130L\u00c7E BA\u015eKANI AHABER.COM.TR&#8217;YE KONU\u015eTU: OLUMLU B\u0130R HAVA VAR Bu iddia kulislerdeki s\u0131cakl\u0131\u011f\u0131n\u0131 korurken AK Parti Serik \u0130l\u00e7e Ba\u015fkan\u0131 Ahmet S\u00f6ker konuya ili\u015fkin ahaber.com.tr&#8217;ye konu\u015ftu. S\u00f6ker &#8220;Olumlu bir hava var. Her \u015fey \u015fu anl\u0131k yolunda. Yar\u0131n rozet tak\u0131m\u0131 konusunda takdir Cumhurba\u015fkan\u0131m\u0131z\u0131n.&#8221; ifadelerini kulland\u0131. ANKARA&#8217;DA M\u0130LLETVEK\u0130LLER\u0130 \u0130LE FOTO\u011eRAF \u00c7EKT\u0130RD\u0130 Serik Belediye Ba\u015fkan\u0131 Kadir Kumbul bir s\u00fcre \u00f6nce AK Parti \u0130l\u00e7e Ba\u015fkan\u0131 ile birlikte Ankara&#8217;ya giderek AK Partili Milletvekilleri ile g\u00f6r\u00fc\u015fmeler yaparak bu foto\u011fraflar\u0131 da sosyal medya hesab\u0131ndan yay\u0131nlam\u0131\u015ft\u0131. \u0130L\u00c7E MECL\u0130S\u0130&#8217;NDE DURUM NE? Serik Belediyesi Meclisi&#8217;nde CHP&#8217;nin 19, AK Parti&#8217;nin 11, \u0130Y\u0130 Parti&#8217;nin ise 1 meclis \u00fcyesi bulunuyor.<\/p>\n"},"alt_text":"","media_type":"image","mime_type":"image\/jpeg","media_details":{"width":428,"height":512,"file":"2026\/04\/672677353_966401805915035_7148938971133236611_n.jpg","sizes":{"medium":{"file":"672677353_966401805915035_7148938971133236611_n-251x300.jpg","width":251,"height":300,"mime_type":"image\/jpeg","source_url":"https:\/\/adanaseshaber.com.tr\/habercim\/wp-content\/uploads\/2026\/04\/672677353_966401805915035_7148938971133236611_n-251x300.jpg"},"thumbnail":{"file":"672677353_966401805915035_7148938971133236611_n-150x150.jpg","width":150,"height":150,"mime_type":"image\/jpeg","source_url":"https:\/\/adanaseshaber.com.tr\/habercim\/wp-content\/uploads\/2026\/04\/672677353_966401805915035_7148938971133236611_n-150x150.jpg"},"kucukResim":{"file":"672677353_966401805915035_7148938971133236611_n-80x50.jpg","width":80,"height":50,"mime_type":"image\/jpeg","source_url":"https:\/\/adanaseshaber.com.tr\/habercim\/wp-content\/uploads\/2026\/04\/672677353_966401805915035_7148938971133236611_n-80x50.jpg"},"sliderResim":{"file":"672677353_966401805915035_7148938971133236611_n-428x330.jpg","width":428,"height":330,"mime_type":"image\/jpeg","source_url":"https:\/\/adanaseshaber.com.tr\/habercim\/wp-content\/uploads\/2026\/04\/672677353_966401805915035_7148938971133236611_n-428x330.jpg"},"resim1":{"file":"672677353_966401805915035_7148938971133236611_n-184x140.jpg","width":184,"height":140,"mime_type":"image\/jpeg","source_url":"https:\/\/adanaseshaber.com.tr\/habercim\/wp-content\/uploads\/2026\/04\/672677353_966401805915035_7148938971133236611_n-184x140.jpg"},"resim2":{"file":"672677353_966401805915035_7148938971133236611_n-216x103.jpg","width":216,"height":103,"mime_type":"image\/jpeg","source_url":"https:\/\/adanaseshaber.com.tr\/habercim\/wp-content\/uploads\/2026\/04\/672677353_966401805915035_7148938971133236611_n-216x103.jpg"},"resim3":{"file":"672677353_966401805915035_7148938971133236611_n-145x70.jpg","width":145,"height":70,"mime_type":"image\/jpeg","source_url":"https:\/\/adanaseshaber.com.tr\/habercim\/wp-content\/uploads\/2026\/04\/672677353_966401805915035_7148938971133236611_n-145x70.jpg"},"sagSlider":{"file":"672677353_966401805915035_7148938971133236611_n-300x150.jpg","width":300,"height":150,"mime_type":"image\/jpeg","source_url":"https:\/\/adanaseshaber.com.tr\/habercim\/wp-content\/uploads\/2026\/04\/672677353_966401805915035_7148938971133236611_n-300x150.jpg"},"yeniSlider":{"file":"672677353_966401805915035_7148938971133236611_n-428x290.jpg","width":428,"height":290,"mime_type":"image\/jpeg","source_url":"https:\/\/adanaseshaber.com.tr\/habercim\/wp-content\/uploads\/2026\/04\/672677353_966401805915035_7148938971133236611_n-428x290.jpg"},"full":{"file":"672677353_966401805915035_7148938971133236611_n.jpg","width":428,"height":512,"mime_type":"image\/jpeg","source_url":"https:\/\/adanaseshaber.com.tr\/habercim\/wp-content\/uploads\/2026\/04\/672677353_966401805915035_7148938971133236611_n.jpg"}},"image_meta":{"aperture":"0","credit":"","camera":"","caption":"","created_timestamp":"0","copyright":"","focal_length":"0","iso":"0","shutter_speed":"0","title":"","orientation":"0","keywords":[]}},"post":46743,"source_url":"https:\/\/adanaseshaber.com.tr\/habercim\/wp-content\/uploads\/2026\/04\/672677353_966401805915035_7148938971133236611_n.jpg","_links":{"self":[{"href":"https:\/\/adanaseshaber.com.tr\/habercim\/wp-json\/wp\/v2\/media\/46745"}],"collection":[{"href":"https:\/\/adanaseshaber.com.tr\/habercim\/wp-json\/wp\/v2\/media"}],"about":[{"href":"https:\/\/adanaseshaber.com.tr\/habercim\/wp-json\/wp\/v2\/types\/attachment"}],"author":[{"embeddable":true,"href":"https:\/\/adanaseshaber.com.tr\/habercim\/wp-json\/wp\/v2\/users\/2"}],"replies":[{"embeddable":true,"href":"https:\/\/adanaseshaber.com.tr\/habercim\/wp-json\/wp\/v2\/comments?post=46745"}]}}

Herkes Şaşkın İstifa Etti..

<p>CHP&#8217;den ayrılan Kumbul&#8217;un AK Parti&#8217;ye katılacağı ve bazı meclis üyelerinin de kendisine eşlik edeceği kaydedildi. Kumbul&#8217;a yarın Başkan Recep Tayyip Erdoğan&#8217;ın rozet takması bekleniyor. AK PARTİLİ İLÇE BAŞKANI AHABER.COM.TR&#8217;YE KONUŞTU: OLUMLU BİR HAVA VAR Bu iddia kulislerdeki sıcaklığını korurken AK Parti Serik İlçe Başkanı Ahmet Söker konuya ilişkin ahaber.com.tr&#8217;ye konuştu. Söker &#8220;Olumlu bir hava var. Her şey şu anlık yolunda. Yarın rozet takımı konusunda takdir Cumhurbaşkanımızın.&#8221; ifadelerini kullandı. ANKARA&#8217;DA MİLLETVEKİLLERİ İLE FOTOĞRAF ÇEKTİRDİ Serik Belediye Başkanı Kadir Kumbul bir süre önce AK Parti İlçe Başkanı ile birlikte Ankara&#8217;ya giderek AK Partili Milletvekilleri ile görüşmeler yaparak bu fotoğrafları da sosyal medya hesabından yayınlamıştı. İLÇE MECLİSİ&#8217;NDE DURUM NE? Serik Belediyesi Meclisi&#8217;nde CHP&#8217;nin 19, AK Parti&#8217;nin 11, İYİ Parti&#8217;nin ise 1 meclis üyesi bulunuyor.</p>
