{"id":50043,"date":"2026-06-22T21:15:12","date_gmt":"2026-06-22T18:15:12","guid":{"rendered":"https:\/\/adanaseshaber.com.tr\/habercim\/wp-content\/uploads\/2026\/06\/80-205-768x384-1-20.webp"},"modified":"2026-06-22T21:15:43","modified_gmt":"2026-06-22T18:15:43","slug":"80-205-768x384-1-205","status":"inherit","type":"attachment","link":"https:\/\/adanaseshaber.com.tr\/habercim\/foto-galeri\/erkek-kitligi\/attachment\/80-205-768x384-1-205\/","title":{"rendered":"Erkek k\u0131tl\u0131\u011f\u0131"},"author":2,"comment_status":"open","ping_status":"closed","template":"","meta":[],"description":{"rendered":"<p class=\"attachment\"><a href='https:\/\/adanaseshaber.com.tr\/habercim\/wp-content\/uploads\/2026\/06\/80-205-768x384-1-20.webp'><img width=\"300\" height=\"150\" src=\"https:\/\/adanaseshaber.com.tr\/habercim\/wp-content\/uploads\/2026\/06\/80-205-768x384-1-20-300x150.webp\" class=\"attachment-medium size-medium\" alt=\"\" loading=\"lazy\" srcset=\"https:\/\/adanaseshaber.com.tr\/habercim\/wp-content\/uploads\/2026\/06\/80-205-768x384-1-20-300x150.webp 300w, https:\/\/adanaseshaber.com.tr\/habercim\/wp-content\/uploads\/2026\/06\/80-205-768x384-1-20.webp 768w\" sizes=\"(max-width: 300px) 100vw, 300px\" \/><\/a><\/p>\n"},"caption":{"rendered":"<p>Avrupa&#8217;n\u0131n Balt\u0131k \u00fclkelerinden Litvanya&#8217;da ya\u015fanan erkek n\u00fcfusu eksikli\u011fi, sosyal medyada son derece ilgin\u00e7 bir daveti beraberinde getirdi. \u00dclkelerinde e\u015f aday\u0131 bulmakta zorland\u0131klar\u0131n\u0131 belirten Litvanyal\u0131 kad\u0131nlar, rotay\u0131 T\u00fcrkiye&#8217;ye \u00e7evirerek 40 ya\u015f ve \u00fczerindeki T\u00fcrk erkeklerine a\u00e7\u0131k bir \u00e7a\u011fr\u0131da bulundu.<\/p>\n<p>&#8220;Avrupa&#8217;n\u0131n En G\u00fczel Kad\u0131nlar\u0131 Bizde&#8221;<\/p>\n<p>\u00dclkelerindeki erkek k\u0131tl\u0131\u011f\u0131ndan dert yanan kad\u0131nlar, sosyal medya \u00fczerinden payla\u015ft\u0131klar\u0131 mesajlarla dikkatleri \u00fczerine \u00e7ekti <\/p>\n<p>devam\u0131 sonraki sayfada&#8230; g\u00f6rsel \u00fczerinden do2&#8217;kununuz ge\u00e7ebilirsiniz&#8230;<\/p>\n"},"alt_text":"","media_type":"image","mime_type":"image\/webp","media_details":{"width":768,"height":384,"file":"2026\/06\/80-205-768x384-1-20.webp","sizes":{"medium":{"file":"80-205-768x384-1-20-300x150.webp","width":300,"height":150,"mime_type":"image\/webp","source_url":"https:\/\/adanaseshaber.com.tr\/habercim\/wp-content\/uploads\/2026\/06\/80-205-768x384-1-20-300x150.webp"},"thumbnail":{"file":"80-205-768x384-1-20-150x150.webp","width":150,"height":150,"mime_type":"image\/webp","source_url":"https:\/\/adanaseshaber.com.tr\/habercim\/wp-content\/uploads\/2026\/06\/80-205-768x384-1-20-150x150.webp"},"kucukResim":{"file":"80-205-768x384-1-20-80x50.webp","width":80,"height":50,"mime_type":"image\/webp","source_url":"https:\/\/adanaseshaber.com.tr\/habercim\/wp-content\/uploads\/2026\/06\/80-205-768x384-1-20-80x50.webp"},"sliderResim":{"file":"80-205-768x384-1-20-670x330.webp","width":670,"height":330,"mime_type":"image\/webp","source_url":"https:\/\/adanaseshaber.com.tr\/habercim\/wp-content\/uploads\/2026\/06\/80-205-768x384-1-20-670x330.webp"},"resim1":{"file":"80-205-768x384-1-20-184x140.webp","width":184,"height":140,"mime_type":"image\/webp","source_url":"https:\/\/adanaseshaber.com.tr\/habercim\/wp-content\/uploads\/2026\/06\/80-205-768x384-1-20-184x140.webp"},"resim2":{"file":"80-205-768x384-1-20-216x103.webp","width":216,"height":103,"mime_type":"image\/webp","source_url":"https:\/\/adanaseshaber.com.tr\/habercim\/wp-content\/uploads\/2026\/06\/80-205-768x384-1-20-216x103.webp"},"resim3":{"file":"80-205-768x384-1-20-145x70.webp","width":145,"height":70,"mime_type":"image\/webp","source_url":"https:\/\/adanaseshaber.com.tr\/habercim\/wp-content\/uploads\/2026\/06\/80-205-768x384-1-20-145x70.webp"},"sagSlider":{"file":"80-205-768x384-1-20-300x150.webp","width":300,"height":150,"mime_type":"image\/webp","source_url":"https:\/\/adanaseshaber.com.tr\/habercim\/wp-content\/uploads\/2026\/06\/80-205-768x384-1-20-300x150.webp"},"yeniSlider":{"file":"80-205-768x384-1-20-500x290.webp","width":500,"height":290,"mime_type":"image\/webp","source_url":"https:\/\/adanaseshaber.com.tr\/habercim\/wp-content\/uploads\/2026\/06\/80-205-768x384-1-20-500x290.webp"},"full":{"file":"80-205-768x384-1-20.webp","width":768,"height":384,"mime_type":"image\/webp","source_url":"https:\/\/adanaseshaber.com.tr\/habercim\/wp-content\/uploads\/2026\/06\/80-205-768x384-1-20.webp"}},"image_meta":{"aperture":"0","credit":"","camera":"","caption":"","created_timestamp":"0","copyright":"","focal_length":"0","iso":"0","shutter_speed":"0","title":"","orientation":"0","keywords":[]}},"post":50042,"source_url":"https:\/\/adanaseshaber.com.tr\/habercim\/wp-content\/uploads\/2026\/06\/80-205-768x384-1-20.webp","_links":{"self":[{"href":"https:\/\/adanaseshaber.com.tr\/habercim\/wp-json\/wp\/v2\/media\/50043"}],"collection":[{"href":"https:\/\/adanaseshaber.com.tr\/habercim\/wp-json\/wp\/v2\/media"}],"about":[{"href":"https:\/\/adanaseshaber.com.tr\/habercim\/wp-json\/wp\/v2\/types\/attachment"}],"author":[{"embeddable":true,"href":"https:\/\/adanaseshaber.com.tr\/habercim\/wp-json\/wp\/v2\/users\/2"}],"replies":[{"embeddable":true,"href":"https:\/\/adanaseshaber.com.tr\/habercim\/wp-json\/wp\/v2\/comments?post=50043"}]}}

Erkek kıtlığı

<p>Avrupa&#8217;nın Baltık ülkelerinden Litvanya&#8217;da yaşanan erkek nüfusu eksikliği, sosyal medyada son derece ilginç bir daveti beraberinde getirdi. Ülkelerinde eş adayı bulmakta zorlandıklarını belirten Litvanyalı kadınlar, rotayı Türkiye&#8217;ye çevirerek 40 yaş ve üzerindeki Türk erkeklerine açık bir çağrıda bulundu.</p>
<p>&#8220;Avrupa&#8217;nın En Güzel Kadınları Bizde&#8221;</p>
<p>Ülkelerindeki erkek kıtlığından dert yanan kadınlar, sosyal medya üzerinden paylaştıkları mesajlarla dikkatleri üzerine çekti </p>
<p>devamı sonraki sayfada&#8230; görsel üzerinden do2&#8217;kununuz geçebilirsiniz&#8230;</p>
