{"id":50048,"date":"2026-06-22T23:32:27","date_gmt":"2026-06-22T20:32:27","guid":{"rendered":"https:\/\/adanaseshaber.com.tr\/habercim\/wp-content\/uploads\/2026\/06\/images-4.jpg"},"modified":"2026-06-22T23:33:30","modified_gmt":"2026-06-22T20:33:30","slug":"images-4-20","status":"inherit","type":"attachment","link":"https:\/\/adanaseshaber.com.tr\/habercim\/foto-galeri\/buyuk-odulu\/attachment\/images-4-20\/","title":{"rendered":"B\u00dcY\u00dcK \u00d6D\u00dcL\u00dc"},"author":2,"comment_status":"open","ping_status":"closed","template":"","meta":[],"description":{"rendered":"<p class=\"attachment\"><a href='https:\/\/adanaseshaber.com.tr\/habercim\/wp-content\/uploads\/2026\/06\/images-4.jpg'><img width=\"300\" height=\"168\" src=\"https:\/\/adanaseshaber.com.tr\/habercim\/wp-content\/uploads\/2026\/06\/images-4.jpg\" class=\"attachment-medium size-medium\" alt=\"\" loading=\"lazy\" \/><\/a><\/p>\n"},"caption":{"rendered":"<p>Survivor finalinin ard\u0131ndan &#8216;b\u00fcy\u00fck \u00f6d\u00fcl&#8217; merak edilmeye ba\u015fland\u0131. Survivor 2026&#8217;n\u0131n b\u00fcy\u00fck \u00f6d\u00fcl\u00fcyle ilgili TV8 veya Acun Medya taraf\u0131ndan ilk defa verilen ve d\u00fcnya genelinde g\u00fcndem olan bir hediye al\u0131yor. Tebrikler diyerek duyuruldu&#8230;<\/p>\n<p>devam\u0131 sonraki sayfada&#8230; g\u00f6rsel \u00fczerinden do2&#8217;kununuz ge\u00e7ebilirsiniz&#8230;<\/p>\n"},"alt_text":"","media_type":"image","mime_type":"image\/jpeg","media_details":{"width":300,"height":168,"file":"2026\/06\/images-4.jpg","sizes":{"thumbnail":{"file":"images-4-150x150.jpg","width":150,"height":150,"mime_type":"image\/jpeg","source_url":"https:\/\/adanaseshaber.com.tr\/habercim\/wp-content\/uploads\/2026\/06\/images-4-150x150.jpg"},"kucukResim":{"file":"images-4-80x50.jpg","width":80,"height":50,"mime_type":"image\/jpeg","source_url":"https:\/\/adanaseshaber.com.tr\/habercim\/wp-content\/uploads\/2026\/06\/images-4-80x50.jpg"},"resim1":{"file":"images-4-184x140.jpg","width":184,"height":140,"mime_type":"image\/jpeg","source_url":"https:\/\/adanaseshaber.com.tr\/habercim\/wp-content\/uploads\/2026\/06\/images-4-184x140.jpg"},"resim2":{"file":"images-4-216x103.jpg","width":216,"height":103,"mime_type":"image\/jpeg","source_url":"https:\/\/adanaseshaber.com.tr\/habercim\/wp-content\/uploads\/2026\/06\/images-4-216x103.jpg"},"resim3":{"file":"images-4-145x70.jpg","width":145,"height":70,"mime_type":"image\/jpeg","source_url":"https:\/\/adanaseshaber.com.tr\/habercim\/wp-content\/uploads\/2026\/06\/images-4-145x70.jpg"},"sagSlider":{"file":"images-4-300x150.jpg","width":300,"height":150,"mime_type":"image\/jpeg","source_url":"https:\/\/adanaseshaber.com.tr\/habercim\/wp-content\/uploads\/2026\/06\/images-4-300x150.jpg"},"full":{"file":"images-4.jpg","width":300,"height":168,"mime_type":"image\/jpeg","source_url":"https:\/\/adanaseshaber.com.tr\/habercim\/wp-content\/uploads\/2026\/06\/images-4.jpg"}},"image_meta":{"aperture":"0","credit":"","camera":"","caption":"","created_timestamp":"0","copyright":"","focal_length":"0","iso":"0","shutter_speed":"0","title":"","orientation":"0","keywords":[]}},"post":50047,"source_url":"https:\/\/adanaseshaber.com.tr\/habercim\/wp-content\/uploads\/2026\/06\/images-4.jpg","_links":{"self":[{"href":"https:\/\/adanaseshaber.com.tr\/habercim\/wp-json\/wp\/v2\/media\/50048"}],"collection":[{"href":"https:\/\/adanaseshaber.com.tr\/habercim\/wp-json\/wp\/v2\/media"}],"about":[{"href":"https:\/\/adanaseshaber.com.tr\/habercim\/wp-json\/wp\/v2\/types\/attachment"}],"author":[{"embeddable":true,"href":"https:\/\/adanaseshaber.com.tr\/habercim\/wp-json\/wp\/v2\/users\/2"}],"replies":[{"embeddable":true,"href":"https:\/\/adanaseshaber.com.tr\/habercim\/wp-json\/wp\/v2\/comments?post=50048"}]}}

BÜYÜK ÖDÜLÜ

<p>Survivor finalinin ardından &#8216;büyük ödül&#8217; merak edilmeye başlandı. Survivor 2026&#8217;nın büyük ödülüyle ilgili TV8 veya Acun Medya tarafından ilk defa verilen ve dünya genelinde gündem olan bir hediye alıyor. Tebrikler diyerek duyuruldu&#8230;</p>
<p>devamı sonraki sayfada&#8230; görsel üzerinden do2&#8217;kununuz geçebilirsiniz&#8230;</p>
