{"id":50049,"date":"2026-06-22T23:32:31","date_gmt":"2026-06-22T20:32:31","guid":{"rendered":"https:\/\/adanaseshaber.com.tr\/habercim\/wp-content\/uploads\/2026\/06\/1-15-768x201-351.jpg"},"modified":"2026-06-22T23:33:52","modified_gmt":"2026-06-22T20:33:52","slug":"1-15-768x201-2006","status":"inherit","type":"attachment","link":"https:\/\/adanaseshaber.com.tr\/habercim\/foto-galeri\/buyuk-odulu\/attachment\/1-15-768x201-2006\/","title":{"rendered":"B\u00dcY\u00dcK \u00d6D\u00dcL\u00dc"},"author":2,"comment_status":"open","ping_status":"closed","template":"","meta":[],"description":{"rendered":"<p class=\"attachment\"><a href='https:\/\/adanaseshaber.com.tr\/habercim\/wp-content\/uploads\/2026\/06\/1-15-768x201-351.jpg'><img width=\"300\" height=\"79\" src=\"https:\/\/adanaseshaber.com.tr\/habercim\/wp-content\/uploads\/2026\/06\/1-15-768x201-351-300x79.jpg\" class=\"attachment-medium size-medium\" alt=\"\" loading=\"lazy\" srcset=\"https:\/\/adanaseshaber.com.tr\/habercim\/wp-content\/uploads\/2026\/06\/1-15-768x201-351-300x79.jpg 300w, https:\/\/adanaseshaber.com.tr\/habercim\/wp-content\/uploads\/2026\/06\/1-15-768x201-351.jpg 768w\" sizes=\"(max-width: 300px) 100vw, 300px\" \/><\/a><\/p>\n"},"caption":{"rendered":"<p>Ancak bas\u0131nda yer alan haberlerde ve kulis bilgilerine g\u00f6re \u015fampiyonluk \u00f6d\u00fcl\u00fcn\u00fcn yakla\u015f\u0131k 5 milyon TL oldu\u011fu iddia ediliyor.<br \/>\nMert Nobre ve Nagihan Karadere, \u015fampiyonluk kupas\u0131n\u0131 kald\u0131rmak i\u00e7in canl\u0131 yay\u0131nda kar\u015f\u0131 kar\u015f\u0131ya geldi. K\u0131yas\u0131ya m\u00fccadelenin ard\u0131ndan Survivor 2026 \u015fampiyonu Mert Nobre oldu.<\/p>\n"},"alt_text":"","media_type":"image","mime_type":"image\/jpeg","media_details":{"width":768,"height":201,"file":"2026\/06\/1-15-768x201-351.jpg","sizes":{"medium":{"file":"1-15-768x201-351-300x79.jpg","width":300,"height":79,"mime_type":"image\/jpeg","source_url":"https:\/\/adanaseshaber.com.tr\/habercim\/wp-content\/uploads\/2026\/06\/1-15-768x201-351-300x79.jpg"},"thumbnail":{"file":"1-15-768x201-351-150x150.jpg","width":150,"height":150,"mime_type":"image\/jpeg","source_url":"https:\/\/adanaseshaber.com.tr\/habercim\/wp-content\/uploads\/2026\/06\/1-15-768x201-351-150x150.jpg"},"kucukResim":{"file":"1-15-768x201-351-80x50.jpg","width":80,"height":50,"mime_type":"image\/jpeg","source_url":"https:\/\/adanaseshaber.com.tr\/habercim\/wp-content\/uploads\/2026\/06\/1-15-768x201-351-80x50.jpg"},"sliderResim":{"file":"1-15-768x201-351-670x201.jpg","width":670,"height":201,"mime_type":"image\/jpeg","source_url":"https:\/\/adanaseshaber.com.tr\/habercim\/wp-content\/uploads\/2026\/06\/1-15-768x201-351-670x201.jpg"},"resim1":{"file":"1-15-768x201-351-184x140.jpg","width":184,"height":140,"mime_type":"image\/jpeg","source_url":"https:\/\/adanaseshaber.com.tr\/habercim\/wp-content\/uploads\/2026\/06\/1-15-768x201-351-184x140.jpg"},"resim2":{"file":"1-15-768x201-351-216x103.jpg","width":216,"height":103,"mime_type":"image\/jpeg","source_url":"https:\/\/adanaseshaber.com.tr\/habercim\/wp-content\/uploads\/2026\/06\/1-15-768x201-351-216x103.jpg"},"resim3":{"file":"1-15-768x201-351-145x70.jpg","width":145,"height":70,"mime_type":"image\/jpeg","source_url":"https:\/\/adanaseshaber.com.tr\/habercim\/wp-content\/uploads\/2026\/06\/1-15-768x201-351-145x70.jpg"},"sagSlider":{"file":"1-15-768x201-351-300x150.jpg","width":300,"height":150,"mime_type":"image\/jpeg","source_url":"https:\/\/adanaseshaber.com.tr\/habercim\/wp-content\/uploads\/2026\/06\/1-15-768x201-351-300x150.jpg"},"yeniSlider":{"file":"1-15-768x201-351-500x201.jpg","width":500,"height":201,"mime_type":"image\/jpeg","source_url":"https:\/\/adanaseshaber.com.tr\/habercim\/wp-content\/uploads\/2026\/06\/1-15-768x201-351-500x201.jpg"},"full":{"file":"1-15-768x201-351.jpg","width":768,"height":201,"mime_type":"image\/jpeg","source_url":"https:\/\/adanaseshaber.com.tr\/habercim\/wp-content\/uploads\/2026\/06\/1-15-768x201-351.jpg"}},"image_meta":{"aperture":"0","credit":"","camera":"","caption":"","created_timestamp":"0","copyright":"","focal_length":"0","iso":"0","shutter_speed":"0","title":"","orientation":"0","keywords":[]}},"post":50047,"source_url":"https:\/\/adanaseshaber.com.tr\/habercim\/wp-content\/uploads\/2026\/06\/1-15-768x201-351.jpg","_links":{"self":[{"href":"https:\/\/adanaseshaber.com.tr\/habercim\/wp-json\/wp\/v2\/media\/50049"}],"collection":[{"href":"https:\/\/adanaseshaber.com.tr\/habercim\/wp-json\/wp\/v2\/media"}],"about":[{"href":"https:\/\/adanaseshaber.com.tr\/habercim\/wp-json\/wp\/v2\/types\/attachment"}],"author":[{"embeddable":true,"href":"https:\/\/adanaseshaber.com.tr\/habercim\/wp-json\/wp\/v2\/users\/2"}],"replies":[{"embeddable":true,"href":"https:\/\/adanaseshaber.com.tr\/habercim\/wp-json\/wp\/v2\/comments?post=50049"}]}}

BÜYÜK ÖDÜLÜ

<p>Ancak basında yer alan haberlerde ve kulis bilgilerine göre şampiyonluk ödülünün yaklaşık 5 milyon TL olduğu iddia ediliyor.<br />
Mert Nobre ve Nagihan Karadere, şampiyonluk kupasını kaldırmak için canlı yayında karşı karşıya geldi. Kıyasıya mücadelenin ardından Survivor 2026 şampiyonu Mert Nobre oldu.</p>
