{"id":51362,"date":"2026-07-24T23:14:07","date_gmt":"2026-07-24T20:14:07","guid":{"rendered":"https:\/\/adanaseshaber.com.tr\/habercim\/wp-content\/uploads\/2026\/07\/jssp0w05WzCiWm0a-1-1.jpg"},"modified":"2026-07-24T23:14:27","modified_gmt":"2026-07-24T20:14:27","slug":"jssp0w05wzciwm0a-1","status":"inherit","type":"attachment","link":"https:\/\/adanaseshaber.com.tr\/habercim\/foto-galeri\/devlet-hastanesinde\/attachment\/jssp0w05wzciwm0a-1\/","title":{"rendered":"Devlet Hastanesi\u2019nde"},"author":2,"comment_status":"open","ping_status":"closed","template":"","meta":[],"description":{"rendered":"<p class=\"attachment\"><a href='https:\/\/adanaseshaber.com.tr\/habercim\/wp-content\/uploads\/2026\/07\/jssp0w05WzCiWm0a-1-1.jpg'><img width=\"168\" height=\"300\" src=\"https:\/\/adanaseshaber.com.tr\/habercim\/wp-content\/uploads\/2026\/07\/jssp0w05WzCiWm0a-1-1-168x300.jpg\" class=\"attachment-medium size-medium\" alt=\"\" loading=\"lazy\" srcset=\"https:\/\/adanaseshaber.com.tr\/habercim\/wp-content\/uploads\/2026\/07\/jssp0w05WzCiWm0a-1-1-168x300.jpg 168w, https:\/\/adanaseshaber.com.tr\/habercim\/wp-content\/uploads\/2026\/07\/jssp0w05WzCiWm0a-1-1.jpg 320w\" sizes=\"(max-width: 168px) 100vw, 168px\" \/><\/a><\/p>\n"},"caption":{"rendered":"<p>Sivrihisar hastanesinde skandal g\u00f6r\u00fcnt\u00fcler! Hastalar \u015fifa beklerken bu rezalete \u015fahit oldu. Eski\u015fehir Sivrihisar Devlet Hastanesi\u2019nde tepki \u00e7eken anlar g\u00fcvenlik kameralar\u0131nca kaydedildi. G\u00fcvenlik g\u00f6revlisi hakk\u0131nda soru\u015fturma ba\u015flatt\u0131ran o anlar\u2026.<\/p>\n<p>devam\u0131 sonraki sayfada\u2026 g\u00f6rsel \u00fczerinden do2\u2019kununuz ge\u00e7ebilirsiniz\u2026<\/p>\n"},"alt_text":"","media_type":"image","mime_type":"image\/jpeg","media_details":{"width":320,"height":572,"file":"2026\/07\/jssp0w05WzCiWm0a-1-1.jpg","sizes":{"medium":{"file":"jssp0w05WzCiWm0a-1-1-168x300.jpg","width":168,"height":300,"mime_type":"image\/jpeg","source_url":"https:\/\/adanaseshaber.com.tr\/habercim\/wp-content\/uploads\/2026\/07\/jssp0w05WzCiWm0a-1-1-168x300.jpg"},"thumbnail":{"file":"jssp0w05WzCiWm0a-1-1-150x150.jpg","width":150,"height":150,"mime_type":"image\/jpeg","source_url":"https:\/\/adanaseshaber.com.tr\/habercim\/wp-content\/uploads\/2026\/07\/jssp0w05WzCiWm0a-1-1-150x150.jpg"},"kucukResim":{"file":"jssp0w05WzCiWm0a-1-1-80x50.jpg","width":80,"height":50,"mime_type":"image\/jpeg","source_url":"https:\/\/adanaseshaber.com.tr\/habercim\/wp-content\/uploads\/2026\/07\/jssp0w05WzCiWm0a-1-1-80x50.jpg"},"sliderResim":{"file":"jssp0w05WzCiWm0a-1-1-320x330.jpg","width":320,"height":330,"mime_type":"image\/jpeg","source_url":"https:\/\/adanaseshaber.com.tr\/habercim\/wp-content\/uploads\/2026\/07\/jssp0w05WzCiWm0a-1-1-320x330.jpg"},"resim1":{"file":"jssp0w05WzCiWm0a-1-1-184x140.jpg","width":184,"height":140,"mime_type":"image\/jpeg","source_url":"https:\/\/adanaseshaber.com.tr\/habercim\/wp-content\/uploads\/2026\/07\/jssp0w05WzCiWm0a-1-1-184x140.jpg"},"resim2":{"file":"jssp0w05WzCiWm0a-1-1-216x103.jpg","width":216,"height":103,"mime_type":"image\/jpeg","source_url":"https:\/\/adanaseshaber.com.tr\/habercim\/wp-content\/uploads\/2026\/07\/jssp0w05WzCiWm0a-1-1-216x103.jpg"},"resim3":{"file":"jssp0w05WzCiWm0a-1-1-145x70.jpg","width":145,"height":70,"mime_type":"image\/jpeg","source_url":"https:\/\/adanaseshaber.com.tr\/habercim\/wp-content\/uploads\/2026\/07\/jssp0w05WzCiWm0a-1-1-145x70.jpg"},"sagSlider":{"file":"jssp0w05WzCiWm0a-1-1-300x150.jpg","width":300,"height":150,"mime_type":"image\/jpeg","source_url":"https:\/\/adanaseshaber.com.tr\/habercim\/wp-content\/uploads\/2026\/07\/jssp0w05WzCiWm0a-1-1-300x150.jpg"},"yeniSlider":{"file":"jssp0w05WzCiWm0a-1-1-320x290.jpg","width":320,"height":290,"mime_type":"image\/jpeg","source_url":"https:\/\/adanaseshaber.com.tr\/habercim\/wp-content\/uploads\/2026\/07\/jssp0w05WzCiWm0a-1-1-320x290.jpg"},"full":{"file":"jssp0w05WzCiWm0a-1-1.jpg","width":320,"height":572,"mime_type":"image\/jpeg","source_url":"https:\/\/adanaseshaber.com.tr\/habercim\/wp-content\/uploads\/2026\/07\/jssp0w05WzCiWm0a-1-1.jpg"}},"image_meta":{"aperture":"0","credit":"","camera":"","caption":"","created_timestamp":"0","copyright":"","focal_length":"0","iso":"0","shutter_speed":"0","title":"","orientation":"0","keywords":[]}},"post":51361,"source_url":"https:\/\/adanaseshaber.com.tr\/habercim\/wp-content\/uploads\/2026\/07\/jssp0w05WzCiWm0a-1-1.jpg","_links":{"self":[{"href":"https:\/\/adanaseshaber.com.tr\/habercim\/wp-json\/wp\/v2\/media\/51362"}],"collection":[{"href":"https:\/\/adanaseshaber.com.tr\/habercim\/wp-json\/wp\/v2\/media"}],"about":[{"href":"https:\/\/adanaseshaber.com.tr\/habercim\/wp-json\/wp\/v2\/types\/attachment"}],"author":[{"embeddable":true,"href":"https:\/\/adanaseshaber.com.tr\/habercim\/wp-json\/wp\/v2\/users\/2"}],"replies":[{"embeddable":true,"href":"https:\/\/adanaseshaber.com.tr\/habercim\/wp-json\/wp\/v2\/comments?post=51362"}]}}

<p>Sivrihisar hastanesinde skandal görüntüler! Hastalar şifa beklerken bu rezalete şahit oldu. Eskişehir Sivrihisar Devlet Hastanesi’nde tepki çeken anlar güvenlik kameralarınca kaydedildi. Güvenlik görevlisi hakkında soruşturma başlattıran o anlar….</p>
<p>devamı sonraki sayfada… görsel üzerinden do2’kununuz geçebilirsiniz…</p>
