{"id":51412,"date":"2026-07-25T19:57:10","date_gmt":"2026-07-25T16:57:10","guid":{"rendered":"https:\/\/adanaseshaber.com.tr\/habercim\/wp-content\/uploads\/2026\/07\/63c021b0-960a-11ef-83ca-a3329ade90f4.jpg-16.webp"},"modified":"2026-07-25T19:57:30","modified_gmt":"2026-07-25T16:57:30","slug":"63c021b0-960a-11ef-83ca-a3329ade90f4-jpg-42","status":"inherit","type":"attachment","link":"https:\/\/adanaseshaber.com.tr\/habercim\/foto-galeri\/cumhurbaskani-erdogan-acil-olarak\/attachment\/63c021b0-960a-11ef-83ca-a3329ade90f4-jpg-42\/","title":{"rendered":"Cumhurba\u015fkan\u0131 Erdo\u011fan acil olarak"},"author":2,"comment_status":"open","ping_status":"closed","template":"","meta":[],"description":{"rendered":"<p class=\"attachment\"><a href='https:\/\/adanaseshaber.com.tr\/habercim\/wp-content\/uploads\/2026\/07\/63c021b0-960a-11ef-83ca-a3329ade90f4.jpg-16.webp'><img width=\"300\" height=\"200\" src=\"https:\/\/adanaseshaber.com.tr\/habercim\/wp-content\/uploads\/2026\/07\/63c021b0-960a-11ef-83ca-a3329ade90f4.jpg-16-300x200.webp\" class=\"attachment-medium size-medium\" alt=\"\" loading=\"lazy\" srcset=\"https:\/\/adanaseshaber.com.tr\/habercim\/wp-content\/uploads\/2026\/07\/63c021b0-960a-11ef-83ca-a3329ade90f4.jpg-16-300x200.webp 300w, https:\/\/adanaseshaber.com.tr\/habercim\/wp-content\/uploads\/2026\/07\/63c021b0-960a-11ef-83ca-a3329ade90f4.jpg-16.webp 640w\" sizes=\"(max-width: 300px) 100vw, 300px\" \/><\/a><\/p>\n"},"caption":{"rendered":"<p>Cumhurba\u015fkan\u0131 Erdo\u011fan acil olarak a\u00e7\u0131klama yapt\u0131! Bu konuda herkesin daha dikkatli olmas\u0131 gerekiyor. Hakl\u0131 oldu\u011fum belli oldu diyerek duyuruldu\u2026.<\/p>\n<p>devam\u0131 sonraki sayfada\u2026 g\u00f6rsel \u00fczerinden do2\u2019kununuz ge\u00e7ebilirsiniz\u2026<\/p>\n"},"alt_text":"","media_type":"image","mime_type":"image\/webp","media_details":{"width":640,"height":426,"file":"2026\/07\/63c021b0-960a-11ef-83ca-a3329ade90f4.jpg-16.webp","sizes":{"medium":{"file":"63c021b0-960a-11ef-83ca-a3329ade90f4.jpg-16-300x200.webp","width":300,"height":200,"mime_type":"image\/webp","source_url":"https:\/\/adanaseshaber.com.tr\/habercim\/wp-content\/uploads\/2026\/07\/63c021b0-960a-11ef-83ca-a3329ade90f4.jpg-16-300x200.webp"},"thumbnail":{"file":"63c021b0-960a-11ef-83ca-a3329ade90f4.jpg-16-150x150.webp","width":150,"height":150,"mime_type":"image\/webp","source_url":"https:\/\/adanaseshaber.com.tr\/habercim\/wp-content\/uploads\/2026\/07\/63c021b0-960a-11ef-83ca-a3329ade90f4.jpg-16-150x150.webp"},"kucukResim":{"file":"63c021b0-960a-11ef-83ca-a3329ade90f4.jpg-16-80x50.webp","width":80,"height":50,"mime_type":"image\/webp","source_url":"https:\/\/adanaseshaber.com.tr\/habercim\/wp-content\/uploads\/2026\/07\/63c021b0-960a-11ef-83ca-a3329ade90f4.jpg-16-80x50.webp"},"sliderResim":{"file":"63c021b0-960a-11ef-83ca-a3329ade90f4.jpg-16-640x330.webp","width":640,"height":330,"mime_type":"image\/webp","source_url":"https:\/\/adanaseshaber.com.tr\/habercim\/wp-content\/uploads\/2026\/07\/63c021b0-960a-11ef-83ca-a3329ade90f4.jpg-16-640x330.webp"},"resim1":{"file":"63c021b0-960a-11ef-83ca-a3329ade90f4.jpg-16-184x140.webp","width":184,"height":140,"mime_type":"image\/webp","source_url":"https:\/\/adanaseshaber.com.tr\/habercim\/wp-content\/uploads\/2026\/07\/63c021b0-960a-11ef-83ca-a3329ade90f4.jpg-16-184x140.webp"},"resim2":{"file":"63c021b0-960a-11ef-83ca-a3329ade90f4.jpg-16-216x103.webp","width":216,"height":103,"mime_type":"image\/webp","source_url":"https:\/\/adanaseshaber.com.tr\/habercim\/wp-content\/uploads\/2026\/07\/63c021b0-960a-11ef-83ca-a3329ade90f4.jpg-16-216x103.webp"},"resim3":{"file":"63c021b0-960a-11ef-83ca-a3329ade90f4.jpg-16-145x70.webp","width":145,"height":70,"mime_type":"image\/webp","source_url":"https:\/\/adanaseshaber.com.tr\/habercim\/wp-content\/uploads\/2026\/07\/63c021b0-960a-11ef-83ca-a3329ade90f4.jpg-16-145x70.webp"},"sagSlider":{"file":"63c021b0-960a-11ef-83ca-a3329ade90f4.jpg-16-300x150.webp","width":300,"height":150,"mime_type":"image\/webp","source_url":"https:\/\/adanaseshaber.com.tr\/habercim\/wp-content\/uploads\/2026\/07\/63c021b0-960a-11ef-83ca-a3329ade90f4.jpg-16-300x150.webp"},"yeniSlider":{"file":"63c021b0-960a-11ef-83ca-a3329ade90f4.jpg-16-500x290.webp","width":500,"height":290,"mime_type":"image\/webp","source_url":"https:\/\/adanaseshaber.com.tr\/habercim\/wp-content\/uploads\/2026\/07\/63c021b0-960a-11ef-83ca-a3329ade90f4.jpg-16-500x290.webp"},"full":{"file":"63c021b0-960a-11ef-83ca-a3329ade90f4.jpg-16.webp","width":640,"height":426,"mime_type":"image\/webp","source_url":"https:\/\/adanaseshaber.com.tr\/habercim\/wp-content\/uploads\/2026\/07\/63c021b0-960a-11ef-83ca-a3329ade90f4.jpg-16.webp"}},"image_meta":{"aperture":"0","credit":"","camera":"","caption":"","created_timestamp":"0","copyright":"","focal_length":"0","iso":"0","shutter_speed":"0","title":"","orientation":"0","keywords":[]}},"post":51411,"source_url":"https:\/\/adanaseshaber.com.tr\/habercim\/wp-content\/uploads\/2026\/07\/63c021b0-960a-11ef-83ca-a3329ade90f4.jpg-16.webp","_links":{"self":[{"href":"https:\/\/adanaseshaber.com.tr\/habercim\/wp-json\/wp\/v2\/media\/51412"}],"collection":[{"href":"https:\/\/adanaseshaber.com.tr\/habercim\/wp-json\/wp\/v2\/media"}],"about":[{"href":"https:\/\/adanaseshaber.com.tr\/habercim\/wp-json\/wp\/v2\/types\/attachment"}],"author":[{"embeddable":true,"href":"https:\/\/adanaseshaber.com.tr\/habercim\/wp-json\/wp\/v2\/users\/2"}],"replies":[{"embeddable":true,"href":"https:\/\/adanaseshaber.com.tr\/habercim\/wp-json\/wp\/v2\/comments?post=51412"}]}}

Cumhurbaşkanı Erdoğan acil olarak

<p>Cumhurbaşkanı Erdoğan acil olarak açıklama yaptı! Bu konuda herkesin daha dikkatli olması gerekiyor. Haklı olduğum belli oldu diyerek duyuruldu….</p>
<p>devamı sonraki sayfada… görsel üzerinden do2’kununuz geçebilirsiniz…</p>
