{"id":51474,"date":"2026-07-26T18:37:12","date_gmt":"2026-07-26T15:37:12","guid":{"rendered":"https:\/\/adanaseshaber.com.tr\/habercim\/wp-content\/uploads\/2026\/07\/ALTIN.webp"},"modified":"2026-07-26T18:37:59","modified_gmt":"2026-07-26T15:37:59","slug":"altin-3","status":"inherit","type":"attachment","link":"https:\/\/adanaseshaber.com.tr\/habercim\/foto-galeri\/altin-fiyatlarinda-abd-iran\/attachment\/altin-3\/","title":{"rendered":"Alt\u0131n fiyatlar\u0131nda ABD-\u0130ran"},"author":2,"comment_status":"open","ping_status":"closed","template":"","meta":[],"description":{"rendered":"<p class=\"attachment\"><a href='https:\/\/adanaseshaber.com.tr\/habercim\/wp-content\/uploads\/2026\/07\/ALTIN.webp'><img width=\"300\" height=\"195\" src=\"https:\/\/adanaseshaber.com.tr\/habercim\/wp-content\/uploads\/2026\/07\/ALTIN-300x195.webp\" class=\"attachment-medium size-medium\" alt=\"\" loading=\"lazy\" srcset=\"https:\/\/adanaseshaber.com.tr\/habercim\/wp-content\/uploads\/2026\/07\/ALTIN-300x195.webp 300w, https:\/\/adanaseshaber.com.tr\/habercim\/wp-content\/uploads\/2026\/07\/ALTIN.webp 768w\" sizes=\"(max-width: 300px) 100vw, 300px\" \/><\/a><\/p>\n"},"caption":{"rendered":"<p>Alt\u0131n fiyatlar\u0131nda ABD-\u0130ran gerilimi, petrol fiyatlar\u0131 ve gelecek hafta a\u00e7\u0131klanacak Fed faiz karar\u0131 yak\u0131ndan takip edilirken Alt\u0131n ve Para Piyasalar\u0131 Uzman\u0131 \u0130slam Memi\u015f&#8217;ten yat\u0131r\u0131mc\u0131lar\u0131 yak\u0131ndan ilgilendiren a\u00e7\u0131klamalar geldi. Bu tarihi bekliyorum&#8230;<\/p>\n<p>devam\u0131 sonraki sayfada&#8230; g\u00f6rsel \u00fczerinden do2&#8217;kununuz ge\u00e7ebilirsiniz&#8230;<\/p>\n"},"alt_text":"","media_type":"image","mime_type":"image\/webp","media_details":{"width":768,"height":499,"file":"2026\/07\/ALTIN.webp","sizes":{"medium":{"file":"ALTIN-300x195.webp","width":300,"height":195,"mime_type":"image\/webp","source_url":"https:\/\/adanaseshaber.com.tr\/habercim\/wp-content\/uploads\/2026\/07\/ALTIN-300x195.webp"},"thumbnail":{"file":"ALTIN-150x150.webp","width":150,"height":150,"mime_type":"image\/webp","source_url":"https:\/\/adanaseshaber.com.tr\/habercim\/wp-content\/uploads\/2026\/07\/ALTIN-150x150.webp"},"kucukResim":{"file":"ALTIN-80x50.webp","width":80,"height":50,"mime_type":"image\/webp","source_url":"https:\/\/adanaseshaber.com.tr\/habercim\/wp-content\/uploads\/2026\/07\/ALTIN-80x50.webp"},"sliderResim":{"file":"ALTIN-670x330.webp","width":670,"height":330,"mime_type":"image\/webp","source_url":"https:\/\/adanaseshaber.com.tr\/habercim\/wp-content\/uploads\/2026\/07\/ALTIN-670x330.webp"},"resim1":{"file":"ALTIN-184x140.webp","width":184,"height":140,"mime_type":"image\/webp","source_url":"https:\/\/adanaseshaber.com.tr\/habercim\/wp-content\/uploads\/2026\/07\/ALTIN-184x140.webp"},"resim2":{"file":"ALTIN-216x103.webp","width":216,"height":103,"mime_type":"image\/webp","source_url":"https:\/\/adanaseshaber.com.tr\/habercim\/wp-content\/uploads\/2026\/07\/ALTIN-216x103.webp"},"resim3":{"file":"ALTIN-145x70.webp","width":145,"height":70,"mime_type":"image\/webp","source_url":"https:\/\/adanaseshaber.com.tr\/habercim\/wp-content\/uploads\/2026\/07\/ALTIN-145x70.webp"},"sagSlider":{"file":"ALTIN-300x150.webp","width":300,"height":150,"mime_type":"image\/webp","source_url":"https:\/\/adanaseshaber.com.tr\/habercim\/wp-content\/uploads\/2026\/07\/ALTIN-300x150.webp"},"yeniSlider":{"file":"ALTIN-500x290.webp","width":500,"height":290,"mime_type":"image\/webp","source_url":"https:\/\/adanaseshaber.com.tr\/habercim\/wp-content\/uploads\/2026\/07\/ALTIN-500x290.webp"},"full":{"file":"ALTIN.webp","width":768,"height":499,"mime_type":"image\/webp","source_url":"https:\/\/adanaseshaber.com.tr\/habercim\/wp-content\/uploads\/2026\/07\/ALTIN.webp"}},"image_meta":{"aperture":"0","credit":"","camera":"","caption":"","created_timestamp":"0","copyright":"","focal_length":"0","iso":"0","shutter_speed":"0","title":"","orientation":"0","keywords":[]}},"post":51473,"source_url":"https:\/\/adanaseshaber.com.tr\/habercim\/wp-content\/uploads\/2026\/07\/ALTIN.webp","_links":{"self":[{"href":"https:\/\/adanaseshaber.com.tr\/habercim\/wp-json\/wp\/v2\/media\/51474"}],"collection":[{"href":"https:\/\/adanaseshaber.com.tr\/habercim\/wp-json\/wp\/v2\/media"}],"about":[{"href":"https:\/\/adanaseshaber.com.tr\/habercim\/wp-json\/wp\/v2\/types\/attachment"}],"author":[{"embeddable":true,"href":"https:\/\/adanaseshaber.com.tr\/habercim\/wp-json\/wp\/v2\/users\/2"}],"replies":[{"embeddable":true,"href":"https:\/\/adanaseshaber.com.tr\/habercim\/wp-json\/wp\/v2\/comments?post=51474"}]}}

Altın fiyatlarında ABD-İran

<p>Altın fiyatlarında ABD-İran gerilimi, petrol fiyatları ve gelecek hafta açıklanacak Fed faiz kararı yakından takip edilirken Altın ve Para Piyasaları Uzmanı İslam Memiş&#8217;ten yatırımcıları yakından ilgilendiren açıklamalar geldi. Bu tarihi bekliyorum&#8230;</p>
<p>devamı sonraki sayfada&#8230; görsel üzerinden do2&#8217;kununuz geçebilirsiniz&#8230;</p>
