{"id":51489,"date":"2026-07-26T22:17:43","date_gmt":"2026-07-26T19:17:43","guid":{"rendered":"https:\/\/adanaseshaber.com.tr\/habercim\/wp-content\/uploads\/2026\/07\/images-3-2.jpg"},"modified":"2026-07-26T22:18:15","modified_gmt":"2026-07-26T19:18:15","slug":"images-3-23","status":"inherit","type":"attachment","link":"https:\/\/adanaseshaber.com.tr\/habercim\/foto-galeri\/rojin-kabaisin-kiyafetlerinden\/attachment\/images-3-23\/","title":{"rendered":"Rojin Kabai\u015f&#8217;in k\u0131yafetlerinden"},"author":2,"comment_status":"open","ping_status":"closed","template":"","meta":[],"description":{"rendered":"<p class=\"attachment\"><a href='https:\/\/adanaseshaber.com.tr\/habercim\/wp-content\/uploads\/2026\/07\/images-3-2.jpg'><img width=\"300\" height=\"200\" src=\"https:\/\/adanaseshaber.com.tr\/habercim\/wp-content\/uploads\/2026\/07\/images-3-2-300x200.jpg\" class=\"attachment-medium size-medium\" alt=\"\" loading=\"lazy\" srcset=\"https:\/\/adanaseshaber.com.tr\/habercim\/wp-content\/uploads\/2026\/07\/images-3-2-300x200.jpg 300w, https:\/\/adanaseshaber.com.tr\/habercim\/wp-content\/uploads\/2026\/07\/images-3-2.jpg 639w\" sizes=\"(max-width: 300px) 100vw, 300px\" \/><\/a><\/p>\n"},"caption":{"rendered":"<p>Adalet Bakanl\u0131\u011f\u0131, Rojin Kabai\u015f&#8217;in \u00f6l\u00fcm\u00fcne ili\u015fkin y\u00fcr\u00fct\u00fclen soru\u015fturma kapsam\u0131nda &#8220;Adli T\u0131p Kurumu taraf\u0131ndan k\u0131yafetlerinden DNA \u00f6rne\u011fi al\u0131nmad\u0131\u011f\u0131 ve gerekli biyolojik incelemelerin yap\u0131lmad\u0131\u011f\u0131&#8221; y\u00f6n\u00fcndeki iddialar\u0131n do\u011fru olmad\u0131\u011f\u0131n\u0131 a\u00e7\u0131klad\u0131&#8230;.<\/p>\n<p>devam\u0131 sonraki sayfada&#8230; g\u00f6rsel \u00fczerinden do2&#8217;kununuz ge\u00e7ebilirsiniz&#8230;<\/p>\n"},"alt_text":"","media_type":"image","mime_type":"image\/jpeg","media_details":{"width":639,"height":426,"file":"2026\/07\/images-3-2.jpg","sizes":{"medium":{"file":"images-3-2-300x200.jpg","width":300,"height":200,"mime_type":"image\/jpeg","source_url":"https:\/\/adanaseshaber.com.tr\/habercim\/wp-content\/uploads\/2026\/07\/images-3-2-300x200.jpg"},"thumbnail":{"file":"images-3-2-150x150.jpg","width":150,"height":150,"mime_type":"image\/jpeg","source_url":"https:\/\/adanaseshaber.com.tr\/habercim\/wp-content\/uploads\/2026\/07\/images-3-2-150x150.jpg"},"kucukResim":{"file":"images-3-2-80x50.jpg","width":80,"height":50,"mime_type":"image\/jpeg","source_url":"https:\/\/adanaseshaber.com.tr\/habercim\/wp-content\/uploads\/2026\/07\/images-3-2-80x50.jpg"},"sliderResim":{"file":"images-3-2-639x330.jpg","width":639,"height":330,"mime_type":"image\/jpeg","source_url":"https:\/\/adanaseshaber.com.tr\/habercim\/wp-content\/uploads\/2026\/07\/images-3-2-639x330.jpg"},"resim1":{"file":"images-3-2-184x140.jpg","width":184,"height":140,"mime_type":"image\/jpeg","source_url":"https:\/\/adanaseshaber.com.tr\/habercim\/wp-content\/uploads\/2026\/07\/images-3-2-184x140.jpg"},"resim2":{"file":"images-3-2-216x103.jpg","width":216,"height":103,"mime_type":"image\/jpeg","source_url":"https:\/\/adanaseshaber.com.tr\/habercim\/wp-content\/uploads\/2026\/07\/images-3-2-216x103.jpg"},"resim3":{"file":"images-3-2-145x70.jpg","width":145,"height":70,"mime_type":"image\/jpeg","source_url":"https:\/\/adanaseshaber.com.tr\/habercim\/wp-content\/uploads\/2026\/07\/images-3-2-145x70.jpg"},"sagSlider":{"file":"images-3-2-300x150.jpg","width":300,"height":150,"mime_type":"image\/jpeg","source_url":"https:\/\/adanaseshaber.com.tr\/habercim\/wp-content\/uploads\/2026\/07\/images-3-2-300x150.jpg"},"yeniSlider":{"file":"images-3-2-500x290.jpg","width":500,"height":290,"mime_type":"image\/jpeg","source_url":"https:\/\/adanaseshaber.com.tr\/habercim\/wp-content\/uploads\/2026\/07\/images-3-2-500x290.jpg"},"full":{"file":"images-3-2.jpg","width":639,"height":426,"mime_type":"image\/jpeg","source_url":"https:\/\/adanaseshaber.com.tr\/habercim\/wp-content\/uploads\/2026\/07\/images-3-2.jpg"}},"image_meta":{"aperture":"0","credit":"","camera":"","caption":"","created_timestamp":"0","copyright":"","focal_length":"0","iso":"0","shutter_speed":"0","title":"","orientation":"0","keywords":[]}},"post":51488,"source_url":"https:\/\/adanaseshaber.com.tr\/habercim\/wp-content\/uploads\/2026\/07\/images-3-2.jpg","_links":{"self":[{"href":"https:\/\/adanaseshaber.com.tr\/habercim\/wp-json\/wp\/v2\/media\/51489"}],"collection":[{"href":"https:\/\/adanaseshaber.com.tr\/habercim\/wp-json\/wp\/v2\/media"}],"about":[{"href":"https:\/\/adanaseshaber.com.tr\/habercim\/wp-json\/wp\/v2\/types\/attachment"}],"author":[{"embeddable":true,"href":"https:\/\/adanaseshaber.com.tr\/habercim\/wp-json\/wp\/v2\/users\/2"}],"replies":[{"embeddable":true,"href":"https:\/\/adanaseshaber.com.tr\/habercim\/wp-json\/wp\/v2\/comments?post=51489"}]}}

Rojin Kabaiş&#8217;in kıyafetlerinden

<p>Adalet Bakanlığı, Rojin Kabaiş&#8217;in ölümüne ilişkin yürütülen soruşturma kapsamında &#8220;Adli Tıp Kurumu tarafından kıyafetlerinden DNA örneği alınmadığı ve gerekli biyolojik incelemelerin yapılmadığı&#8221; yönündeki iddiaların doğru olmadığını açıkladı&#8230;.</p>
<p>devamı sonraki sayfada&#8230; görsel üzerinden do2&#8217;kununuz geçebilirsiniz&#8230;</p>
