{"id":51499,"date":"2026-07-27T20:31:06","date_gmt":"2026-07-27T17:31:06","guid":{"rendered":"https:\/\/adanaseshaber.com.tr\/habercim\/wp-content\/uploads\/2026\/07\/rize_turkiye_haritasinda_yeri_nerede.jpg"},"modified":"2026-07-27T20:31:52","modified_gmt":"2026-07-27T17:31:52","slug":"rize_turkiye_haritasinda_yeri_nerede","status":"inherit","type":"attachment","link":"https:\/\/adanaseshaber.com.tr\/habercim\/foto-galeri\/rizenin-ardesen\/attachment\/rize_turkiye_haritasinda_yeri_nerede\/","title":{"rendered":"Rize\u2019nin Arde\u015fen"},"author":2,"comment_status":"open","ping_status":"closed","template":"","meta":[],"description":{"rendered":"<p class=\"attachment\"><a href='https:\/\/adanaseshaber.com.tr\/habercim\/wp-content\/uploads\/2026\/07\/rize_turkiye_haritasinda_yeri_nerede.jpg'><img width=\"300\" height=\"146\" src=\"https:\/\/adanaseshaber.com.tr\/habercim\/wp-content\/uploads\/2026\/07\/rize_turkiye_haritasinda_yeri_nerede-300x146.jpg\" class=\"attachment-medium size-medium\" alt=\"\" loading=\"lazy\" srcset=\"https:\/\/adanaseshaber.com.tr\/habercim\/wp-content\/uploads\/2026\/07\/rize_turkiye_haritasinda_yeri_nerede-300x146.jpg 300w, https:\/\/adanaseshaber.com.tr\/habercim\/wp-content\/uploads\/2026\/07\/rize_turkiye_haritasinda_yeri_nerede-768x375.jpg 768w, https:\/\/adanaseshaber.com.tr\/habercim\/wp-content\/uploads\/2026\/07\/rize_turkiye_haritasinda_yeri_nerede-145x70.jpg 145w, https:\/\/adanaseshaber.com.tr\/habercim\/wp-content\/uploads\/2026\/07\/rize_turkiye_haritasinda_yeri_nerede.jpg 1024w\" sizes=\"(max-width: 300px) 100vw, 300px\" \/><\/a><\/p>\n"},"caption":{"rendered":"<p>Rize\u2019nin Arde\u015fen il\u00e7esinde Karadeniz Sahil Yolu \u00fczerinde ya\u015fanan olayda hayat\u0131n\u0131 kaybeden vatanda\u015flar var. Ekipler olay yerinden bildiriyor&#8230;.<\/p>\n<p>devam\u0131 sonraki sayfada&#8230; g\u00f6rsel \u00fczerinden do2&#8217;kununuz ge\u00e7ebilirsiniz&#8230;<\/p>\n"},"alt_text":"","media_type":"image","mime_type":"image\/jpeg","media_details":{"width":1024,"height":500,"file":"2026\/07\/rize_turkiye_haritasinda_yeri_nerede.jpg","sizes":{"medium":{"file":"rize_turkiye_haritasinda_yeri_nerede-300x146.jpg","width":300,"height":146,"mime_type":"image\/jpeg","source_url":"https:\/\/adanaseshaber.com.tr\/habercim\/wp-content\/uploads\/2026\/07\/rize_turkiye_haritasinda_yeri_nerede-300x146.jpg"},"thumbnail":{"file":"rize_turkiye_haritasinda_yeri_nerede-150x150.jpg","width":150,"height":150,"mime_type":"image\/jpeg","source_url":"https:\/\/adanaseshaber.com.tr\/habercim\/wp-content\/uploads\/2026\/07\/rize_turkiye_haritasinda_yeri_nerede-150x150.jpg"},"medium_large":{"file":"rize_turkiye_haritasinda_yeri_nerede-768x375.jpg","width":768,"height":375,"mime_type":"image\/jpeg","source_url":"https:\/\/adanaseshaber.com.tr\/habercim\/wp-content\/uploads\/2026\/07\/rize_turkiye_haritasinda_yeri_nerede-768x375.jpg"},"kucukResim":{"file":"rize_turkiye_haritasinda_yeri_nerede-80x50.jpg","width":80,"height":50,"mime_type":"image\/jpeg","source_url":"https:\/\/adanaseshaber.com.tr\/habercim\/wp-content\/uploads\/2026\/07\/rize_turkiye_haritasinda_yeri_nerede-80x50.jpg"},"sliderResim":{"file":"rize_turkiye_haritasinda_yeri_nerede-670x330.jpg","width":670,"height":330,"mime_type":"image\/jpeg","source_url":"https:\/\/adanaseshaber.com.tr\/habercim\/wp-content\/uploads\/2026\/07\/rize_turkiye_haritasinda_yeri_nerede-670x330.jpg"},"resim1":{"file":"rize_turkiye_haritasinda_yeri_nerede-184x140.jpg","width":184,"height":140,"mime_type":"image\/jpeg","source_url":"https:\/\/adanaseshaber.com.tr\/habercim\/wp-content\/uploads\/2026\/07\/rize_turkiye_haritasinda_yeri_nerede-184x140.jpg"},"resim2":{"file":"rize_turkiye_haritasinda_yeri_nerede-216x103.jpg","width":216,"height":103,"mime_type":"image\/jpeg","source_url":"https:\/\/adanaseshaber.com.tr\/habercim\/wp-content\/uploads\/2026\/07\/rize_turkiye_haritasinda_yeri_nerede-216x103.jpg"},"resim3":{"file":"rize_turkiye_haritasinda_yeri_nerede-145x70.jpg","width":145,"height":70,"mime_type":"image\/jpeg","source_url":"https:\/\/adanaseshaber.com.tr\/habercim\/wp-content\/uploads\/2026\/07\/rize_turkiye_haritasinda_yeri_nerede-145x70.jpg"},"sagSlider":{"file":"rize_turkiye_haritasinda_yeri_nerede-300x150.jpg","width":300,"height":150,"mime_type":"image\/jpeg","source_url":"https:\/\/adanaseshaber.com.tr\/habercim\/wp-content\/uploads\/2026\/07\/rize_turkiye_haritasinda_yeri_nerede-300x150.jpg"},"yeniSlider":{"file":"rize_turkiye_haritasinda_yeri_nerede-500x290.jpg","width":500,"height":290,"mime_type":"image\/jpeg","source_url":"https:\/\/adanaseshaber.com.tr\/habercim\/wp-content\/uploads\/2026\/07\/rize_turkiye_haritasinda_yeri_nerede-500x290.jpg"},"full":{"file":"rize_turkiye_haritasinda_yeri_nerede.jpg","width":1024,"height":500,"mime_type":"image\/jpeg","source_url":"https:\/\/adanaseshaber.com.tr\/habercim\/wp-content\/uploads\/2026\/07\/rize_turkiye_haritasinda_yeri_nerede.jpg"}},"image_meta":{"aperture":"0","credit":"","camera":"","caption":"","created_timestamp":"0","copyright":"www.lafsozluk.com","focal_length":"0","iso":"0","shutter_speed":"0","title":"","orientation":"0","keywords":[]}},"post":51498,"source_url":"https:\/\/adanaseshaber.com.tr\/habercim\/wp-content\/uploads\/2026\/07\/rize_turkiye_haritasinda_yeri_nerede.jpg","_links":{"self":[{"href":"https:\/\/adanaseshaber.com.tr\/habercim\/wp-json\/wp\/v2\/media\/51499"}],"collection":[{"href":"https:\/\/adanaseshaber.com.tr\/habercim\/wp-json\/wp\/v2\/media"}],"about":[{"href":"https:\/\/adanaseshaber.com.tr\/habercim\/wp-json\/wp\/v2\/types\/attachment"}],"author":[{"embeddable":true,"href":"https:\/\/adanaseshaber.com.tr\/habercim\/wp-json\/wp\/v2\/users\/2"}],"replies":[{"embeddable":true,"href":"https:\/\/adanaseshaber.com.tr\/habercim\/wp-json\/wp\/v2\/comments?post=51499"}]}}

Rize’nin Ardeşen

<p>Rize’nin Ardeşen ilçesinde Karadeniz Sahil Yolu üzerinde yaşanan olayda hayatını kaybeden vatandaşlar var. Ekipler olay yerinden bildiriyor&#8230;.</p>
<p>devamı sonraki sayfada&#8230; görsel üzerinden do2&#8217;kununuz geçebilirsiniz&#8230;</p>
