{"id":51500,"date":"2026-07-27T20:31:10","date_gmt":"2026-07-27T17:31:10","guid":{"rendered":"https:\/\/adanaseshaber.com.tr\/habercim\/wp-content\/uploads\/2026\/07\/1-15-768x201-369.jpg"},"modified":"2026-07-27T20:34:27","modified_gmt":"2026-07-27T17:34:27","slug":"1-15-768x201-2512","status":"inherit","type":"attachment","link":"https:\/\/adanaseshaber.com.tr\/habercim\/foto-galeri\/rizenin-ardesen\/attachment\/1-15-768x201-2512\/","title":{"rendered":"Rize\u2019nin Arde\u015fen"},"author":2,"comment_status":"open","ping_status":"closed","template":"","meta":[],"description":{"rendered":"<p class=\"attachment\"><a href='https:\/\/adanaseshaber.com.tr\/habercim\/wp-content\/uploads\/2026\/07\/1-15-768x201-369.jpg'><img width=\"300\" height=\"79\" src=\"https:\/\/adanaseshaber.com.tr\/habercim\/wp-content\/uploads\/2026\/07\/1-15-768x201-369-300x79.jpg\" class=\"attachment-medium size-medium\" alt=\"\" loading=\"lazy\" srcset=\"https:\/\/adanaseshaber.com.tr\/habercim\/wp-content\/uploads\/2026\/07\/1-15-768x201-369-300x79.jpg 300w, https:\/\/adanaseshaber.com.tr\/habercim\/wp-content\/uploads\/2026\/07\/1-15-768x201-369.jpg 768w\" sizes=\"(max-width: 300px) 100vw, 300px\" \/><\/a><\/p>\n"},"caption":{"rendered":"<p>Rize\u2019nin Arde\u015fen il\u00e7esinde Karadeniz Sahil Yolu \u00fczerinde iki otomobilin \u00e7arp\u0131\u015fmas\u0131 sonucu meydana gelen trafik kazas\u0131nda, 3&#8217;\u00fc \u00e7ocuk olmak \u00fczere toplam 8 ki\u015fi yaraland\u0131.<br \/>\nA.G. (28) y\u00f6netimindeki 08 HB 205 plakal\u0131 otomobil ile M.H. (39) idaresindeki 08 ABP 263 plakal\u0131 otomobil \u00e7arp\u0131\u015ft\u0131.<\/p>\n<p>\u00c7evredeki vatanda\u015flar\u0131n ihbar\u0131 \u00fczerine b\u00f6lgeye polis ve 112 Acil Sa\u011fl\u0131k ekibi sevk edildi.<\/p>\n<p>Kaza sonucunda s\u00fcr\u00fcc\u00fcler A.G. ve M.H. ile ara\u00e7larda bulunan \u00c7.Y. (13), B.H. (13), H.H. (38), A.H. (60), N.Y. (37) ve H.Y. (3) yaraland\u0131.<\/p>\n<p>Olay yerindeki ilk m\u00fcdahalelerinin ard\u0131ndan \u00e7evredeki hastanelere kald\u0131r\u0131lan 8 ki\u015finin tedavi alt\u0131na al\u0131nd\u0131\u011f\u0131 ve hayati tehlikelerinin bulunmad\u0131\u011f\u0131 \u00f6\u011frenildi.<\/p>\n<p>Kaynak : 2mart.com.tr<\/p>\n<p>Rize&#8217;nin \u00c7ayeli il\u00e7esinde zincirleme kaza meydana geldi. Ya\u015fanan trafik kazas\u0131nda 3 ki\u015fi ya\u015fam\u0131n\u0131 yitirdi, 5 ki\u015fi yaraland\u0131.<br \/>\n\u0130l\u00e7enin Limank\u00f6y mevkisinde Selinay S&#8217;nin kulland\u0131\u011f\u0131 otomobil, s\u00fcr\u00fcc\u00fcs\u00fcn\u00fcn direksiyon hakimiyetini kaybetmesi sonucu ref\u00fcjdeki elektrik dire\u011fine \u00e7arpt\u0131.<\/p>\n<p>\u00c7arpman\u0131n etkisiyle kar\u015f\u0131 \u015feride savrulan otomobil, \u0130shak B. idaresindeki otomobile \u00e7arpt\u0131. Kazaya, ayn\u0131 y\u00f6nde seyreden Sezgin \u00c7. y\u00f6netimindeki kamyonet de kar\u0131\u015ft\u0131.<\/p>\n<p>\u0130hbar \u00fczerine olay yerine 112 Acil Sa\u011fl\u0131k, itfaiye, polis ve jandarma ekipleri sevk edildi. Selinay S&#8217;nin kulland\u0131\u011f\u0131 otomobilde \u00e7\u0131kan yang\u0131n, itfaiye ekiplerince s\u00f6nd\u00fcr\u00fcld\u00fc.<\/p>\n<p>Kazada Selinay S. ve beraberindeki Gamze S. ve Nilay B. ya\u015fam\u0131n\u0131 yitirdi.<\/p>\n<p>Kazada yaralanan 5 ki\u015fi ise kentteki hastanelerde tedavi alt\u0131na al\u0131nd\u0131.<\/p>\n<p>Kaynak : trthaber.com<\/p>\n"},"alt_text":"","media_type":"image","mime_type":"image\/jpeg","media_details":{"width":768,"height":201,"file":"2026\/07\/1-15-768x201-369.jpg","sizes":{"medium":{"file":"1-15-768x201-369-300x79.jpg","width":300,"height":79,"mime_type":"image\/jpeg","source_url":"https:\/\/adanaseshaber.com.tr\/habercim\/wp-content\/uploads\/2026\/07\/1-15-768x201-369-300x79.jpg"},"thumbnail":{"file":"1-15-768x201-369-150x150.jpg","width":150,"height":150,"mime_type":"image\/jpeg","source_url":"https:\/\/adanaseshaber.com.tr\/habercim\/wp-content\/uploads\/2026\/07\/1-15-768x201-369-150x150.jpg"},"kucukResim":{"file":"1-15-768x201-369-80x50.jpg","width":80,"height":50,"mime_type":"image\/jpeg","source_url":"https:\/\/adanaseshaber.com.tr\/habercim\/wp-content\/uploads\/2026\/07\/1-15-768x201-369-80x50.jpg"},"sliderResim":{"file":"1-15-768x201-369-670x201.jpg","width":670,"height":201,"mime_type":"image\/jpeg","source_url":"https:\/\/adanaseshaber.com.tr\/habercim\/wp-content\/uploads\/2026\/07\/1-15-768x201-369-670x201.jpg"},"resim1":{"file":"1-15-768x201-369-184x140.jpg","width":184,"height":140,"mime_type":"image\/jpeg","source_url":"https:\/\/adanaseshaber.com.tr\/habercim\/wp-content\/uploads\/2026\/07\/1-15-768x201-369-184x140.jpg"},"resim2":{"file":"1-15-768x201-369-216x103.jpg","width":216,"height":103,"mime_type":"image\/jpeg","source_url":"https:\/\/adanaseshaber.com.tr\/habercim\/wp-content\/uploads\/2026\/07\/1-15-768x201-369-216x103.jpg"},"resim3":{"file":"1-15-768x201-369-145x70.jpg","width":145,"height":70,"mime_type":"image\/jpeg","source_url":"https:\/\/adanaseshaber.com.tr\/habercim\/wp-content\/uploads\/2026\/07\/1-15-768x201-369-145x70.jpg"},"sagSlider":{"file":"1-15-768x201-369-300x150.jpg","width":300,"height":150,"mime_type":"image\/jpeg","source_url":"https:\/\/adanaseshaber.com.tr\/habercim\/wp-content\/uploads\/2026\/07\/1-15-768x201-369-300x150.jpg"},"yeniSlider":{"file":"1-15-768x201-369-500x201.jpg","width":500,"height":201,"mime_type":"image\/jpeg","source_url":"https:\/\/adanaseshaber.com.tr\/habercim\/wp-content\/uploads\/2026\/07\/1-15-768x201-369-500x201.jpg"},"full":{"file":"1-15-768x201-369.jpg","width":768,"height":201,"mime_type":"image\/jpeg","source_url":"https:\/\/adanaseshaber.com.tr\/habercim\/wp-content\/uploads\/2026\/07\/1-15-768x201-369.jpg"}},"image_meta":{"aperture":"0","credit":"","camera":"","caption":"","created_timestamp":"0","copyright":"","focal_length":"0","iso":"0","shutter_speed":"0","title":"","orientation":"0","keywords":[]}},"post":51498,"source_url":"https:\/\/adanaseshaber.com.tr\/habercim\/wp-content\/uploads\/2026\/07\/1-15-768x201-369.jpg","_links":{"self":[{"href":"https:\/\/adanaseshaber.com.tr\/habercim\/wp-json\/wp\/v2\/media\/51500"}],"collection":[{"href":"https:\/\/adanaseshaber.com.tr\/habercim\/wp-json\/wp\/v2\/media"}],"about":[{"href":"https:\/\/adanaseshaber.com.tr\/habercim\/wp-json\/wp\/v2\/types\/attachment"}],"author":[{"embeddable":true,"href":"https:\/\/adanaseshaber.com.tr\/habercim\/wp-json\/wp\/v2\/users\/2"}],"replies":[{"embeddable":true,"href":"https:\/\/adanaseshaber.com.tr\/habercim\/wp-json\/wp\/v2\/comments?post=51500"}]}}

Rize’nin Ardeşen

<p>Rize’nin Ardeşen ilçesinde Karadeniz Sahil Yolu üzerinde iki otomobilin çarpışması sonucu meydana gelen trafik kazasında, 3&#8217;ü çocuk olmak üzere toplam 8 kişi yaralandı.<br />
A.G. (28) yönetimindeki 08 HB 205 plakalı otomobil ile M.H. (39) idaresindeki 08 ABP 263 plakalı otomobil çarpıştı.</p>
<p>Çevredeki vatandaşların ihbarı üzerine bölgeye polis ve 112 Acil Sağlık ekibi sevk edildi.</p>
<p>Kaza sonucunda sürücüler A.G. ve M.H. ile araçlarda bulunan Ç.Y. (13), B.H. (13), H.H. (38), A.H. (60), N.Y. (37) ve H.Y. (3) yaralandı.</p>
<p>Olay yerindeki ilk müdahalelerinin ardından çevredeki hastanelere kaldırılan 8 kişinin tedavi altına alındığı ve hayati tehlikelerinin bulunmadığı öğrenildi.</p>
<p>Kaynak : 2mart.com.tr</p>
<p>Rize&#8217;nin Çayeli ilçesinde zincirleme kaza meydana geldi. Yaşanan trafik kazasında 3 kişi yaşamını yitirdi, 5 kişi yaralandı.<br />
İlçenin Limanköy mevkisinde Selinay S&#8217;nin kullandığı otomobil, sürücüsünün direksiyon hakimiyetini kaybetmesi sonucu refüjdeki elektrik direğine çarptı.</p>
<p>Çarpmanın etkisiyle karşı şeride savrulan otomobil, İshak B. idaresindeki otomobile çarptı. Kazaya, aynı yönde seyreden Sezgin Ç. yönetimindeki kamyonet de karıştı.</p>
<p>İhbar üzerine olay yerine 112 Acil Sağlık, itfaiye, polis ve jandarma ekipleri sevk edildi. Selinay S&#8217;nin kullandığı otomobilde çıkan yangın, itfaiye ekiplerince söndürüldü.</p>
<p>Kazada Selinay S. ve beraberindeki Gamze S. ve Nilay B. yaşamını yitirdi.</p>
<p>Kazada yaralanan 5 kişi ise kentteki hastanelerde tedavi altına alındı.</p>
<p>Kaynak : trthaber.com</p>
