{"id":51504,"date":"2026-07-27T22:26:04","date_gmt":"2026-07-27T19:26:04","guid":{"rendered":"https:\/\/adanaseshaber.com.tr\/habercim\/wp-content\/uploads\/2026\/07\/93-353-1-768x511-1.webp"},"modified":"2026-07-27T22:26:30","modified_gmt":"2026-07-27T19:26:30","slug":"93-353-1-768x511","status":"inherit","type":"attachment","link":"https:\/\/adanaseshaber.com.tr\/habercim\/foto-galeri\/gelecek-partisi-genel-baskani\/attachment\/93-353-1-768x511\/","title":{"rendered":"Gelecek Partisi Genel Ba\u015fkan\u0131"},"author":2,"comment_status":"open","ping_status":"closed","template":"","meta":[],"description":{"rendered":"<p class=\"attachment\"><a href='https:\/\/adanaseshaber.com.tr\/habercim\/wp-content\/uploads\/2026\/07\/93-353-1-768x511-1.webp'><img width=\"300\" height=\"200\" src=\"https:\/\/adanaseshaber.com.tr\/habercim\/wp-content\/uploads\/2026\/07\/93-353-1-768x511-1-300x200.webp\" class=\"attachment-medium size-medium\" alt=\"\" loading=\"lazy\" srcset=\"https:\/\/adanaseshaber.com.tr\/habercim\/wp-content\/uploads\/2026\/07\/93-353-1-768x511-1-300x200.webp 300w, https:\/\/adanaseshaber.com.tr\/habercim\/wp-content\/uploads\/2026\/07\/93-353-1-768x511-1.webp 768w\" sizes=\"(max-width: 300px) 100vw, 300px\" \/><\/a><\/p>\n"},"caption":{"rendered":"<p>Siyaset kulislerinde hareketli saatler ya\u015fan\u0131rken 4 partinin birle\u015fti\u011fi dengeleri k\u00f6kten sarsacak geli\u015fmeler..\u2026<\/p>\n<p>devam\u0131 sonraki sayfada&#8230;.<\/p>\n"},"alt_text":"","media_type":"image","mime_type":"image\/webp","media_details":{"width":768,"height":511,"file":"2026\/07\/93-353-1-768x511-1.webp","sizes":{"medium":{"file":"93-353-1-768x511-1-300x200.webp","width":300,"height":200,"mime_type":"image\/webp","source_url":"https:\/\/adanaseshaber.com.tr\/habercim\/wp-content\/uploads\/2026\/07\/93-353-1-768x511-1-300x200.webp"},"thumbnail":{"file":"93-353-1-768x511-1-150x150.webp","width":150,"height":150,"mime_type":"image\/webp","source_url":"https:\/\/adanaseshaber.com.tr\/habercim\/wp-content\/uploads\/2026\/07\/93-353-1-768x511-1-150x150.webp"},"kucukResim":{"file":"93-353-1-768x511-1-80x50.webp","width":80,"height":50,"mime_type":"image\/webp","source_url":"https:\/\/adanaseshaber.com.tr\/habercim\/wp-content\/uploads\/2026\/07\/93-353-1-768x511-1-80x50.webp"},"sliderResim":{"file":"93-353-1-768x511-1-670x330.webp","width":670,"height":330,"mime_type":"image\/webp","source_url":"https:\/\/adanaseshaber.com.tr\/habercim\/wp-content\/uploads\/2026\/07\/93-353-1-768x511-1-670x330.webp"},"resim1":{"file":"93-353-1-768x511-1-184x140.webp","width":184,"height":140,"mime_type":"image\/webp","source_url":"https:\/\/adanaseshaber.com.tr\/habercim\/wp-content\/uploads\/2026\/07\/93-353-1-768x511-1-184x140.webp"},"resim2":{"file":"93-353-1-768x511-1-216x103.webp","width":216,"height":103,"mime_type":"image\/webp","source_url":"https:\/\/adanaseshaber.com.tr\/habercim\/wp-content\/uploads\/2026\/07\/93-353-1-768x511-1-216x103.webp"},"resim3":{"file":"93-353-1-768x511-1-145x70.webp","width":145,"height":70,"mime_type":"image\/webp","source_url":"https:\/\/adanaseshaber.com.tr\/habercim\/wp-content\/uploads\/2026\/07\/93-353-1-768x511-1-145x70.webp"},"sagSlider":{"file":"93-353-1-768x511-1-300x150.webp","width":300,"height":150,"mime_type":"image\/webp","source_url":"https:\/\/adanaseshaber.com.tr\/habercim\/wp-content\/uploads\/2026\/07\/93-353-1-768x511-1-300x150.webp"},"yeniSlider":{"file":"93-353-1-768x511-1-500x290.webp","width":500,"height":290,"mime_type":"image\/webp","source_url":"https:\/\/adanaseshaber.com.tr\/habercim\/wp-content\/uploads\/2026\/07\/93-353-1-768x511-1-500x290.webp"},"full":{"file":"93-353-1-768x511-1.webp","width":768,"height":511,"mime_type":"image\/webp","source_url":"https:\/\/adanaseshaber.com.tr\/habercim\/wp-content\/uploads\/2026\/07\/93-353-1-768x511-1.webp"}},"image_meta":{"aperture":"0","credit":"","camera":"","caption":"","created_timestamp":"0","copyright":"","focal_length":"0","iso":"0","shutter_speed":"0","title":"","orientation":"0","keywords":[]}},"post":51503,"source_url":"https:\/\/adanaseshaber.com.tr\/habercim\/wp-content\/uploads\/2026\/07\/93-353-1-768x511-1.webp","_links":{"self":[{"href":"https:\/\/adanaseshaber.com.tr\/habercim\/wp-json\/wp\/v2\/media\/51504"}],"collection":[{"href":"https:\/\/adanaseshaber.com.tr\/habercim\/wp-json\/wp\/v2\/media"}],"about":[{"href":"https:\/\/adanaseshaber.com.tr\/habercim\/wp-json\/wp\/v2\/types\/attachment"}],"author":[{"embeddable":true,"href":"https:\/\/adanaseshaber.com.tr\/habercim\/wp-json\/wp\/v2\/users\/2"}],"replies":[{"embeddable":true,"href":"https:\/\/adanaseshaber.com.tr\/habercim\/wp-json\/wp\/v2\/comments?post=51504"}]}}

Gelecek Partisi Genel Başkanı

<p>Siyaset kulislerinde hareketli saatler yaşanırken 4 partinin birleştiği dengeleri kökten sarsacak gelişmeler..…</p>
<p>devamı sonraki sayfada&#8230;.</p>
