{"id":51505,"date":"2026-07-27T22:26:10","date_gmt":"2026-07-27T19:26:10","guid":{"rendered":"https:\/\/adanaseshaber.com.tr\/habercim\/wp-content\/uploads\/2026\/07\/1-15-768x201-371.jpg"},"modified":"2026-07-27T22:27:23","modified_gmt":"2026-07-27T19:27:23","slug":"1-15-768x201-2514","status":"inherit","type":"attachment","link":"https:\/\/adanaseshaber.com.tr\/habercim\/foto-galeri\/gelecek-partisi-genel-baskani\/attachment\/1-15-768x201-2514\/","title":{"rendered":"Gelecek Partisi Genel Ba\u015fkan\u0131"},"author":2,"comment_status":"open","ping_status":"closed","template":"","meta":[],"description":{"rendered":"<p class=\"attachment\"><a href='https:\/\/adanaseshaber.com.tr\/habercim\/wp-content\/uploads\/2026\/07\/1-15-768x201-371.jpg'><img width=\"300\" height=\"79\" src=\"https:\/\/adanaseshaber.com.tr\/habercim\/wp-content\/uploads\/2026\/07\/1-15-768x201-371-300x79.jpg\" class=\"attachment-medium size-medium\" alt=\"\" loading=\"lazy\" srcset=\"https:\/\/adanaseshaber.com.tr\/habercim\/wp-content\/uploads\/2026\/07\/1-15-768x201-371-300x79.jpg 300w, https:\/\/adanaseshaber.com.tr\/habercim\/wp-content\/uploads\/2026\/07\/1-15-768x201-371.jpg 768w\" sizes=\"(max-width: 300px) 100vw, 300px\" \/><\/a><\/p>\n"},"caption":{"rendered":"<p>Gelecek Partisi Genel Ba\u015fkan\u0131 Ahmet Davuto\u011flu, \u00d6zg\u00fcr \u00d6zel&#8217;in yeni parti kuraca\u011f\u0131na ili\u015fkin a\u00e7\u0131klamas\u0131n\u0131, &#8220;Yeni bir parti kuruluyorsa bize &#8216;hay\u0131rl\u0131 olsun&#8217; demek d\u00fc\u015fer. Ama tavsiyem \u015fudur ki k\u00fc\u00e7\u00fck ihtilaflar\u0131n \u00f6tesinde ortak nerelerde bulu\u015furuz, buna bakmal\u0131y\u0131z&#8221; diye de\u011ferlendirdi.<br \/>\nGelecek Partisi Genel Ba\u015fkan\u0131 Ahmet Davuto\u011flu, Yeni Yol Grubu&#8217;nun haftal\u0131k grup toplant\u0131s\u0131n\u0131n ard\u0131ndan gazetecilerin sorular\u0131n\u0131 yan\u0131tlad\u0131.<\/p>\n<p>\u00d6zg\u00fcr \u00d6zel&#8217;in yeni parti kurulaca\u011f\u0131 y\u00f6n\u00fcndeki a\u00e7\u0131klamalar\u0131na ili\u015fkin de\u011ferlendirmesi sorulan Davuto\u011flu, ba\u015fka bir partide ya\u015fanan geli\u015fmelere ili\u015fkin olumsuz yorum yapmay\u0131 siyasi nezakete uygun g\u00f6rmedi\u011fini belirtti.<\/p>\n<p>\u0130ktidar\u0131n hukuku ve sistemi kendi anlay\u0131\u015f\u0131na g\u00f6re \u015fekillendirdi\u011fini savunan Davuto\u011flu, muhalefet i\u00e7indeki tart\u0131\u015fmalar\u0131n da g\u00fc\u00e7l\u00fc bir alternatifin ortaya \u00e7\u0131kmas\u0131n\u0131 zorla\u015ft\u0131rd\u0131\u011f\u0131n\u0131 ifade etti. &#8220;MUTLAK BUTLAN KARARI S\u0130YASETE M\u00dcDAHALE N\u0130TEL\u0130\u011e\u0130 TA\u015eIYOR&#8221;<br \/>\nDavuto\u011flu, CHP&#8217;nin ya\u015fanan geli\u015fmeleri kendi i\u00e7inde de\u011ferlendirerek en do\u011fru karar\u0131 vermesi gerekti\u011fini s\u00f6yledi. Davuto\u011flu, &#8220;Yeni bir parti kuruluyorsa bize &#8216;hay\u0131rl\u0131 olsun&#8217; demek d\u00fc\u015fer&#8221; diye konu\u015ftu. T\u00fcrkiye&#8217;nin ortak de\u011ferleri, ortak ahlaki standartlar\u0131 ve ortak siyasi vizyonunun yeniden konu\u015fulmas\u0131 gerekti\u011fini ifade eden Davuto\u011flu, &#8220;S\u00fcrekli farkl\u0131la\u015farak ve birbirimizi itham ederek bir yere gitmenin s\u0131n\u0131rlar\u0131na geldik&#8221; dedi.<\/p>\n<p>CHP&#8217;ye y\u00f6nelik yarg\u0131 karar\u0131na da de\u011finen Davuto\u011flu, &#8220;Cumhuriyet Halk Partisi&#8217;ne y\u00f6nelik al\u0131nan mutlak butlan karar\u0131n\u0131n kar\u015f\u0131s\u0131nda oldu\u011fumu her vesileyle s\u00f6yledim. Do\u011fru bir karar de\u011fi, siyasete bir m\u00fcdahale niteli\u011fi ta\u015f\u0131yor&#8221; ifadelerini kulland\u0131. <\/p>\n<p>Kaynak : birgun.net<\/p>\n"},"alt_text":"","media_type":"image","mime_type":"image\/jpeg","media_details":{"width":768,"height":201,"file":"2026\/07\/1-15-768x201-371.jpg","sizes":{"medium":{"file":"1-15-768x201-371-300x79.jpg","width":300,"height":79,"mime_type":"image\/jpeg","source_url":"https:\/\/adanaseshaber.com.tr\/habercim\/wp-content\/uploads\/2026\/07\/1-15-768x201-371-300x79.jpg"},"thumbnail":{"file":"1-15-768x201-371-150x150.jpg","width":150,"height":150,"mime_type":"image\/jpeg","source_url":"https:\/\/adanaseshaber.com.tr\/habercim\/wp-content\/uploads\/2026\/07\/1-15-768x201-371-150x150.jpg"},"kucukResim":{"file":"1-15-768x201-371-80x50.jpg","width":80,"height":50,"mime_type":"image\/jpeg","source_url":"https:\/\/adanaseshaber.com.tr\/habercim\/wp-content\/uploads\/2026\/07\/1-15-768x201-371-80x50.jpg"},"sliderResim":{"file":"1-15-768x201-371-670x201.jpg","width":670,"height":201,"mime_type":"image\/jpeg","source_url":"https:\/\/adanaseshaber.com.tr\/habercim\/wp-content\/uploads\/2026\/07\/1-15-768x201-371-670x201.jpg"},"resim1":{"file":"1-15-768x201-371-184x140.jpg","width":184,"height":140,"mime_type":"image\/jpeg","source_url":"https:\/\/adanaseshaber.com.tr\/habercim\/wp-content\/uploads\/2026\/07\/1-15-768x201-371-184x140.jpg"},"resim2":{"file":"1-15-768x201-371-216x103.jpg","width":216,"height":103,"mime_type":"image\/jpeg","source_url":"https:\/\/adanaseshaber.com.tr\/habercim\/wp-content\/uploads\/2026\/07\/1-15-768x201-371-216x103.jpg"},"resim3":{"file":"1-15-768x201-371-145x70.jpg","width":145,"height":70,"mime_type":"image\/jpeg","source_url":"https:\/\/adanaseshaber.com.tr\/habercim\/wp-content\/uploads\/2026\/07\/1-15-768x201-371-145x70.jpg"},"sagSlider":{"file":"1-15-768x201-371-300x150.jpg","width":300,"height":150,"mime_type":"image\/jpeg","source_url":"https:\/\/adanaseshaber.com.tr\/habercim\/wp-content\/uploads\/2026\/07\/1-15-768x201-371-300x150.jpg"},"yeniSlider":{"file":"1-15-768x201-371-500x201.jpg","width":500,"height":201,"mime_type":"image\/jpeg","source_url":"https:\/\/adanaseshaber.com.tr\/habercim\/wp-content\/uploads\/2026\/07\/1-15-768x201-371-500x201.jpg"},"full":{"file":"1-15-768x201-371.jpg","width":768,"height":201,"mime_type":"image\/jpeg","source_url":"https:\/\/adanaseshaber.com.tr\/habercim\/wp-content\/uploads\/2026\/07\/1-15-768x201-371.jpg"}},"image_meta":{"aperture":"0","credit":"","camera":"","caption":"","created_timestamp":"0","copyright":"","focal_length":"0","iso":"0","shutter_speed":"0","title":"","orientation":"0","keywords":[]}},"post":51503,"source_url":"https:\/\/adanaseshaber.com.tr\/habercim\/wp-content\/uploads\/2026\/07\/1-15-768x201-371.jpg","_links":{"self":[{"href":"https:\/\/adanaseshaber.com.tr\/habercim\/wp-json\/wp\/v2\/media\/51505"}],"collection":[{"href":"https:\/\/adanaseshaber.com.tr\/habercim\/wp-json\/wp\/v2\/media"}],"about":[{"href":"https:\/\/adanaseshaber.com.tr\/habercim\/wp-json\/wp\/v2\/types\/attachment"}],"author":[{"embeddable":true,"href":"https:\/\/adanaseshaber.com.tr\/habercim\/wp-json\/wp\/v2\/users\/2"}],"replies":[{"embeddable":true,"href":"https:\/\/adanaseshaber.com.tr\/habercim\/wp-json\/wp\/v2\/comments?post=51505"}]}}

Gelecek Partisi Genel Başkanı

<p>Gelecek Partisi Genel Başkanı Ahmet Davutoğlu, Özgür Özel&#8217;in yeni parti kuracağına ilişkin açıklamasını, &#8220;Yeni bir parti kuruluyorsa bize &#8216;hayırlı olsun&#8217; demek düşer. Ama tavsiyem şudur ki küçük ihtilafların ötesinde ortak nerelerde buluşuruz, buna bakmalıyız&#8221; diye değerlendirdi.<br />
Gelecek Partisi Genel Başkanı Ahmet Davutoğlu, Yeni Yol Grubu&#8217;nun haftalık grup toplantısının ardından gazetecilerin sorularını yanıtladı.</p>
<p>Özgür Özel&#8217;in yeni parti kurulacağı yönündeki açıklamalarına ilişkin değerlendirmesi sorulan Davutoğlu, başka bir partide yaşanan gelişmelere ilişkin olumsuz yorum yapmayı siyasi nezakete uygun görmediğini belirtti.</p>
<p>İktidarın hukuku ve sistemi kendi anlayışına göre şekillendirdiğini savunan Davutoğlu, muhalefet içindeki tartışmaların da güçlü bir alternatifin ortaya çıkmasını zorlaştırdığını ifade etti. &#8220;MUTLAK BUTLAN KARARI SİYASETE MÜDAHALE NİTELİĞİ TAŞIYOR&#8221;<br />
Davutoğlu, CHP&#8217;nin yaşanan gelişmeleri kendi içinde değerlendirerek en doğru kararı vermesi gerektiğini söyledi. Davutoğlu, &#8220;Yeni bir parti kuruluyorsa bize &#8216;hayırlı olsun&#8217; demek düşer&#8221; diye konuştu. Türkiye&#8217;nin ortak değerleri, ortak ahlaki standartları ve ortak siyasi vizyonunun yeniden konuşulması gerektiğini ifade eden Davutoğlu, &#8220;Sürekli farklılaşarak ve birbirimizi itham ederek bir yere gitmenin sınırlarına geldik&#8221; dedi.</p>
<p>CHP&#8217;ye yönelik yargı kararına da değinen Davutoğlu, &#8220;Cumhuriyet Halk Partisi&#8217;ne yönelik alınan mutlak butlan kararının karşısında olduğumu her vesileyle söyledim. Doğru bir karar deği, siyasete bir müdahale niteliği taşıyor&#8221; ifadelerini kullandı. </p>
<p>Kaynak : birgun.net</p>
