{"id":51524,"date":"2026-07-28T00:10:23","date_gmt":"2026-07-27T21:10:23","guid":{"rendered":"https:\/\/adanaseshaber.com.tr\/habercim\/wp-content\/uploads\/2026\/07\/DOKTOR-2.webp"},"modified":"2026-07-28T00:10:41","modified_gmt":"2026-07-27T21:10:41","slug":"doktor-3","status":"inherit","type":"attachment","link":"https:\/\/adanaseshaber.com.tr\/habercim\/foto-galeri\/canan-karatayin-verdigi-tarif\/attachment\/doktor-3\/","title":{"rendered":"Canan Karatay\u2019\u0131n verdi\u011fi tarif"},"author":2,"comment_status":"open","ping_status":"closed","template":"","meta":[],"description":{"rendered":"<p class=\"attachment\"><a href='https:\/\/adanaseshaber.com.tr\/habercim\/wp-content\/uploads\/2026\/07\/DOKTOR-2.webp'><img width=\"300\" height=\"225\" src=\"https:\/\/adanaseshaber.com.tr\/habercim\/wp-content\/uploads\/2026\/07\/DOKTOR-2-300x225.webp\" class=\"attachment-medium size-medium\" alt=\"\" loading=\"lazy\" srcset=\"https:\/\/adanaseshaber.com.tr\/habercim\/wp-content\/uploads\/2026\/07\/DOKTOR-2-300x225.webp 300w, https:\/\/adanaseshaber.com.tr\/habercim\/wp-content\/uploads\/2026\/07\/DOKTOR-2-1024x768.webp 1024w, https:\/\/adanaseshaber.com.tr\/habercim\/wp-content\/uploads\/2026\/07\/DOKTOR-2-768x576.webp 768w, https:\/\/adanaseshaber.com.tr\/habercim\/wp-content\/uploads\/2026\/07\/DOKTOR-2.webp 1060w\" sizes=\"(max-width: 300px) 100vw, 300px\" \/><\/a><\/p>\n"},"caption":{"rendered":"<p>Canan Karatay\u2019\u0131n verdi\u011fi tarifle a\u011f\u0131z kokusundan kurtulabilirsiniz. \u0130\u015fte oru\u00e7luyken a\u011f\u0131z kokusuna \u00e7\u00f6z\u00fcm olabilecek o form\u00fcl sizler i\u00e7in bulduk\u2026<\/p>\n<p>Devam\u0131 sonraki sayfadad\u0131r\u2026. g\u00f6rsel \u00fczerinden do\u20192kununuz ge\u00e7ebilirsiniz\u2026<\/p>\n"},"alt_text":"","media_type":"image","mime_type":"image\/webp","media_details":{"width":1060,"height":795,"file":"2026\/07\/DOKTOR-2.webp","sizes":{"medium":{"file":"DOKTOR-2-300x225.webp","width":300,"height":225,"mime_type":"image\/webp","source_url":"https:\/\/adanaseshaber.com.tr\/habercim\/wp-content\/uploads\/2026\/07\/DOKTOR-2-300x225.webp"},"large":{"file":"DOKTOR-2-1024x768.webp","width":1024,"height":768,"mime_type":"image\/webp","source_url":"https:\/\/adanaseshaber.com.tr\/habercim\/wp-content\/uploads\/2026\/07\/DOKTOR-2-1024x768.webp"},"thumbnail":{"file":"DOKTOR-2-150x150.webp","width":150,"height":150,"mime_type":"image\/webp","source_url":"https:\/\/adanaseshaber.com.tr\/habercim\/wp-content\/uploads\/2026\/07\/DOKTOR-2-150x150.webp"},"medium_large":{"file":"DOKTOR-2-768x576.webp","width":768,"height":576,"mime_type":"image\/webp","source_url":"https:\/\/adanaseshaber.com.tr\/habercim\/wp-content\/uploads\/2026\/07\/DOKTOR-2-768x576.webp"},"kucukResim":{"file":"DOKTOR-2-80x50.webp","width":80,"height":50,"mime_type":"image\/webp","source_url":"https:\/\/adanaseshaber.com.tr\/habercim\/wp-content\/uploads\/2026\/07\/DOKTOR-2-80x50.webp"},"sliderResim":{"file":"DOKTOR-2-670x330.webp","width":670,"height":330,"mime_type":"image\/webp","source_url":"https:\/\/adanaseshaber.com.tr\/habercim\/wp-content\/uploads\/2026\/07\/DOKTOR-2-670x330.webp"},"resim1":{"file":"DOKTOR-2-184x140.webp","width":184,"height":140,"mime_type":"image\/webp","source_url":"https:\/\/adanaseshaber.com.tr\/habercim\/wp-content\/uploads\/2026\/07\/DOKTOR-2-184x140.webp"},"resim2":{"file":"DOKTOR-2-216x103.webp","width":216,"height":103,"mime_type":"image\/webp","source_url":"https:\/\/adanaseshaber.com.tr\/habercim\/wp-content\/uploads\/2026\/07\/DOKTOR-2-216x103.webp"},"resim3":{"file":"DOKTOR-2-145x70.webp","width":145,"height":70,"mime_type":"image\/webp","source_url":"https:\/\/adanaseshaber.com.tr\/habercim\/wp-content\/uploads\/2026\/07\/DOKTOR-2-145x70.webp"},"sagSlider":{"file":"DOKTOR-2-300x150.webp","width":300,"height":150,"mime_type":"image\/webp","source_url":"https:\/\/adanaseshaber.com.tr\/habercim\/wp-content\/uploads\/2026\/07\/DOKTOR-2-300x150.webp"},"yeniSlider":{"file":"DOKTOR-2-500x290.webp","width":500,"height":290,"mime_type":"image\/webp","source_url":"https:\/\/adanaseshaber.com.tr\/habercim\/wp-content\/uploads\/2026\/07\/DOKTOR-2-500x290.webp"},"full":{"file":"DOKTOR-2.webp","width":1060,"height":795,"mime_type":"image\/webp","source_url":"https:\/\/adanaseshaber.com.tr\/habercim\/wp-content\/uploads\/2026\/07\/DOKTOR-2.webp"}},"image_meta":{"aperture":"0","credit":"","camera":"","caption":"","created_timestamp":"0","copyright":"","focal_length":"0","iso":"0","shutter_speed":"0","title":"","orientation":"0","keywords":[]}},"post":51523,"source_url":"https:\/\/adanaseshaber.com.tr\/habercim\/wp-content\/uploads\/2026\/07\/DOKTOR-2.webp","_links":{"self":[{"href":"https:\/\/adanaseshaber.com.tr\/habercim\/wp-json\/wp\/v2\/media\/51524"}],"collection":[{"href":"https:\/\/adanaseshaber.com.tr\/habercim\/wp-json\/wp\/v2\/media"}],"about":[{"href":"https:\/\/adanaseshaber.com.tr\/habercim\/wp-json\/wp\/v2\/types\/attachment"}],"author":[{"embeddable":true,"href":"https:\/\/adanaseshaber.com.tr\/habercim\/wp-json\/wp\/v2\/users\/2"}],"replies":[{"embeddable":true,"href":"https:\/\/adanaseshaber.com.tr\/habercim\/wp-json\/wp\/v2\/comments?post=51524"}]}}

Canan Karatay’ın verdiği tarif

<p>Canan Karatay’ın verdiği tarifle ağız kokusundan kurtulabilirsiniz. İşte oruçluyken ağız kokusuna çözüm olabilecek o formül sizler için bulduk…</p>
<p>Devamı sonraki sayfadadır…. görsel üzerinden do’2kununuz geçebilirsiniz…</p>
