{"id":51541,"date":"2026-07-28T00:32:37","date_gmt":"2026-07-27T21:32:37","guid":{"rendered":"https:\/\/adanaseshaber.com.tr\/habercim\/wp-content\/uploads\/2026\/07\/1-15-768x201-385.jpg"},"modified":"2026-07-28T00:33:49","modified_gmt":"2026-07-27T21:33:49","slug":"1-15-768x201-2528","status":"inherit","type":"attachment","link":"https:\/\/adanaseshaber.com.tr\/habercim\/foto-galeri\/sehit-babasina-hakaret\/attachment\/1-15-768x201-2528\/","title":{"rendered":"\u015eehit babas\u0131na hakaret"},"author":2,"comment_status":"open","ping_status":"closed","template":"","meta":[],"description":{"rendered":"<p class=\"attachment\"><a href='https:\/\/adanaseshaber.com.tr\/habercim\/wp-content\/uploads\/2026\/07\/1-15-768x201-385.jpg'><img width=\"300\" height=\"79\" src=\"https:\/\/adanaseshaber.com.tr\/habercim\/wp-content\/uploads\/2026\/07\/1-15-768x201-385-300x79.jpg\" class=\"attachment-medium size-medium\" alt=\"\" loading=\"lazy\" srcset=\"https:\/\/adanaseshaber.com.tr\/habercim\/wp-content\/uploads\/2026\/07\/1-15-768x201-385-300x79.jpg 300w, https:\/\/adanaseshaber.com.tr\/habercim\/wp-content\/uploads\/2026\/07\/1-15-768x201-385.jpg 768w\" sizes=\"(max-width: 300px) 100vw, 300px\" \/><\/a><\/p>\n"},"caption":{"rendered":"<p>Sivas&#8217;ta hakk\u0131n\u0131 kullanarak otob\u00fcse \u00fccretsiz binen \u015fehit babas\u0131na &#8220;dilenci&#8221; diye hakaret edien \u00f6zel halk otob\u00fcs\u00fc \u015fof\u00f6r\u00fcn\u00fcn baca\u011f\u0131ndan vuruldu\u011fu \u00f6\u011frenildi. Baca\u011f\u0131ndan vurulan s\u00fcr\u00fcc\u00fc, tedavi edilmek \u00fczere hastaneye kald\u0131r\u0131ld\u0131.<br \/>\nSivas kent merkezinde \u00c7ayboyu Mahallesi hatt\u0131nda \u00e7al\u0131\u015fan bir \u00f6zel halk otob\u00fcs\u00fcnde meydana gelen olayda, aralar\u0131nda \u015fehit babas\u0131 Kaya Turan K\u0131ra\u00e7\u2019\u0131n da bulundu\u011fu yolcular\u0131 almadan duraktan ayr\u0131lan s\u00fcr\u00fcc\u00fc M.B., 1 saat sonra yeniden dura\u011fa geldi\u011finde yolcular\u0131n tepkisiyle kar\u015f\u0131la\u015fm\u0131\u015f, yolcular\u0131n \u00fczerine y\u00fcr\u00fcyen s\u00fcr\u00fcc\u00fc, \u015fehit babas\u0131 Kaya Turan K\u0131ra\u00e7\u2019a yasal hakk\u0131n\u0131 kullan\u0131p otob\u00fcse \u00fccretsiz bindi\u011fi i\u00e7in &#8220;dilenci&#8221; diyerek hakaret edip, darbetmeye kalkm\u0131\u015ft\u0131.<br \/>\nB\u00fcy\u00fck tepkiye neden olan g\u00f6r\u00fcnt\u00fcler sonras\u0131 s\u00fcr\u00fcc\u00fc g\u00f6revden al\u0131nm\u0131\u015f, 3 ay hak mahrumiyeti verilmi\u015fti.<\/p>\n<p>Emniyet g\u00fc\u00e7leri taraf\u0131ndan g\u00f6zalt\u0131na al\u0131nan s\u00fcr\u00fcc\u00fc, adliyeye sevk edildi\u011fi s\u0131rada &#8220;\u015euradan da \u00e7ekin&#8221; diyerek tepkilere neden olmu\u015ftu.<\/p>\n<p>S\u0130LAHLA YARALANDI<br \/>\nOlaydan yakla\u015f\u0131k 4 ay sonra otob\u00fcs s\u00fcr\u00fcc\u00fcs\u00fc M.B. silahla yaraland\u0131.<\/p>\n<p>Baca\u011f\u0131ndan vurulan s\u00fcr\u00fcc\u00fc, tedavi edilmek \u00fczere hastaneye kald\u0131r\u0131ld\u0131.<\/p>\n<p>Olayla ilgili inceleme s\u00fcr\u00fcyor.<\/p>\n<p>Kaynak : cumhuriyet.com.tr<\/p>\n"},"alt_text":"","media_type":"image","mime_type":"image\/jpeg","media_details":{"width":768,"height":201,"file":"2026\/07\/1-15-768x201-385.jpg","sizes":{"medium":{"file":"1-15-768x201-385-300x79.jpg","width":300,"height":79,"mime_type":"image\/jpeg","source_url":"https:\/\/adanaseshaber.com.tr\/habercim\/wp-content\/uploads\/2026\/07\/1-15-768x201-385-300x79.jpg"},"thumbnail":{"file":"1-15-768x201-385-150x150.jpg","width":150,"height":150,"mime_type":"image\/jpeg","source_url":"https:\/\/adanaseshaber.com.tr\/habercim\/wp-content\/uploads\/2026\/07\/1-15-768x201-385-150x150.jpg"},"kucukResim":{"file":"1-15-768x201-385-80x50.jpg","width":80,"height":50,"mime_type":"image\/jpeg","source_url":"https:\/\/adanaseshaber.com.tr\/habercim\/wp-content\/uploads\/2026\/07\/1-15-768x201-385-80x50.jpg"},"sliderResim":{"file":"1-15-768x201-385-670x201.jpg","width":670,"height":201,"mime_type":"image\/jpeg","source_url":"https:\/\/adanaseshaber.com.tr\/habercim\/wp-content\/uploads\/2026\/07\/1-15-768x201-385-670x201.jpg"},"resim1":{"file":"1-15-768x201-385-184x140.jpg","width":184,"height":140,"mime_type":"image\/jpeg","source_url":"https:\/\/adanaseshaber.com.tr\/habercim\/wp-content\/uploads\/2026\/07\/1-15-768x201-385-184x140.jpg"},"resim2":{"file":"1-15-768x201-385-216x103.jpg","width":216,"height":103,"mime_type":"image\/jpeg","source_url":"https:\/\/adanaseshaber.com.tr\/habercim\/wp-content\/uploads\/2026\/07\/1-15-768x201-385-216x103.jpg"},"resim3":{"file":"1-15-768x201-385-145x70.jpg","width":145,"height":70,"mime_type":"image\/jpeg","source_url":"https:\/\/adanaseshaber.com.tr\/habercim\/wp-content\/uploads\/2026\/07\/1-15-768x201-385-145x70.jpg"},"sagSlider":{"file":"1-15-768x201-385-300x150.jpg","width":300,"height":150,"mime_type":"image\/jpeg","source_url":"https:\/\/adanaseshaber.com.tr\/habercim\/wp-content\/uploads\/2026\/07\/1-15-768x201-385-300x150.jpg"},"yeniSlider":{"file":"1-15-768x201-385-500x201.jpg","width":500,"height":201,"mime_type":"image\/jpeg","source_url":"https:\/\/adanaseshaber.com.tr\/habercim\/wp-content\/uploads\/2026\/07\/1-15-768x201-385-500x201.jpg"},"full":{"file":"1-15-768x201-385.jpg","width":768,"height":201,"mime_type":"image\/jpeg","source_url":"https:\/\/adanaseshaber.com.tr\/habercim\/wp-content\/uploads\/2026\/07\/1-15-768x201-385.jpg"}},"image_meta":{"aperture":"0","credit":"","camera":"","caption":"","created_timestamp":"0","copyright":"","focal_length":"0","iso":"0","shutter_speed":"0","title":"","orientation":"0","keywords":[]}},"post":51539,"source_url":"https:\/\/adanaseshaber.com.tr\/habercim\/wp-content\/uploads\/2026\/07\/1-15-768x201-385.jpg","_links":{"self":[{"href":"https:\/\/adanaseshaber.com.tr\/habercim\/wp-json\/wp\/v2\/media\/51541"}],"collection":[{"href":"https:\/\/adanaseshaber.com.tr\/habercim\/wp-json\/wp\/v2\/media"}],"about":[{"href":"https:\/\/adanaseshaber.com.tr\/habercim\/wp-json\/wp\/v2\/types\/attachment"}],"author":[{"embeddable":true,"href":"https:\/\/adanaseshaber.com.tr\/habercim\/wp-json\/wp\/v2\/users\/2"}],"replies":[{"embeddable":true,"href":"https:\/\/adanaseshaber.com.tr\/habercim\/wp-json\/wp\/v2\/comments?post=51541"}]}}

Şehit babasına hakaret

<p>Sivas&#8217;ta hakkını kullanarak otobüse ücretsiz binen şehit babasına &#8220;dilenci&#8221; diye hakaret edien özel halk otobüsü şoförünün bacağından vurulduğu öğrenildi. Bacağından vurulan sürücü, tedavi edilmek üzere hastaneye kaldırıldı.<br />
Sivas kent merkezinde Çayboyu Mahallesi hattında çalışan bir özel halk otobüsünde meydana gelen olayda, aralarında şehit babası Kaya Turan Kıraç’ın da bulunduğu yolcuları almadan duraktan ayrılan sürücü M.B., 1 saat sonra yeniden durağa geldiğinde yolcuların tepkisiyle karşılaşmış, yolcuların üzerine yürüyen sürücü, şehit babası Kaya Turan Kıraç’a yasal hakkını kullanıp otobüse ücretsiz bindiği için &#8220;dilenci&#8221; diyerek hakaret edip, darbetmeye kalkmıştı.<br />
Büyük tepkiye neden olan görüntüler sonrası sürücü görevden alınmış, 3 ay hak mahrumiyeti verilmişti.</p>
<p>Emniyet güçleri tarafından gözaltına alınan sürücü, adliyeye sevk edildiği sırada &#8220;Şuradan da çekin&#8221; diyerek tepkilere neden olmuştu.</p>
<p>SİLAHLA YARALANDI<br />
Olaydan yaklaşık 4 ay sonra otobüs sürücüsü M.B. silahla yaralandı.</p>
<p>Bacağından vurulan sürücü, tedavi edilmek üzere hastaneye kaldırıldı.</p>
<p>Olayla ilgili inceleme sürüyor.</p>
<p>Kaynak : cumhuriyet.com.tr</p>
