{"id":51551,"date":"2026-07-28T17:59:50","date_gmt":"2026-07-28T14:59:50","guid":{"rendered":"https:\/\/adanaseshaber.com.tr\/habercim\/wp-content\/uploads\/2026\/07\/1-15-768x201-389.jpg"},"modified":"2026-07-28T18:01:00","modified_gmt":"2026-07-28T15:01:00","slug":"1-15-768x201-2532","status":"inherit","type":"attachment","link":"https:\/\/adanaseshaber.com.tr\/habercim\/foto-galeri\/ege-bolgesi\/attachment\/1-15-768x201-2532\/","title":{"rendered":"Ege B\u00f6lgesi"},"author":2,"comment_status":"open","ping_status":"closed","template":"","meta":[],"description":{"rendered":"<p class=\"attachment\"><a href='https:\/\/adanaseshaber.com.tr\/habercim\/wp-content\/uploads\/2026\/07\/1-15-768x201-389.jpg'><img width=\"300\" height=\"79\" src=\"https:\/\/adanaseshaber.com.tr\/habercim\/wp-content\/uploads\/2026\/07\/1-15-768x201-389-300x79.jpg\" class=\"attachment-medium size-medium\" alt=\"\" loading=\"lazy\" srcset=\"https:\/\/adanaseshaber.com.tr\/habercim\/wp-content\/uploads\/2026\/07\/1-15-768x201-389-300x79.jpg 300w, https:\/\/adanaseshaber.com.tr\/habercim\/wp-content\/uploads\/2026\/07\/1-15-768x201-389.jpg 768w\" sizes=\"(max-width: 300px) 100vw, 300px\" \/><\/a><\/p>\n"},"caption":{"rendered":"<p>Afet ve Acil Durum Y\u00f6netimi Ba\u015fkanl\u0131\u011f\u0131 (AFAD), Ege Denizi&#8217;nde 3,8 b\u00fcy\u00fckl\u00fc\u011f\u00fcnde bir deprem meydana geldi\u011fini a\u00e7\u0131klad\u0131.<br \/>\nAfet ve Acil Durum Y\u00f6netimi Ba\u015fkanl\u0131\u011f\u0131 (AFAD), Ege Denizi&#8217;nde 3,8 b\u00fcy\u00fckl\u00fc\u011f\u00fcnde bir deprem meydana geldi\u011fini a\u00e7\u0131klad\u0131.<br \/>\nAFAD&#8217;\u0131n payla\u015ft\u0131\u011f\u0131 verilere g\u00f6re deprem, 28 Temmuz 2026 saat 11.30&#8217;da kaydedildi.<br \/>\nAFAD&#8217;\u0131n internet sitesinde yer alan bilgilere g\u00f6re depremin;<\/p>\n<p>B\u00fcy\u00fckl\u00fc\u011f\u00fc: 3,8<br \/>\nMerkez \u00fcss\u00fc: Ege Denizi<br \/>\nDerinli\u011fi: 7 kilometre olarak \u00f6l\u00e7\u00fcld\u00fc.<br \/>\nAFAD: Ege Denizi&#8217;nde 3,8 b\u00fcy\u00fckl\u00fc\u011f\u00fcnde deprem<br \/>\nDepremin derinli\u011fi 7 kilometre<\/p>\n"},"alt_text":"","media_type":"image","mime_type":"image\/jpeg","media_details":{"width":768,"height":201,"file":"2026\/07\/1-15-768x201-389.jpg","sizes":{"medium":{"file":"1-15-768x201-389-300x79.jpg","width":300,"height":79,"mime_type":"image\/jpeg","source_url":"https:\/\/adanaseshaber.com.tr\/habercim\/wp-content\/uploads\/2026\/07\/1-15-768x201-389-300x79.jpg"},"thumbnail":{"file":"1-15-768x201-389-150x150.jpg","width":150,"height":150,"mime_type":"image\/jpeg","source_url":"https:\/\/adanaseshaber.com.tr\/habercim\/wp-content\/uploads\/2026\/07\/1-15-768x201-389-150x150.jpg"},"kucukResim":{"file":"1-15-768x201-389-80x50.jpg","width":80,"height":50,"mime_type":"image\/jpeg","source_url":"https:\/\/adanaseshaber.com.tr\/habercim\/wp-content\/uploads\/2026\/07\/1-15-768x201-389-80x50.jpg"},"sliderResim":{"file":"1-15-768x201-389-670x201.jpg","width":670,"height":201,"mime_type":"image\/jpeg","source_url":"https:\/\/adanaseshaber.com.tr\/habercim\/wp-content\/uploads\/2026\/07\/1-15-768x201-389-670x201.jpg"},"resim1":{"file":"1-15-768x201-389-184x140.jpg","width":184,"height":140,"mime_type":"image\/jpeg","source_url":"https:\/\/adanaseshaber.com.tr\/habercim\/wp-content\/uploads\/2026\/07\/1-15-768x201-389-184x140.jpg"},"resim2":{"file":"1-15-768x201-389-216x103.jpg","width":216,"height":103,"mime_type":"image\/jpeg","source_url":"https:\/\/adanaseshaber.com.tr\/habercim\/wp-content\/uploads\/2026\/07\/1-15-768x201-389-216x103.jpg"},"resim3":{"file":"1-15-768x201-389-145x70.jpg","width":145,"height":70,"mime_type":"image\/jpeg","source_url":"https:\/\/adanaseshaber.com.tr\/habercim\/wp-content\/uploads\/2026\/07\/1-15-768x201-389-145x70.jpg"},"sagSlider":{"file":"1-15-768x201-389-300x150.jpg","width":300,"height":150,"mime_type":"image\/jpeg","source_url":"https:\/\/adanaseshaber.com.tr\/habercim\/wp-content\/uploads\/2026\/07\/1-15-768x201-389-300x150.jpg"},"yeniSlider":{"file":"1-15-768x201-389-500x201.jpg","width":500,"height":201,"mime_type":"image\/jpeg","source_url":"https:\/\/adanaseshaber.com.tr\/habercim\/wp-content\/uploads\/2026\/07\/1-15-768x201-389-500x201.jpg"},"full":{"file":"1-15-768x201-389.jpg","width":768,"height":201,"mime_type":"image\/jpeg","source_url":"https:\/\/adanaseshaber.com.tr\/habercim\/wp-content\/uploads\/2026\/07\/1-15-768x201-389.jpg"}},"image_meta":{"aperture":"0","credit":"","camera":"","caption":"","created_timestamp":"0","copyright":"","focal_length":"0","iso":"0","shutter_speed":"0","title":"","orientation":"0","keywords":[]}},"post":51549,"source_url":"https:\/\/adanaseshaber.com.tr\/habercim\/wp-content\/uploads\/2026\/07\/1-15-768x201-389.jpg","_links":{"self":[{"href":"https:\/\/adanaseshaber.com.tr\/habercim\/wp-json\/wp\/v2\/media\/51551"}],"collection":[{"href":"https:\/\/adanaseshaber.com.tr\/habercim\/wp-json\/wp\/v2\/media"}],"about":[{"href":"https:\/\/adanaseshaber.com.tr\/habercim\/wp-json\/wp\/v2\/types\/attachment"}],"author":[{"embeddable":true,"href":"https:\/\/adanaseshaber.com.tr\/habercim\/wp-json\/wp\/v2\/users\/2"}],"replies":[{"embeddable":true,"href":"https:\/\/adanaseshaber.com.tr\/habercim\/wp-json\/wp\/v2\/comments?post=51551"}]}}

Ege Bölgesi

<p>Afet ve Acil Durum Yönetimi Başkanlığı (AFAD), Ege Denizi&#8217;nde 3,8 büyüklüğünde bir deprem meydana geldiğini açıkladı.<br />
Afet ve Acil Durum Yönetimi Başkanlığı (AFAD), Ege Denizi&#8217;nde 3,8 büyüklüğünde bir deprem meydana geldiğini açıkladı.<br />
AFAD&#8217;ın paylaştığı verilere göre deprem, 28 Temmuz 2026 saat 11.30&#8217;da kaydedildi.<br />
AFAD&#8217;ın internet sitesinde yer alan bilgilere göre depremin;</p>
<p>Büyüklüğü: 3,8<br />
Merkez üssü: Ege Denizi<br />
Derinliği: 7 kilometre olarak ölçüldü.<br />
AFAD: Ege Denizi&#8217;nde 3,8 büyüklüğünde deprem<br />
Depremin derinliği 7 kilometre</p>
