{"id":51566,"date":"2026-07-28T19:57:49","date_gmt":"2026-07-28T16:57:49","guid":{"rendered":"https:\/\/adanaseshaber.com.tr\/habercim\/wp-content\/uploads\/2026\/07\/1-15-768x201-395.jpg"},"modified":"2026-07-28T19:58:20","modified_gmt":"2026-07-28T16:58:20","slug":"1-15-768x201-2538","status":"inherit","type":"attachment","link":"https:\/\/adanaseshaber.com.tr\/habercim\/foto-galeri\/7ye-yukseldi-uzmanlar-acikladi\/attachment\/1-15-768x201-2538\/","title":{"rendered":"7\u2019ye y\u00fckseldi uzmanlar a\u00e7\u0131klad\u0131"},"author":2,"comment_status":"open","ping_status":"closed","template":"","meta":[],"description":{"rendered":"<p class=\"attachment\"><a href='https:\/\/adanaseshaber.com.tr\/habercim\/wp-content\/uploads\/2026\/07\/1-15-768x201-395.jpg'><img width=\"300\" height=\"79\" src=\"https:\/\/adanaseshaber.com.tr\/habercim\/wp-content\/uploads\/2026\/07\/1-15-768x201-395-300x79.jpg\" class=\"attachment-medium size-medium\" alt=\"\" loading=\"lazy\" srcset=\"https:\/\/adanaseshaber.com.tr\/habercim\/wp-content\/uploads\/2026\/07\/1-15-768x201-395-300x79.jpg 300w, https:\/\/adanaseshaber.com.tr\/habercim\/wp-content\/uploads\/2026\/07\/1-15-768x201-395.jpg 768w\" sizes=\"(max-width: 300px) 100vw, 300px\" \/><\/a><\/p>\n"},"caption":{"rendered":"<p>Sivas\u2019ta kene tutunmas\u0131 sonucu rahats\u0131zlanan kad\u0131n tedavi g\u00f6rd\u00fc\u011f\u00fc hastanede vefat etti.<br \/>\nEdinilen bilgiye g\u00f6re, Sivas\u2019\u0131n Koyulhisar il\u00e7esi Aksu k\u00f6y\u00fc s\u0131n\u0131rlar\u0131 i\u00e7erisindeki Evelikli yaylas\u0131nda ikamet eden S.A (55) y\u00fcksek ate\u015f \u015fikayetiyle il\u00e7edeki hastaneye ba\u015fvurdu.<br \/>\n\u00d6l\u00fcmc\u00fcl kenelerden yay\u0131lan, K\u0131r\u0131m Kongo Kanamal\u0131 Ate\u015fi (KKKA) vir\u00fcs\u00fc \u015f\u00fcphesi ile Sivas Cumhuriyet \u00dcniversitesi Hastanesi\u2019ne sevk edildi. S.A, burada 4 g\u00fcn s\u00fcren tedaviye ra\u011fmen kurtar\u0131lamayarak bug\u00fcn vefat etti. \u00d6l\u00fcmc\u00fcl kene tutunmas\u0131 nedeniyle bu y\u0131l \u00f6lenlerin say\u0131s\u0131 7\u2019ye y\u00fckseldi.<br \/>\nS.A\u2019n\u0131n v\u00fccuduna yap\u0131\u015fan keneye kendi imkanlar\u0131 ile \u00e7\u0131kartmas\u0131 sonucu rahats\u0131zland\u0131\u011f\u0131 ileri s\u00fcr\u00fcld\u00fc.<\/p>\n<p>Kaynak : hurriyet.com.tr<\/p>\n"},"alt_text":"","media_type":"image","mime_type":"image\/jpeg","media_details":{"width":768,"height":201,"file":"2026\/07\/1-15-768x201-395.jpg","sizes":{"medium":{"file":"1-15-768x201-395-300x79.jpg","width":300,"height":79,"mime_type":"image\/jpeg","source_url":"https:\/\/adanaseshaber.com.tr\/habercim\/wp-content\/uploads\/2026\/07\/1-15-768x201-395-300x79.jpg"},"thumbnail":{"file":"1-15-768x201-395-150x150.jpg","width":150,"height":150,"mime_type":"image\/jpeg","source_url":"https:\/\/adanaseshaber.com.tr\/habercim\/wp-content\/uploads\/2026\/07\/1-15-768x201-395-150x150.jpg"},"kucukResim":{"file":"1-15-768x201-395-80x50.jpg","width":80,"height":50,"mime_type":"image\/jpeg","source_url":"https:\/\/adanaseshaber.com.tr\/habercim\/wp-content\/uploads\/2026\/07\/1-15-768x201-395-80x50.jpg"},"sliderResim":{"file":"1-15-768x201-395-670x201.jpg","width":670,"height":201,"mime_type":"image\/jpeg","source_url":"https:\/\/adanaseshaber.com.tr\/habercim\/wp-content\/uploads\/2026\/07\/1-15-768x201-395-670x201.jpg"},"resim1":{"file":"1-15-768x201-395-184x140.jpg","width":184,"height":140,"mime_type":"image\/jpeg","source_url":"https:\/\/adanaseshaber.com.tr\/habercim\/wp-content\/uploads\/2026\/07\/1-15-768x201-395-184x140.jpg"},"resim2":{"file":"1-15-768x201-395-216x103.jpg","width":216,"height":103,"mime_type":"image\/jpeg","source_url":"https:\/\/adanaseshaber.com.tr\/habercim\/wp-content\/uploads\/2026\/07\/1-15-768x201-395-216x103.jpg"},"resim3":{"file":"1-15-768x201-395-145x70.jpg","width":145,"height":70,"mime_type":"image\/jpeg","source_url":"https:\/\/adanaseshaber.com.tr\/habercim\/wp-content\/uploads\/2026\/07\/1-15-768x201-395-145x70.jpg"},"sagSlider":{"file":"1-15-768x201-395-300x150.jpg","width":300,"height":150,"mime_type":"image\/jpeg","source_url":"https:\/\/adanaseshaber.com.tr\/habercim\/wp-content\/uploads\/2026\/07\/1-15-768x201-395-300x150.jpg"},"yeniSlider":{"file":"1-15-768x201-395-500x201.jpg","width":500,"height":201,"mime_type":"image\/jpeg","source_url":"https:\/\/adanaseshaber.com.tr\/habercim\/wp-content\/uploads\/2026\/07\/1-15-768x201-395-500x201.jpg"},"full":{"file":"1-15-768x201-395.jpg","width":768,"height":201,"mime_type":"image\/jpeg","source_url":"https:\/\/adanaseshaber.com.tr\/habercim\/wp-content\/uploads\/2026\/07\/1-15-768x201-395.jpg"}},"image_meta":{"aperture":"0","credit":"","camera":"","caption":"","created_timestamp":"0","copyright":"","focal_length":"0","iso":"0","shutter_speed":"0","title":"","orientation":"0","keywords":[]}},"post":51564,"source_url":"https:\/\/adanaseshaber.com.tr\/habercim\/wp-content\/uploads\/2026\/07\/1-15-768x201-395.jpg","_links":{"self":[{"href":"https:\/\/adanaseshaber.com.tr\/habercim\/wp-json\/wp\/v2\/media\/51566"}],"collection":[{"href":"https:\/\/adanaseshaber.com.tr\/habercim\/wp-json\/wp\/v2\/media"}],"about":[{"href":"https:\/\/adanaseshaber.com.tr\/habercim\/wp-json\/wp\/v2\/types\/attachment"}],"author":[{"embeddable":true,"href":"https:\/\/adanaseshaber.com.tr\/habercim\/wp-json\/wp\/v2\/users\/2"}],"replies":[{"embeddable":true,"href":"https:\/\/adanaseshaber.com.tr\/habercim\/wp-json\/wp\/v2\/comments?post=51566"}]}}

7’ye yükseldi uzmanlar açıkladı

<p>Sivas’ta kene tutunması sonucu rahatsızlanan kadın tedavi gördüğü hastanede vefat etti.<br />
Edinilen bilgiye göre, Sivas’ın Koyulhisar ilçesi Aksu köyü sınırları içerisindeki Evelikli yaylasında ikamet eden S.A (55) yüksek ateş şikayetiyle ilçedeki hastaneye başvurdu.<br />
Ölümcül kenelerden yayılan, Kırım Kongo Kanamalı Ateşi (KKKA) virüsü şüphesi ile Sivas Cumhuriyet Üniversitesi Hastanesi’ne sevk edildi. S.A, burada 4 gün süren tedaviye rağmen kurtarılamayarak bugün vefat etti. Ölümcül kene tutunması nedeniyle bu yıl ölenlerin sayısı 7’ye yükseldi.<br />
S.A’nın vücuduna yapışan keneye kendi imkanları ile çıkartması sonucu rahatsızlandığı ileri sürüldü.</p>
<p>Kaynak : hurriyet.com.tr</p>
