{"id":51596,"date":"2026-07-29T19:20:08","date_gmt":"2026-07-29T16:20:08","guid":{"rendered":"https:\/\/adanaseshaber.com.tr\/habercim\/wp-content\/uploads\/2026\/07\/62f0d72a50acca3394b245d0-1.webp"},"modified":"2026-07-29T19:20:34","modified_gmt":"2026-07-29T16:20:34","slug":"62f0d72a50acca3394b245d0-3","status":"inherit","type":"attachment","link":"https:\/\/adanaseshaber.com.tr\/habercim\/foto-galeri\/ust-uste\/attachment\/62f0d72a50acca3394b245d0-3\/","title":{"rendered":"\u00dcst \u00fcste"},"author":2,"comment_status":"open","ping_status":"closed","template":"","meta":[],"description":{"rendered":"<p class=\"attachment\"><a href='https:\/\/adanaseshaber.com.tr\/habercim\/wp-content\/uploads\/2026\/07\/62f0d72a50acca3394b245d0-1.webp'><img width=\"300\" height=\"168\" src=\"https:\/\/adanaseshaber.com.tr\/habercim\/wp-content\/uploads\/2026\/07\/62f0d72a50acca3394b245d0-1-300x168.webp\" class=\"attachment-medium size-medium\" alt=\"\" loading=\"lazy\" srcset=\"https:\/\/adanaseshaber.com.tr\/habercim\/wp-content\/uploads\/2026\/07\/62f0d72a50acca3394b245d0-1-300x168.webp 300w, https:\/\/adanaseshaber.com.tr\/habercim\/wp-content\/uploads\/2026\/07\/62f0d72a50acca3394b245d0-1.webp 750w\" sizes=\"(max-width: 300px) 100vw, 300px\" \/><\/a><\/p>\n"},"caption":{"rendered":"<p>Kahramanmara\u015f\u2019ta, bir evin bah\u00e7esinde yap\u0131lan ve arkeologlar\u0131n da kat\u0131ld\u0131\u011f\u0131 kaz\u0131da, 25 y\u0131ld\u0131r kay\u0131p olan A.T. ile k\u0131z\u0131 Z.T.\u2019nin cesetlerine ula\u015f\u0131ld\u0131. H.T.\u2019nin (75), 1997\u2019de namus meselesi y\u00fcz\u00fcnden tart\u0131\u015ft\u0131\u011f\u0131 kocas\u0131n\u0131, 3 y\u0131l sonra da k\u0131z\u0131n\u0131 \u00f6ld\u00fcr\u00fcp evin bah\u00e7esine \u00fcst \u00fcste g\u00f6md\u00fc\u011f\u00fc belirlendi. Su\u00e7unu itiraf edip cesetlerin yerini g\u00f6steren H.T. ve o\u011flunun da aralar\u0131nda oldu\u011fu 6 ki\u015fi g\u00f6zalt\u0131na al\u0131nd\u0131. Neden yapt\u0131\u011f\u0131 ise herkesi \u015foke etti bile\u2026<\/p>\n<p>devam\u0131 sonraki sayfada.. g\u00f6rsel \u00fczerinden do2\u2019kununuz ge\u00e7ebilirsiniz\u2026<\/p>\n"},"alt_text":"","media_type":"image","mime_type":"image\/webp","media_details":{"width":750,"height":421,"file":"2026\/07\/62f0d72a50acca3394b245d0-1.webp","sizes":{"medium":{"file":"62f0d72a50acca3394b245d0-1-300x168.webp","width":300,"height":168,"mime_type":"image\/webp","source_url":"https:\/\/adanaseshaber.com.tr\/habercim\/wp-content\/uploads\/2026\/07\/62f0d72a50acca3394b245d0-1-300x168.webp"},"thumbnail":{"file":"62f0d72a50acca3394b245d0-1-150x150.webp","width":150,"height":150,"mime_type":"image\/webp","source_url":"https:\/\/adanaseshaber.com.tr\/habercim\/wp-content\/uploads\/2026\/07\/62f0d72a50acca3394b245d0-1-150x150.webp"},"kucukResim":{"file":"62f0d72a50acca3394b245d0-1-80x50.webp","width":80,"height":50,"mime_type":"image\/webp","source_url":"https:\/\/adanaseshaber.com.tr\/habercim\/wp-content\/uploads\/2026\/07\/62f0d72a50acca3394b245d0-1-80x50.webp"},"sliderResim":{"file":"62f0d72a50acca3394b245d0-1-670x330.webp","width":670,"height":330,"mime_type":"image\/webp","source_url":"https:\/\/adanaseshaber.com.tr\/habercim\/wp-content\/uploads\/2026\/07\/62f0d72a50acca3394b245d0-1-670x330.webp"},"resim1":{"file":"62f0d72a50acca3394b245d0-1-184x140.webp","width":184,"height":140,"mime_type":"image\/webp","source_url":"https:\/\/adanaseshaber.com.tr\/habercim\/wp-content\/uploads\/2026\/07\/62f0d72a50acca3394b245d0-1-184x140.webp"},"resim2":{"file":"62f0d72a50acca3394b245d0-1-216x103.webp","width":216,"height":103,"mime_type":"image\/webp","source_url":"https:\/\/adanaseshaber.com.tr\/habercim\/wp-content\/uploads\/2026\/07\/62f0d72a50acca3394b245d0-1-216x103.webp"},"resim3":{"file":"62f0d72a50acca3394b245d0-1-145x70.webp","width":145,"height":70,"mime_type":"image\/webp","source_url":"https:\/\/adanaseshaber.com.tr\/habercim\/wp-content\/uploads\/2026\/07\/62f0d72a50acca3394b245d0-1-145x70.webp"},"sagSlider":{"file":"62f0d72a50acca3394b245d0-1-300x150.webp","width":300,"height":150,"mime_type":"image\/webp","source_url":"https:\/\/adanaseshaber.com.tr\/habercim\/wp-content\/uploads\/2026\/07\/62f0d72a50acca3394b245d0-1-300x150.webp"},"yeniSlider":{"file":"62f0d72a50acca3394b245d0-1-500x290.webp","width":500,"height":290,"mime_type":"image\/webp","source_url":"https:\/\/adanaseshaber.com.tr\/habercim\/wp-content\/uploads\/2026\/07\/62f0d72a50acca3394b245d0-1-500x290.webp"},"full":{"file":"62f0d72a50acca3394b245d0-1.webp","width":750,"height":421,"mime_type":"image\/webp","source_url":"https:\/\/adanaseshaber.com.tr\/habercim\/wp-content\/uploads\/2026\/07\/62f0d72a50acca3394b245d0-1.webp"}},"image_meta":{"aperture":"0","credit":"","camera":"","caption":"","created_timestamp":"0","copyright":"","focal_length":"0","iso":"0","shutter_speed":"0","title":"","orientation":"0","keywords":[]}},"post":51595,"source_url":"https:\/\/adanaseshaber.com.tr\/habercim\/wp-content\/uploads\/2026\/07\/62f0d72a50acca3394b245d0-1.webp","_links":{"self":[{"href":"https:\/\/adanaseshaber.com.tr\/habercim\/wp-json\/wp\/v2\/media\/51596"}],"collection":[{"href":"https:\/\/adanaseshaber.com.tr\/habercim\/wp-json\/wp\/v2\/media"}],"about":[{"href":"https:\/\/adanaseshaber.com.tr\/habercim\/wp-json\/wp\/v2\/types\/attachment"}],"author":[{"embeddable":true,"href":"https:\/\/adanaseshaber.com.tr\/habercim\/wp-json\/wp\/v2\/users\/2"}],"replies":[{"embeddable":true,"href":"https:\/\/adanaseshaber.com.tr\/habercim\/wp-json\/wp\/v2\/comments?post=51596"}]}}

Üst üste

<p>Kahramanmaraş’ta, bir evin bahçesinde yapılan ve arkeologların da katıldığı kazıda, 25 yıldır kayıp olan A.T. ile kızı Z.T.’nin cesetlerine ulaşıldı. H.T.’nin (75), 1997’de namus meselesi yüzünden tartıştığı kocasını, 3 yıl sonra da kızını öldürüp evin bahçesine üst üste gömdüğü belirlendi. Suçunu itiraf edip cesetlerin yerini gösteren H.T. ve oğlunun da aralarında olduğu 6 kişi gözaltına alındı. Neden yaptığı ise herkesi şoke etti bile…</p>
<p>devamı sonraki sayfada.. görsel üzerinden do2’kununuz geçebilirsiniz…</p>
