{"id":51607,"date":"2026-07-29T21:58:10","date_gmt":"2026-07-29T18:58:10","guid":{"rendered":"https:\/\/adanaseshaber.com.tr\/habercim\/wp-content\/uploads\/2026\/07\/1-15-768x201-411.jpg"},"modified":"2026-07-29T22:01:32","modified_gmt":"2026-07-29T19:01:32","slug":"1-15-768x201-2554","status":"inherit","type":"attachment","link":"https:\/\/adanaseshaber.com.tr\/habercim\/foto-galeri\/eren-kasikci-evinde\/attachment\/1-15-768x201-2554\/","title":{"rendered":"Eren Ka\u015f\u0131k\u00e7\u0131 evinde"},"author":2,"comment_status":"open","ping_status":"closed","template":"","meta":[],"description":{"rendered":"<p class=\"attachment\"><a href='https:\/\/adanaseshaber.com.tr\/habercim\/wp-content\/uploads\/2026\/07\/1-15-768x201-411.jpg'><img width=\"300\" height=\"79\" src=\"https:\/\/adanaseshaber.com.tr\/habercim\/wp-content\/uploads\/2026\/07\/1-15-768x201-411-300x79.jpg\" class=\"attachment-medium size-medium\" alt=\"\" loading=\"lazy\" srcset=\"https:\/\/adanaseshaber.com.tr\/habercim\/wp-content\/uploads\/2026\/07\/1-15-768x201-411-300x79.jpg 300w, https:\/\/adanaseshaber.com.tr\/habercim\/wp-content\/uploads\/2026\/07\/1-15-768x201-411.jpg 768w\" sizes=\"(max-width: 300px) 100vw, 300px\" \/><\/a><\/p>\n"},"caption":{"rendered":"<p>Yak\u0131nlar\u0131n\u0131n Kilyos&#8217;taki evinde tek ya\u015fayan Ka\u015f\u0131k\u00e7\u0131&#8217;dan d\u00fcnden beri haber alamad\u0131\u011f\u0131 \u00f6\u011frenildi.<br \/>\n\u0130hbar sonras\u0131 olay yerine \u00e7a\u011fr\u0131lan sa\u011fl\u0131k ekiplerinin yapt\u0131\u011f\u0131 ilk incelemelerde Ka\u015f\u0131k\u00e7\u0131&#8217;n\u0131n hayat\u0131n\u0131 kaybetti\u011fi belirlendi.<br \/>\nJandarma ekiplerinin olay yerindeki incelemesinin ard\u0131ndan Ka\u015f\u0131k\u00e7\u0131&#8217;n\u0131n cenazesi Adli T\u0131p Kurumu morguna kald\u0131r\u0131ld\u0131.<br \/>\nOlayla ilgili soru\u015fturma ba\u015flat\u0131ld\u0131.<br \/>\nEREN KA\u015eIK\u00c7I&#8217;NIN \u00d6L\u00dcM NEDEN\u0130 HEN\u00dcZ BELL\u0130 DE\u011e\u0130L<br \/>\nEren Ka\u015f\u0131k\u00e7\u0131&#8217;n\u0131n ani ve \u015f\u00fcpheli \u00f6l\u00fcm\u00fc gastronomi d\u00fcnyas\u0131nda ve sevenleri aras\u0131nda b\u00fcy\u00fck \u015fok yaratt\u0131. \u00dcnl\u00fc ismin \u00f6l\u00fcm nedeninin hen\u00fcz netle\u015fmedi\u011fi \u00f6\u011frenildi.<br \/>\n\u00dcnl\u00fc ismin cans\u0131z bedeni, olay yerindeki incelemelerin ard\u0131ndan Adli T\u0131p Kurumu morguna kald\u0131r\u0131ld\u0131. Ka\u015f\u0131k\u00e7\u0131&#8217;n\u0131n ailesi ve yak\u0131nlar\u0131n\u0131n g\u00f6zya\u015flar\u0131na bo\u011fuldu\u011fu \u00f6\u011frenildi.<\/p>\n"},"alt_text":"","media_type":"image","mime_type":"image\/jpeg","media_details":{"width":768,"height":201,"file":"2026\/07\/1-15-768x201-411.jpg","sizes":{"medium":{"file":"1-15-768x201-411-300x79.jpg","width":300,"height":79,"mime_type":"image\/jpeg","source_url":"https:\/\/adanaseshaber.com.tr\/habercim\/wp-content\/uploads\/2026\/07\/1-15-768x201-411-300x79.jpg"},"thumbnail":{"file":"1-15-768x201-411-150x150.jpg","width":150,"height":150,"mime_type":"image\/jpeg","source_url":"https:\/\/adanaseshaber.com.tr\/habercim\/wp-content\/uploads\/2026\/07\/1-15-768x201-411-150x150.jpg"},"kucukResim":{"file":"1-15-768x201-411-80x50.jpg","width":80,"height":50,"mime_type":"image\/jpeg","source_url":"https:\/\/adanaseshaber.com.tr\/habercim\/wp-content\/uploads\/2026\/07\/1-15-768x201-411-80x50.jpg"},"sliderResim":{"file":"1-15-768x201-411-670x201.jpg","width":670,"height":201,"mime_type":"image\/jpeg","source_url":"https:\/\/adanaseshaber.com.tr\/habercim\/wp-content\/uploads\/2026\/07\/1-15-768x201-411-670x201.jpg"},"resim1":{"file":"1-15-768x201-411-184x140.jpg","width":184,"height":140,"mime_type":"image\/jpeg","source_url":"https:\/\/adanaseshaber.com.tr\/habercim\/wp-content\/uploads\/2026\/07\/1-15-768x201-411-184x140.jpg"},"resim2":{"file":"1-15-768x201-411-216x103.jpg","width":216,"height":103,"mime_type":"image\/jpeg","source_url":"https:\/\/adanaseshaber.com.tr\/habercim\/wp-content\/uploads\/2026\/07\/1-15-768x201-411-216x103.jpg"},"resim3":{"file":"1-15-768x201-411-145x70.jpg","width":145,"height":70,"mime_type":"image\/jpeg","source_url":"https:\/\/adanaseshaber.com.tr\/habercim\/wp-content\/uploads\/2026\/07\/1-15-768x201-411-145x70.jpg"},"sagSlider":{"file":"1-15-768x201-411-300x150.jpg","width":300,"height":150,"mime_type":"image\/jpeg","source_url":"https:\/\/adanaseshaber.com.tr\/habercim\/wp-content\/uploads\/2026\/07\/1-15-768x201-411-300x150.jpg"},"yeniSlider":{"file":"1-15-768x201-411-500x201.jpg","width":500,"height":201,"mime_type":"image\/jpeg","source_url":"https:\/\/adanaseshaber.com.tr\/habercim\/wp-content\/uploads\/2026\/07\/1-15-768x201-411-500x201.jpg"},"full":{"file":"1-15-768x201-411.jpg","width":768,"height":201,"mime_type":"image\/jpeg","source_url":"https:\/\/adanaseshaber.com.tr\/habercim\/wp-content\/uploads\/2026\/07\/1-15-768x201-411.jpg"}},"image_meta":{"aperture":"0","credit":"","camera":"","caption":"","created_timestamp":"0","copyright":"","focal_length":"0","iso":"0","shutter_speed":"0","title":"","orientation":"0","keywords":[]}},"post":51605,"source_url":"https:\/\/adanaseshaber.com.tr\/habercim\/wp-content\/uploads\/2026\/07\/1-15-768x201-411.jpg","_links":{"self":[{"href":"https:\/\/adanaseshaber.com.tr\/habercim\/wp-json\/wp\/v2\/media\/51607"}],"collection":[{"href":"https:\/\/adanaseshaber.com.tr\/habercim\/wp-json\/wp\/v2\/media"}],"about":[{"href":"https:\/\/adanaseshaber.com.tr\/habercim\/wp-json\/wp\/v2\/types\/attachment"}],"author":[{"embeddable":true,"href":"https:\/\/adanaseshaber.com.tr\/habercim\/wp-json\/wp\/v2\/users\/2"}],"replies":[{"embeddable":true,"href":"https:\/\/adanaseshaber.com.tr\/habercim\/wp-json\/wp\/v2\/comments?post=51607"}]}}

Eren Kaşıkçı evinde

<p>Yakınlarının Kilyos&#8217;taki evinde tek yaşayan Kaşıkçı&#8217;dan dünden beri haber alamadığı öğrenildi.<br />
İhbar sonrası olay yerine çağrılan sağlık ekiplerinin yaptığı ilk incelemelerde Kaşıkçı&#8217;nın hayatını kaybettiği belirlendi.<br />
Jandarma ekiplerinin olay yerindeki incelemesinin ardından Kaşıkçı&#8217;nın cenazesi Adli Tıp Kurumu morguna kaldırıldı.<br />
Olayla ilgili soruşturma başlatıldı.<br />
EREN KAŞIKÇI&#8217;NIN ÖLÜM NEDENİ HENÜZ BELLİ DEĞİL<br />
Eren Kaşıkçı&#8217;nın ani ve şüpheli ölümü gastronomi dünyasında ve sevenleri arasında büyük şok yarattı. Ünlü ismin ölüm nedeninin henüz netleşmediği öğrenildi.<br />
Ünlü ismin cansız bedeni, olay yerindeki incelemelerin ardından Adli Tıp Kurumu morguna kaldırıldı. Kaşıkçı&#8217;nın ailesi ve yakınlarının gözyaşlarına boğulduğu öğrenildi.</p>
