{"id":51611,"date":"2026-07-30T01:27:56","date_gmt":"2026-07-29T22:27:56","guid":{"rendered":"https:\/\/adanaseshaber.com.tr\/habercim\/wp-content\/uploads\/2026\/07\/images-7-9.jpg"},"modified":"2026-07-30T01:28:53","modified_gmt":"2026-07-29T22:28:53","slug":"images-7-55","status":"inherit","type":"attachment","link":"https:\/\/adanaseshaber.com.tr\/habercim\/foto-galeri\/gozler-mansur-yavasta\/attachment\/images-7-55\/","title":{"rendered":"G\u00d6ZLER MANSUR YAVA\u015e&#8217;TA"},"author":2,"comment_status":"open","ping_status":"closed","template":"","meta":[],"description":{"rendered":"<p class=\"attachment\"><a href='https:\/\/adanaseshaber.com.tr\/habercim\/wp-content\/uploads\/2026\/07\/images-7-9.jpg'><img width=\"300\" height=\"168\" src=\"https:\/\/adanaseshaber.com.tr\/habercim\/wp-content\/uploads\/2026\/07\/images-7-9-300x168.jpg\" class=\"attachment-medium size-medium\" alt=\"\" loading=\"lazy\" srcset=\"https:\/\/adanaseshaber.com.tr\/habercim\/wp-content\/uploads\/2026\/07\/images-7-9-300x168.jpg 300w, https:\/\/adanaseshaber.com.tr\/habercim\/wp-content\/uploads\/2026\/07\/images-7-9.jpg 738w\" sizes=\"(max-width: 300px) 100vw, 300px\" \/><\/a><\/p>\n"},"caption":{"rendered":"<p>Yeni Parti&#8217;nin kurulmas\u0131n\u0131n ard\u0131ndan ilk kez belediye ba\u015fkanl\u0131klar\u0131nda hareket ya\u015fand\u0131. Baz\u0131 belediye ba\u015fkanlar\u0131 CHP&#8217;den Yeni Parti&#8217;ye ge\u00e7ti. Ancak g\u00f6zler h\u00e2l\u00e2 sessizli\u011fini koruyan belediye ba\u015fkanlar\u0131n\u0131n ne ad\u0131m ataca\u011f\u0131nda.<br \/>\nArt\u0131k karar\u0131n\u0131 verdi&#8230;<\/p>\n<p>devam\u0131 sonraki sayfada&#8230; g\u00f6rsel \u00fczerinden do2&#8217;kununuz ge\u00e7ebilirsiniz&#8230;<\/p>\n"},"alt_text":"","media_type":"image","mime_type":"image\/jpeg","media_details":{"width":738,"height":414,"file":"2026\/07\/images-7-9.jpg","sizes":{"medium":{"file":"images-7-9-300x168.jpg","width":300,"height":168,"mime_type":"image\/jpeg","source_url":"https:\/\/adanaseshaber.com.tr\/habercim\/wp-content\/uploads\/2026\/07\/images-7-9-300x168.jpg"},"thumbnail":{"file":"images-7-9-150x150.jpg","width":150,"height":150,"mime_type":"image\/jpeg","source_url":"https:\/\/adanaseshaber.com.tr\/habercim\/wp-content\/uploads\/2026\/07\/images-7-9-150x150.jpg"},"kucukResim":{"file":"images-7-9-80x50.jpg","width":80,"height":50,"mime_type":"image\/jpeg","source_url":"https:\/\/adanaseshaber.com.tr\/habercim\/wp-content\/uploads\/2026\/07\/images-7-9-80x50.jpg"},"sliderResim":{"file":"images-7-9-670x330.jpg","width":670,"height":330,"mime_type":"image\/jpeg","source_url":"https:\/\/adanaseshaber.com.tr\/habercim\/wp-content\/uploads\/2026\/07\/images-7-9-670x330.jpg"},"resim1":{"file":"images-7-9-184x140.jpg","width":184,"height":140,"mime_type":"image\/jpeg","source_url":"https:\/\/adanaseshaber.com.tr\/habercim\/wp-content\/uploads\/2026\/07\/images-7-9-184x140.jpg"},"resim2":{"file":"images-7-9-216x103.jpg","width":216,"height":103,"mime_type":"image\/jpeg","source_url":"https:\/\/adanaseshaber.com.tr\/habercim\/wp-content\/uploads\/2026\/07\/images-7-9-216x103.jpg"},"resim3":{"file":"images-7-9-145x70.jpg","width":145,"height":70,"mime_type":"image\/jpeg","source_url":"https:\/\/adanaseshaber.com.tr\/habercim\/wp-content\/uploads\/2026\/07\/images-7-9-145x70.jpg"},"sagSlider":{"file":"images-7-9-300x150.jpg","width":300,"height":150,"mime_type":"image\/jpeg","source_url":"https:\/\/adanaseshaber.com.tr\/habercim\/wp-content\/uploads\/2026\/07\/images-7-9-300x150.jpg"},"yeniSlider":{"file":"images-7-9-500x290.jpg","width":500,"height":290,"mime_type":"image\/jpeg","source_url":"https:\/\/adanaseshaber.com.tr\/habercim\/wp-content\/uploads\/2026\/07\/images-7-9-500x290.jpg"},"full":{"file":"images-7-9.jpg","width":738,"height":414,"mime_type":"image\/jpeg","source_url":"https:\/\/adanaseshaber.com.tr\/habercim\/wp-content\/uploads\/2026\/07\/images-7-9.jpg"}},"image_meta":{"aperture":"0","credit":"","camera":"","caption":"","created_timestamp":"0","copyright":"","focal_length":"0","iso":"0","shutter_speed":"0","title":"","orientation":"0","keywords":[]}},"post":51610,"source_url":"https:\/\/adanaseshaber.com.tr\/habercim\/wp-content\/uploads\/2026\/07\/images-7-9.jpg","_links":{"self":[{"href":"https:\/\/adanaseshaber.com.tr\/habercim\/wp-json\/wp\/v2\/media\/51611"}],"collection":[{"href":"https:\/\/adanaseshaber.com.tr\/habercim\/wp-json\/wp\/v2\/media"}],"about":[{"href":"https:\/\/adanaseshaber.com.tr\/habercim\/wp-json\/wp\/v2\/types\/attachment"}],"author":[{"embeddable":true,"href":"https:\/\/adanaseshaber.com.tr\/habercim\/wp-json\/wp\/v2\/users\/2"}],"replies":[{"embeddable":true,"href":"https:\/\/adanaseshaber.com.tr\/habercim\/wp-json\/wp\/v2\/comments?post=51611"}]}}

GÖZLER MANSUR YAVAŞ&#8217;TA

<p>Yeni Parti&#8217;nin kurulmasının ardından ilk kez belediye başkanlıklarında hareket yaşandı. Bazı belediye başkanları CHP&#8217;den Yeni Parti&#8217;ye geçti. Ancak gözler hâlâ sessizliğini koruyan belediye başkanlarının ne adım atacağında.<br />
Artık kararını verdi&#8230;</p>
<p>devamı sonraki sayfada&#8230; görsel üzerinden do2&#8217;kununuz geçebilirsiniz&#8230;</p>
