{"id":51612,"date":"2026-07-30T01:28:07","date_gmt":"2026-07-29T22:28:07","guid":{"rendered":"https:\/\/adanaseshaber.com.tr\/habercim\/wp-content\/uploads\/2026\/07\/1-15-768x201-413.jpg"},"modified":"2026-07-30T01:29:38","modified_gmt":"2026-07-29T22:29:38","slug":"1-15-768x201-2556","status":"inherit","type":"attachment","link":"https:\/\/adanaseshaber.com.tr\/habercim\/foto-galeri\/gozler-mansur-yavasta\/attachment\/1-15-768x201-2556\/","title":{"rendered":"G\u00d6ZLER MANSUR YAVA\u015e&#8217;TA"},"author":2,"comment_status":"open","ping_status":"closed","template":"","meta":[],"description":{"rendered":"<p class=\"attachment\"><a href='https:\/\/adanaseshaber.com.tr\/habercim\/wp-content\/uploads\/2026\/07\/1-15-768x201-413.jpg'><img width=\"300\" height=\"79\" src=\"https:\/\/adanaseshaber.com.tr\/habercim\/wp-content\/uploads\/2026\/07\/1-15-768x201-413-300x79.jpg\" class=\"attachment-medium size-medium\" alt=\"\" loading=\"lazy\" srcset=\"https:\/\/adanaseshaber.com.tr\/habercim\/wp-content\/uploads\/2026\/07\/1-15-768x201-413-300x79.jpg 300w, https:\/\/adanaseshaber.com.tr\/habercim\/wp-content\/uploads\/2026\/07\/1-15-768x201-413.jpg 768w\" sizes=\"(max-width: 300px) 100vw, 300px\" \/><\/a><\/p>\n"},"caption":{"rendered":"<p>\u00d6zg\u00fcr \u00d6zel ile birlikte 91 milletvekili CHP\u2019den istifa ederek Yeni Parti&#8217;yi kurdu. Ancak belediye ba\u015fkanlar\u0131, milletvekilleri gibi Yeni Parti\u2019ye ge\u00e7mek i\u00e7in acele etmedi. Ge\u00e7i\u015fler pey der pey yap\u0131l\u0131yor.<\/p>\n<p>Yeni Parti Grup Ba\u015fkanvekili G\u00f6khan G\u00fcnayd\u0131n, &#8220;200&#8217;\u00fcn \u00fczerinde belediye ba\u015fkan\u0131 Yeni Parti i\u00e7in istifa etmi\u015f bulunuyor.&#8221; dedi. Aralar\u0131nda Denizli B\u00fcy\u00fck\u015fehir Belediye Ba\u015fkan\u0131 Nuri \u00c7avu\u015fo\u011flu, Manisa B\u00fcy\u00fck\u015fehir Belediye Ba\u015fkan\u0131 Besim Dutlulu, Edirne Belediye Ba\u015fkan\u0131 Filiz Gencan&#8217;\u0131n da bulundu\u011fu isimler CHP\u2019den istifa ederek Yeni Parti&#8217;ye ge\u00e7ti. Ancak bir\u00e7ok dikkat \u00e7ekici isim CHP\u2019de kalmaya devam ediyor. Sessizliklerini de koruyorlar.<\/p>\n<p>O isimlerden biri de Ankara B\u00fcy\u00fck\u015fehir Belediye Ba\u015fkan\u0131 Mansur Yava\u015f&#8230; Peki Yava\u015f, \u00d6zel ile ayn\u0131 parti&#8217;de hareket etmeyecek mi? CHP&#8217;de mi kalacak?<\/p>\n<p>G\u00fcnayd\u0131n, &#8220;Kendisi a\u00e7\u0131k ifadesi ile &#8216;Ben Yeni Parti ile yol y\u00fcr\u00fcmeyece\u011fim&#8217; demediyse, o bizimle yol y\u00fcr\u00fcyor demektir.&#8221; ifadelerini kulland\u0131.<\/p>\n<p>CEM\u0130L TUGAY \u0130DD\u0130ALARI<\/p>\n<p>\u0130zmir B\u00fcy\u00fck\u015fehir Belediye Ba\u015fkan\u0131 Cemil Tugay, Yeni Parti\u2019ye ge\u00e7meyece\u011fini bizzat ilk a\u011f\u0131zdan s\u00f6yledi.<\/p>\n<p>CHP\u2019den istifa ederek ba\u011f\u0131ms\u0131z kalan Tugay\u2019\u0131n AK Parti\u2019ye ge\u00e7ece\u011fi iddialar\u0131 ise daha \u00e7ok y\u00fckselmeye ba\u015flad\u0131. O ihtimalin soruldu\u011fu Yeni Parti Grup Ba\u015fkanvekili G\u00f6khan G\u00fcnayd\u0131n, iddialar\u0131 ne yalanlad\u0131 ne de do\u011frulad\u0131. <\/p>\n<p>Kaynak : cnnturk.com<\/p>\n"},"alt_text":"","media_type":"image","mime_type":"image\/jpeg","media_details":{"width":768,"height":201,"file":"2026\/07\/1-15-768x201-413.jpg","sizes":{"medium":{"file":"1-15-768x201-413-300x79.jpg","width":300,"height":79,"mime_type":"image\/jpeg","source_url":"https:\/\/adanaseshaber.com.tr\/habercim\/wp-content\/uploads\/2026\/07\/1-15-768x201-413-300x79.jpg"},"thumbnail":{"file":"1-15-768x201-413-150x150.jpg","width":150,"height":150,"mime_type":"image\/jpeg","source_url":"https:\/\/adanaseshaber.com.tr\/habercim\/wp-content\/uploads\/2026\/07\/1-15-768x201-413-150x150.jpg"},"kucukResim":{"file":"1-15-768x201-413-80x50.jpg","width":80,"height":50,"mime_type":"image\/jpeg","source_url":"https:\/\/adanaseshaber.com.tr\/habercim\/wp-content\/uploads\/2026\/07\/1-15-768x201-413-80x50.jpg"},"sliderResim":{"file":"1-15-768x201-413-670x201.jpg","width":670,"height":201,"mime_type":"image\/jpeg","source_url":"https:\/\/adanaseshaber.com.tr\/habercim\/wp-content\/uploads\/2026\/07\/1-15-768x201-413-670x201.jpg"},"resim1":{"file":"1-15-768x201-413-184x140.jpg","width":184,"height":140,"mime_type":"image\/jpeg","source_url":"https:\/\/adanaseshaber.com.tr\/habercim\/wp-content\/uploads\/2026\/07\/1-15-768x201-413-184x140.jpg"},"resim2":{"file":"1-15-768x201-413-216x103.jpg","width":216,"height":103,"mime_type":"image\/jpeg","source_url":"https:\/\/adanaseshaber.com.tr\/habercim\/wp-content\/uploads\/2026\/07\/1-15-768x201-413-216x103.jpg"},"resim3":{"file":"1-15-768x201-413-145x70.jpg","width":145,"height":70,"mime_type":"image\/jpeg","source_url":"https:\/\/adanaseshaber.com.tr\/habercim\/wp-content\/uploads\/2026\/07\/1-15-768x201-413-145x70.jpg"},"sagSlider":{"file":"1-15-768x201-413-300x150.jpg","width":300,"height":150,"mime_type":"image\/jpeg","source_url":"https:\/\/adanaseshaber.com.tr\/habercim\/wp-content\/uploads\/2026\/07\/1-15-768x201-413-300x150.jpg"},"yeniSlider":{"file":"1-15-768x201-413-500x201.jpg","width":500,"height":201,"mime_type":"image\/jpeg","source_url":"https:\/\/adanaseshaber.com.tr\/habercim\/wp-content\/uploads\/2026\/07\/1-15-768x201-413-500x201.jpg"},"full":{"file":"1-15-768x201-413.jpg","width":768,"height":201,"mime_type":"image\/jpeg","source_url":"https:\/\/adanaseshaber.com.tr\/habercim\/wp-content\/uploads\/2026\/07\/1-15-768x201-413.jpg"}},"image_meta":{"aperture":"0","credit":"","camera":"","caption":"","created_timestamp":"0","copyright":"","focal_length":"0","iso":"0","shutter_speed":"0","title":"","orientation":"0","keywords":[]}},"post":51610,"source_url":"https:\/\/adanaseshaber.com.tr\/habercim\/wp-content\/uploads\/2026\/07\/1-15-768x201-413.jpg","_links":{"self":[{"href":"https:\/\/adanaseshaber.com.tr\/habercim\/wp-json\/wp\/v2\/media\/51612"}],"collection":[{"href":"https:\/\/adanaseshaber.com.tr\/habercim\/wp-json\/wp\/v2\/media"}],"about":[{"href":"https:\/\/adanaseshaber.com.tr\/habercim\/wp-json\/wp\/v2\/types\/attachment"}],"author":[{"embeddable":true,"href":"https:\/\/adanaseshaber.com.tr\/habercim\/wp-json\/wp\/v2\/users\/2"}],"replies":[{"embeddable":true,"href":"https:\/\/adanaseshaber.com.tr\/habercim\/wp-json\/wp\/v2\/comments?post=51612"}]}}

GÖZLER MANSUR YAVAŞ&#8217;TA

<p>Özgür Özel ile birlikte 91 milletvekili CHP’den istifa ederek Yeni Parti&#8217;yi kurdu. Ancak belediye başkanları, milletvekilleri gibi Yeni Parti’ye geçmek için acele etmedi. Geçişler pey der pey yapılıyor.</p>
<p>Yeni Parti Grup Başkanvekili Gökhan Günaydın, &#8220;200&#8217;ün üzerinde belediye başkanı Yeni Parti için istifa etmiş bulunuyor.&#8221; dedi. Aralarında Denizli Büyükşehir Belediye Başkanı Nuri Çavuşoğlu, Manisa Büyükşehir Belediye Başkanı Besim Dutlulu, Edirne Belediye Başkanı Filiz Gencan&#8217;ın da bulunduğu isimler CHP’den istifa ederek Yeni Parti&#8217;ye geçti. Ancak birçok dikkat çekici isim CHP’de kalmaya devam ediyor. Sessizliklerini de koruyorlar.</p>
<p>O isimlerden biri de Ankara Büyükşehir Belediye Başkanı Mansur Yavaş&#8230; Peki Yavaş, Özel ile aynı parti&#8217;de hareket etmeyecek mi? CHP&#8217;de mi kalacak?</p>
<p>Günaydın, &#8220;Kendisi açık ifadesi ile &#8216;Ben Yeni Parti ile yol yürümeyeceğim&#8217; demediyse, o bizimle yol yürüyor demektir.&#8221; ifadelerini kullandı.</p>
<p>CEMİL TUGAY İDDİALARI</p>
<p>İzmir Büyükşehir Belediye Başkanı Cemil Tugay, Yeni Parti’ye geçmeyeceğini bizzat ilk ağızdan söyledi.</p>
<p>CHP’den istifa ederek bağımsız kalan Tugay’ın AK Parti’ye geçeceği iddiaları ise daha çok yükselmeye başladı. O ihtimalin sorulduğu Yeni Parti Grup Başkanvekili Gökhan Günaydın, iddiaları ne yalanladı ne de doğruladı. </p>
<p>Kaynak : cnnturk.com</p>
