{"id":51626,"date":"2026-07-30T01:49:30","date_gmt":"2026-07-29T22:49:30","guid":{"rendered":"https:\/\/adanaseshaber.com.tr\/habercim\/wp-content\/uploads\/2026\/07\/images-8-5.jpg"},"modified":"2026-07-30T01:51:21","modified_gmt":"2026-07-29T22:51:21","slug":"images-8-28","status":"inherit","type":"attachment","link":"https:\/\/adanaseshaber.com.tr\/habercim\/foto-galeri\/kadir-inanirin-serveti\/attachment\/images-8-28\/","title":{"rendered":"Kadir \u0130nan\u0131r&#8217;\u0131n serveti"},"author":2,"comment_status":"open","ping_status":"closed","template":"","meta":[],"description":{"rendered":"<p class=\"attachment\"><a href='https:\/\/adanaseshaber.com.tr\/habercim\/wp-content\/uploads\/2026\/07\/images-8-5.jpg'><img width=\"300\" height=\"169\" src=\"https:\/\/adanaseshaber.com.tr\/habercim\/wp-content\/uploads\/2026\/07\/images-8-5-300x169.jpg\" class=\"attachment-medium size-medium\" alt=\"\" loading=\"lazy\" srcset=\"https:\/\/adanaseshaber.com.tr\/habercim\/wp-content\/uploads\/2026\/07\/images-8-5-300x169.jpg 300w, https:\/\/adanaseshaber.com.tr\/habercim\/wp-content\/uploads\/2026\/07\/images-8-5.jpg 738w\" sizes=\"(max-width: 300px) 100vw, 300px\" \/><\/a><\/p>\n"},"caption":{"rendered":"<p>Kadir \u0130nan\u0131r&#8217;\u0131n serveti ortaya \u00e7\u0131kt\u0131! L\u00fcks saat, \u00e7akmak ve kurba\u011fa fig\u00fcr\u00fc koleksiyonlar\u0131 ve daha fazlas\u0131&#8230;<\/p>\n<p>devam\u0131 sonraki sayfada&#8230;. g\u00f6rsel \u00fczerinden do2&#8217;kununuz ge\u00e7ebilirsiniz&#8230;<\/p>\n"},"alt_text":"","media_type":"image","mime_type":"image\/jpeg","media_details":{"width":738,"height":415,"file":"2026\/07\/images-8-5.jpg","sizes":{"medium":{"file":"images-8-5-300x169.jpg","width":300,"height":169,"mime_type":"image\/jpeg","source_url":"https:\/\/adanaseshaber.com.tr\/habercim\/wp-content\/uploads\/2026\/07\/images-8-5-300x169.jpg"},"thumbnail":{"file":"images-8-5-150x150.jpg","width":150,"height":150,"mime_type":"image\/jpeg","source_url":"https:\/\/adanaseshaber.com.tr\/habercim\/wp-content\/uploads\/2026\/07\/images-8-5-150x150.jpg"},"kucukResim":{"file":"images-8-5-80x50.jpg","width":80,"height":50,"mime_type":"image\/jpeg","source_url":"https:\/\/adanaseshaber.com.tr\/habercim\/wp-content\/uploads\/2026\/07\/images-8-5-80x50.jpg"},"sliderResim":{"file":"images-8-5-670x330.jpg","width":670,"height":330,"mime_type":"image\/jpeg","source_url":"https:\/\/adanaseshaber.com.tr\/habercim\/wp-content\/uploads\/2026\/07\/images-8-5-670x330.jpg"},"resim1":{"file":"images-8-5-184x140.jpg","width":184,"height":140,"mime_type":"image\/jpeg","source_url":"https:\/\/adanaseshaber.com.tr\/habercim\/wp-content\/uploads\/2026\/07\/images-8-5-184x140.jpg"},"resim2":{"file":"images-8-5-216x103.jpg","width":216,"height":103,"mime_type":"image\/jpeg","source_url":"https:\/\/adanaseshaber.com.tr\/habercim\/wp-content\/uploads\/2026\/07\/images-8-5-216x103.jpg"},"resim3":{"file":"images-8-5-145x70.jpg","width":145,"height":70,"mime_type":"image\/jpeg","source_url":"https:\/\/adanaseshaber.com.tr\/habercim\/wp-content\/uploads\/2026\/07\/images-8-5-145x70.jpg"},"sagSlider":{"file":"images-8-5-300x150.jpg","width":300,"height":150,"mime_type":"image\/jpeg","source_url":"https:\/\/adanaseshaber.com.tr\/habercim\/wp-content\/uploads\/2026\/07\/images-8-5-300x150.jpg"},"yeniSlider":{"file":"images-8-5-500x290.jpg","width":500,"height":290,"mime_type":"image\/jpeg","source_url":"https:\/\/adanaseshaber.com.tr\/habercim\/wp-content\/uploads\/2026\/07\/images-8-5-500x290.jpg"},"full":{"file":"images-8-5.jpg","width":738,"height":415,"mime_type":"image\/jpeg","source_url":"https:\/\/adanaseshaber.com.tr\/habercim\/wp-content\/uploads\/2026\/07\/images-8-5.jpg"}},"image_meta":{"aperture":"0","credit":"","camera":"","caption":"","created_timestamp":"0","copyright":"","focal_length":"0","iso":"0","shutter_speed":"0","title":"","orientation":"0","keywords":[]}},"post":51625,"source_url":"https:\/\/adanaseshaber.com.tr\/habercim\/wp-content\/uploads\/2026\/07\/images-8-5.jpg","_links":{"self":[{"href":"https:\/\/adanaseshaber.com.tr\/habercim\/wp-json\/wp\/v2\/media\/51626"}],"collection":[{"href":"https:\/\/adanaseshaber.com.tr\/habercim\/wp-json\/wp\/v2\/media"}],"about":[{"href":"https:\/\/adanaseshaber.com.tr\/habercim\/wp-json\/wp\/v2\/types\/attachment"}],"author":[{"embeddable":true,"href":"https:\/\/adanaseshaber.com.tr\/habercim\/wp-json\/wp\/v2\/users\/2"}],"replies":[{"embeddable":true,"href":"https:\/\/adanaseshaber.com.tr\/habercim\/wp-json\/wp\/v2\/comments?post=51626"}]}}

Kadir İnanır&#8217;ın serveti

<p>Kadir İnanır&#8217;ın serveti ortaya çıktı! Lüks saat, çakmak ve kurbağa figürü koleksiyonları ve daha fazlası&#8230;</p>
<p>devamı sonraki sayfada&#8230;. görsel üzerinden do2&#8217;kununuz geçebilirsiniz&#8230;</p>
