{"id":51631,"date":"2026-07-30T18:42:27","date_gmt":"2026-07-30T15:42:27","guid":{"rendered":"https:\/\/adanaseshaber.com.tr\/habercim\/wp-content\/uploads\/2026\/07\/images-9.jpg"},"modified":"2026-07-30T18:43:13","modified_gmt":"2026-07-30T15:43:13","slug":"images-9-13","status":"inherit","type":"attachment","link":"https:\/\/adanaseshaber.com.tr\/habercim\/foto-galeri\/masterchef-sampiyonu\/attachment\/images-9-13\/","title":{"rendered":"MasterChef \u015fampiyonu"},"author":2,"comment_status":"open","ping_status":"closed","template":"","meta":[],"description":{"rendered":"<p class=\"attachment\"><a href='https:\/\/adanaseshaber.com.tr\/habercim\/wp-content\/uploads\/2026\/07\/images-9.jpg'><img width=\"300\" height=\"168\" src=\"https:\/\/adanaseshaber.com.tr\/habercim\/wp-content\/uploads\/2026\/07\/images-9-300x168.jpg\" class=\"attachment-medium size-medium\" alt=\"\" loading=\"lazy\" srcset=\"https:\/\/adanaseshaber.com.tr\/habercim\/wp-content\/uploads\/2026\/07\/images-9-300x168.jpg 300w, https:\/\/adanaseshaber.com.tr\/habercim\/wp-content\/uploads\/2026\/07\/images-9.jpg 739w\" sizes=\"(max-width: 300px) 100vw, 300px\" \/><\/a><\/p>\n"},"caption":{"rendered":"<p>Evinde ya\u015fam\u0131n\u0131 yitirmi\u015f halde bulunan \u015fef Eren Ka\u015f\u0131k\u00e7\u0131\u2019n\u0131n cenazesine ait g\u00f6r\u00fcnt\u00fcler ortaya \u00e7\u0131kt\u0131.\u2026 MasterChef 2021 \u015fampiyonu Eren Ka\u015f\u0131k\u00e7\u0131, Kilyos&#8217;taki evinde \u00f6l\u00fc bulunmas\u0131n\u0131n ard\u0131ndan bug\u00fcn son yolculu\u011funa u\u011furland\u0131. 37 ya\u015f\u0131ndaki \u015fefin cenazesinde anne ve babas\u0131n\u0131n ayakta durmakta g\u00fc\u00e7l\u00fck \u00e7ekti\u011fi anlar y\u00fcrek burktu.<\/p>\n<p>devam\u0131 sonraki sayfada&#8230; g\u00f6rsel \u00fczerinden do2&#8217;kununuz ge\u00e7ebilirsiniz&#8230;<\/p>\n"},"alt_text":"","media_type":"image","mime_type":"image\/jpeg","media_details":{"width":739,"height":415,"file":"2026\/07\/images-9.jpg","sizes":{"medium":{"file":"images-9-300x168.jpg","width":300,"height":168,"mime_type":"image\/jpeg","source_url":"https:\/\/adanaseshaber.com.tr\/habercim\/wp-content\/uploads\/2026\/07\/images-9-300x168.jpg"},"thumbnail":{"file":"images-9-150x150.jpg","width":150,"height":150,"mime_type":"image\/jpeg","source_url":"https:\/\/adanaseshaber.com.tr\/habercim\/wp-content\/uploads\/2026\/07\/images-9-150x150.jpg"},"kucukResim":{"file":"images-9-80x50.jpg","width":80,"height":50,"mime_type":"image\/jpeg","source_url":"https:\/\/adanaseshaber.com.tr\/habercim\/wp-content\/uploads\/2026\/07\/images-9-80x50.jpg"},"sliderResim":{"file":"images-9-670x330.jpg","width":670,"height":330,"mime_type":"image\/jpeg","source_url":"https:\/\/adanaseshaber.com.tr\/habercim\/wp-content\/uploads\/2026\/07\/images-9-670x330.jpg"},"resim1":{"file":"images-9-184x140.jpg","width":184,"height":140,"mime_type":"image\/jpeg","source_url":"https:\/\/adanaseshaber.com.tr\/habercim\/wp-content\/uploads\/2026\/07\/images-9-184x140.jpg"},"resim2":{"file":"images-9-216x103.jpg","width":216,"height":103,"mime_type":"image\/jpeg","source_url":"https:\/\/adanaseshaber.com.tr\/habercim\/wp-content\/uploads\/2026\/07\/images-9-216x103.jpg"},"resim3":{"file":"images-9-145x70.jpg","width":145,"height":70,"mime_type":"image\/jpeg","source_url":"https:\/\/adanaseshaber.com.tr\/habercim\/wp-content\/uploads\/2026\/07\/images-9-145x70.jpg"},"sagSlider":{"file":"images-9-300x150.jpg","width":300,"height":150,"mime_type":"image\/jpeg","source_url":"https:\/\/adanaseshaber.com.tr\/habercim\/wp-content\/uploads\/2026\/07\/images-9-300x150.jpg"},"yeniSlider":{"file":"images-9-500x290.jpg","width":500,"height":290,"mime_type":"image\/jpeg","source_url":"https:\/\/adanaseshaber.com.tr\/habercim\/wp-content\/uploads\/2026\/07\/images-9-500x290.jpg"},"full":{"file":"images-9.jpg","width":739,"height":415,"mime_type":"image\/jpeg","source_url":"https:\/\/adanaseshaber.com.tr\/habercim\/wp-content\/uploads\/2026\/07\/images-9.jpg"}},"image_meta":{"aperture":"0","credit":"","camera":"","caption":"","created_timestamp":"0","copyright":"","focal_length":"0","iso":"0","shutter_speed":"0","title":"","orientation":"0","keywords":[]}},"post":51630,"source_url":"https:\/\/adanaseshaber.com.tr\/habercim\/wp-content\/uploads\/2026\/07\/images-9.jpg","_links":{"self":[{"href":"https:\/\/adanaseshaber.com.tr\/habercim\/wp-json\/wp\/v2\/media\/51631"}],"collection":[{"href":"https:\/\/adanaseshaber.com.tr\/habercim\/wp-json\/wp\/v2\/media"}],"about":[{"href":"https:\/\/adanaseshaber.com.tr\/habercim\/wp-json\/wp\/v2\/types\/attachment"}],"author":[{"embeddable":true,"href":"https:\/\/adanaseshaber.com.tr\/habercim\/wp-json\/wp\/v2\/users\/2"}],"replies":[{"embeddable":true,"href":"https:\/\/adanaseshaber.com.tr\/habercim\/wp-json\/wp\/v2\/comments?post=51631"}]}}

MasterChef şampiyonu

<p>Evinde yaşamını yitirmiş halde bulunan şef Eren Kaşıkçı’nın cenazesine ait görüntüler ortaya çıktı.… MasterChef 2021 şampiyonu Eren Kaşıkçı, Kilyos&#8217;taki evinde ölü bulunmasının ardından bugün son yolculuğuna uğurlandı. 37 yaşındaki şefin cenazesinde anne ve babasının ayakta durmakta güçlük çektiği anlar yürek burktu.</p>
<p>devamı sonraki sayfada&#8230; görsel üzerinden do2&#8217;kununuz geçebilirsiniz&#8230;</p>
