{"id":51637,"date":"2026-07-30T22:32:05","date_gmt":"2026-07-30T19:32:05","guid":{"rendered":"https:\/\/adanaseshaber.com.tr\/habercim\/wp-content\/uploads\/2026\/07\/1-15-768x201-423.jpg"},"modified":"2026-07-30T22:33:42","modified_gmt":"2026-07-30T19:33:42","slug":"1-15-768x201-2566","status":"inherit","type":"attachment","link":"https:\/\/adanaseshaber.com.tr\/habercim\/foto-galeri\/2-saat-arayla-2-deprem\/attachment\/1-15-768x201-2566\/","title":{"rendered":"2 saat arayla 2 deprem"},"author":2,"comment_status":"open","ping_status":"closed","template":"","meta":[],"description":{"rendered":"<p class=\"attachment\"><a href='https:\/\/adanaseshaber.com.tr\/habercim\/wp-content\/uploads\/2026\/07\/1-15-768x201-423.jpg'><img width=\"300\" height=\"79\" src=\"https:\/\/adanaseshaber.com.tr\/habercim\/wp-content\/uploads\/2026\/07\/1-15-768x201-423-300x79.jpg\" class=\"attachment-medium size-medium\" alt=\"\" loading=\"lazy\" srcset=\"https:\/\/adanaseshaber.com.tr\/habercim\/wp-content\/uploads\/2026\/07\/1-15-768x201-423-300x79.jpg 300w, https:\/\/adanaseshaber.com.tr\/habercim\/wp-content\/uploads\/2026\/07\/1-15-768x201-423.jpg 768w\" sizes=\"(max-width: 300px) 100vw, 300px\" \/><\/a><\/p>\n"},"caption":{"rendered":"<p>Mu\u011fla&#8217;da 2 saat arayla merkez \u00fcss\u00fc Marmaris olan 3.5 ve 3.9 b\u00fcy\u00fckl\u00fc\u011f\u00fcnde iki deprem meydana geldi. Afet ve Acil Durum Y\u00f6netimi Ba\u015fkanl\u0131\u011f\u0131na (AFAD)g\u00f6re Mu\u011fla\u2019da 2 saat arayla merkez \u00fcss\u00fc Marmaris olan 3.5 ve 3.9 b\u00fcy\u00fckl\u00fc\u011f\u00fcnde iki deprem meydana geldi.<\/p>\n<p>\u0130lk deprem Saat:00:00\u2019da yerin 6.47 km derinli\u011finde 3.5 .b\u00fcy\u00fckl\u00fc\u011f\u00fcnde oldu, ikinci deprem ise saat 02:00:19 &#8216;da yerin 7 km derinli\u011finde 3.9 b\u00fcy\u00fckl\u00fc\u011f\u00fcnde ger\u00e7ekle\u015fti.<\/p>\n<p>Kaynak : evrensel.net<br \/>\n(Haber Merkezi)<\/p>\n"},"alt_text":"","media_type":"image","mime_type":"image\/jpeg","media_details":{"width":768,"height":201,"file":"2026\/07\/1-15-768x201-423.jpg","sizes":{"medium":{"file":"1-15-768x201-423-300x79.jpg","width":300,"height":79,"mime_type":"image\/jpeg","source_url":"https:\/\/adanaseshaber.com.tr\/habercim\/wp-content\/uploads\/2026\/07\/1-15-768x201-423-300x79.jpg"},"thumbnail":{"file":"1-15-768x201-423-150x150.jpg","width":150,"height":150,"mime_type":"image\/jpeg","source_url":"https:\/\/adanaseshaber.com.tr\/habercim\/wp-content\/uploads\/2026\/07\/1-15-768x201-423-150x150.jpg"},"kucukResim":{"file":"1-15-768x201-423-80x50.jpg","width":80,"height":50,"mime_type":"image\/jpeg","source_url":"https:\/\/adanaseshaber.com.tr\/habercim\/wp-content\/uploads\/2026\/07\/1-15-768x201-423-80x50.jpg"},"sliderResim":{"file":"1-15-768x201-423-670x201.jpg","width":670,"height":201,"mime_type":"image\/jpeg","source_url":"https:\/\/adanaseshaber.com.tr\/habercim\/wp-content\/uploads\/2026\/07\/1-15-768x201-423-670x201.jpg"},"resim1":{"file":"1-15-768x201-423-184x140.jpg","width":184,"height":140,"mime_type":"image\/jpeg","source_url":"https:\/\/adanaseshaber.com.tr\/habercim\/wp-content\/uploads\/2026\/07\/1-15-768x201-423-184x140.jpg"},"resim2":{"file":"1-15-768x201-423-216x103.jpg","width":216,"height":103,"mime_type":"image\/jpeg","source_url":"https:\/\/adanaseshaber.com.tr\/habercim\/wp-content\/uploads\/2026\/07\/1-15-768x201-423-216x103.jpg"},"resim3":{"file":"1-15-768x201-423-145x70.jpg","width":145,"height":70,"mime_type":"image\/jpeg","source_url":"https:\/\/adanaseshaber.com.tr\/habercim\/wp-content\/uploads\/2026\/07\/1-15-768x201-423-145x70.jpg"},"sagSlider":{"file":"1-15-768x201-423-300x150.jpg","width":300,"height":150,"mime_type":"image\/jpeg","source_url":"https:\/\/adanaseshaber.com.tr\/habercim\/wp-content\/uploads\/2026\/07\/1-15-768x201-423-300x150.jpg"},"yeniSlider":{"file":"1-15-768x201-423-500x201.jpg","width":500,"height":201,"mime_type":"image\/jpeg","source_url":"https:\/\/adanaseshaber.com.tr\/habercim\/wp-content\/uploads\/2026\/07\/1-15-768x201-423-500x201.jpg"},"full":{"file":"1-15-768x201-423.jpg","width":768,"height":201,"mime_type":"image\/jpeg","source_url":"https:\/\/adanaseshaber.com.tr\/habercim\/wp-content\/uploads\/2026\/07\/1-15-768x201-423.jpg"}},"image_meta":{"aperture":"0","credit":"","camera":"","caption":"","created_timestamp":"0","copyright":"","focal_length":"0","iso":"0","shutter_speed":"0","title":"","orientation":"0","keywords":[]}},"post":51635,"source_url":"https:\/\/adanaseshaber.com.tr\/habercim\/wp-content\/uploads\/2026\/07\/1-15-768x201-423.jpg","_links":{"self":[{"href":"https:\/\/adanaseshaber.com.tr\/habercim\/wp-json\/wp\/v2\/media\/51637"}],"collection":[{"href":"https:\/\/adanaseshaber.com.tr\/habercim\/wp-json\/wp\/v2\/media"}],"about":[{"href":"https:\/\/adanaseshaber.com.tr\/habercim\/wp-json\/wp\/v2\/types\/attachment"}],"author":[{"embeddable":true,"href":"https:\/\/adanaseshaber.com.tr\/habercim\/wp-json\/wp\/v2\/users\/2"}],"replies":[{"embeddable":true,"href":"https:\/\/adanaseshaber.com.tr\/habercim\/wp-json\/wp\/v2\/comments?post=51637"}]}}

<p>Muğla&#8217;da 2 saat arayla merkez üssü Marmaris olan 3.5 ve 3.9 büyüklüğünde iki deprem meydana geldi. Afet ve Acil Durum Yönetimi Başkanlığına (AFAD)göre Muğla’da 2 saat arayla merkez üssü Marmaris olan 3.5 ve 3.9 büyüklüğünde iki deprem meydana geldi.</p>
<p>İlk deprem Saat:00:00’da yerin 6.47 km derinliğinde 3.5 .büyüklüğünde oldu, ikinci deprem ise saat 02:00:19 &#8216;da yerin 7 km derinliğinde 3.9 büyüklüğünde gerçekleşti.</p>
<p>Kaynak : evrensel.net<br />
(Haber Merkezi)</p>
