{"id":51652,"date":"2026-07-31T02:03:29","date_gmt":"2026-07-30T23:03:29","guid":{"rendered":"https:\/\/adanaseshaber.com.tr\/habercim\/wp-content\/uploads\/2026\/07\/1-15-768x201-429.jpg"},"modified":"2026-07-31T02:03:57","modified_gmt":"2026-07-30T23:03:57","slug":"1-15-768x201-2572","status":"inherit","type":"attachment","link":"https:\/\/adanaseshaber.com.tr\/habercim\/foto-galeri\/yer-avcilar\/attachment\/1-15-768x201-2572\/","title":{"rendered":"Yer Avc\u0131lar"},"author":2,"comment_status":"open","ping_status":"closed","template":"","meta":[],"description":{"rendered":"<p class=\"attachment\"><a href='https:\/\/adanaseshaber.com.tr\/habercim\/wp-content\/uploads\/2026\/07\/1-15-768x201-429.jpg'><img width=\"300\" height=\"79\" src=\"https:\/\/adanaseshaber.com.tr\/habercim\/wp-content\/uploads\/2026\/07\/1-15-768x201-429-300x79.jpg\" class=\"attachment-medium size-medium\" alt=\"\" loading=\"lazy\" srcset=\"https:\/\/adanaseshaber.com.tr\/habercim\/wp-content\/uploads\/2026\/07\/1-15-768x201-429-300x79.jpg 300w, https:\/\/adanaseshaber.com.tr\/habercim\/wp-content\/uploads\/2026\/07\/1-15-768x201-429.jpg 768w\" sizes=\"(max-width: 300px) 100vw, 300px\" \/><\/a><\/p>\n"},"caption":{"rendered":"<p>Polis \u00c7al\u0131\u015fmas\u0131<\/p>\n<p>G\u00f6r\u00fcnt\u00fclerin yay\u0131lmas\u0131n\u0131n ard\u0131ndan \u0130stanbul Emniyet M\u00fcd\u00fcrl\u00fc\u011f\u00fc ekipleri harekete ge\u00e7ti. Yap\u0131lan incelemeler sonucunda kimli\u011fi belirlenen H.E. polis ekiplerince g\u00f6zalt\u0131na al\u0131nd\u0131. \u015e\u00fcphelinin emniyetteki i\u015flemlerinin ard\u0131ndan adliyeye sevk edilece\u011fi \u00f6\u011frenildi.<\/p>\n<p>K\u00f6pe\u011fin Durumu<\/p>\n<p>\u015eiddete maruz kalan k\u00f6pe\u011fin ilgili birimler taraf\u0131ndan koruma alt\u0131na al\u0131nd\u0131\u011f\u0131 bildirildi. K\u00f6pe\u011fin sa\u011fl\u0131k durumuna ili\u015fkin kontrollerin s\u00fcrd\u00fc\u011f\u00fc belirtildi.<\/p>\n<p>Kaynak : haberzamani.com<\/p>\n"},"alt_text":"","media_type":"image","mime_type":"image\/jpeg","media_details":{"width":768,"height":201,"file":"2026\/07\/1-15-768x201-429.jpg","sizes":{"medium":{"file":"1-15-768x201-429-300x79.jpg","width":300,"height":79,"mime_type":"image\/jpeg","source_url":"https:\/\/adanaseshaber.com.tr\/habercim\/wp-content\/uploads\/2026\/07\/1-15-768x201-429-300x79.jpg"},"thumbnail":{"file":"1-15-768x201-429-150x150.jpg","width":150,"height":150,"mime_type":"image\/jpeg","source_url":"https:\/\/adanaseshaber.com.tr\/habercim\/wp-content\/uploads\/2026\/07\/1-15-768x201-429-150x150.jpg"},"kucukResim":{"file":"1-15-768x201-429-80x50.jpg","width":80,"height":50,"mime_type":"image\/jpeg","source_url":"https:\/\/adanaseshaber.com.tr\/habercim\/wp-content\/uploads\/2026\/07\/1-15-768x201-429-80x50.jpg"},"sliderResim":{"file":"1-15-768x201-429-670x201.jpg","width":670,"height":201,"mime_type":"image\/jpeg","source_url":"https:\/\/adanaseshaber.com.tr\/habercim\/wp-content\/uploads\/2026\/07\/1-15-768x201-429-670x201.jpg"},"resim1":{"file":"1-15-768x201-429-184x140.jpg","width":184,"height":140,"mime_type":"image\/jpeg","source_url":"https:\/\/adanaseshaber.com.tr\/habercim\/wp-content\/uploads\/2026\/07\/1-15-768x201-429-184x140.jpg"},"resim2":{"file":"1-15-768x201-429-216x103.jpg","width":216,"height":103,"mime_type":"image\/jpeg","source_url":"https:\/\/adanaseshaber.com.tr\/habercim\/wp-content\/uploads\/2026\/07\/1-15-768x201-429-216x103.jpg"},"resim3":{"file":"1-15-768x201-429-145x70.jpg","width":145,"height":70,"mime_type":"image\/jpeg","source_url":"https:\/\/adanaseshaber.com.tr\/habercim\/wp-content\/uploads\/2026\/07\/1-15-768x201-429-145x70.jpg"},"sagSlider":{"file":"1-15-768x201-429-300x150.jpg","width":300,"height":150,"mime_type":"image\/jpeg","source_url":"https:\/\/adanaseshaber.com.tr\/habercim\/wp-content\/uploads\/2026\/07\/1-15-768x201-429-300x150.jpg"},"yeniSlider":{"file":"1-15-768x201-429-500x201.jpg","width":500,"height":201,"mime_type":"image\/jpeg","source_url":"https:\/\/adanaseshaber.com.tr\/habercim\/wp-content\/uploads\/2026\/07\/1-15-768x201-429-500x201.jpg"},"full":{"file":"1-15-768x201-429.jpg","width":768,"height":201,"mime_type":"image\/jpeg","source_url":"https:\/\/adanaseshaber.com.tr\/habercim\/wp-content\/uploads\/2026\/07\/1-15-768x201-429.jpg"}},"image_meta":{"aperture":"0","credit":"","camera":"","caption":"","created_timestamp":"0","copyright":"","focal_length":"0","iso":"0","shutter_speed":"0","title":"","orientation":"0","keywords":[]}},"post":51650,"source_url":"https:\/\/adanaseshaber.com.tr\/habercim\/wp-content\/uploads\/2026\/07\/1-15-768x201-429.jpg","_links":{"self":[{"href":"https:\/\/adanaseshaber.com.tr\/habercim\/wp-json\/wp\/v2\/media\/51652"}],"collection":[{"href":"https:\/\/adanaseshaber.com.tr\/habercim\/wp-json\/wp\/v2\/media"}],"about":[{"href":"https:\/\/adanaseshaber.com.tr\/habercim\/wp-json\/wp\/v2\/types\/attachment"}],"author":[{"embeddable":true,"href":"https:\/\/adanaseshaber.com.tr\/habercim\/wp-json\/wp\/v2\/users\/2"}],"replies":[{"embeddable":true,"href":"https:\/\/adanaseshaber.com.tr\/habercim\/wp-json\/wp\/v2\/comments?post=51652"}]}}

Yer Avcılar

<p>Polis Çalışması</p>
<p>Görüntülerin yayılmasının ardından İstanbul Emniyet Müdürlüğü ekipleri harekete geçti. Yapılan incelemeler sonucunda kimliği belirlenen H.E. polis ekiplerince gözaltına alındı. Şüphelinin emniyetteki işlemlerinin ardından adliyeye sevk edileceği öğrenildi.</p>
<p>Köpeğin Durumu</p>
<p>Şiddete maruz kalan köpeğin ilgili birimler tarafından koruma altına alındığı bildirildi. Köpeğin sağlık durumuna ilişkin kontrollerin sürdüğü belirtildi.</p>
<p>Kaynak : haberzamani.com</p>
