{"id":51686,"date":"2026-07-31T21:31:04","date_gmt":"2026-07-31T18:31:04","guid":{"rendered":"https:\/\/adanaseshaber.com.tr\/habercim\/wp-content\/uploads\/2026\/07\/images-9-1.jpg"},"modified":"2026-07-31T21:31:25","modified_gmt":"2026-07-31T18:31:25","slug":"images-9-14","status":"inherit","type":"attachment","link":"https:\/\/adanaseshaber.com.tr\/habercim\/foto-galeri\/hamile-kadinin\/attachment\/images-9-14\/","title":{"rendered":"Hamile Kad\u0131n\u0131n"},"author":2,"comment_status":"open","ping_status":"closed","template":"","meta":[],"description":{"rendered":"<p class=\"attachment\"><a href='https:\/\/adanaseshaber.com.tr\/habercim\/wp-content\/uploads\/2026\/07\/images-9-1.jpg'><img width=\"240\" height=\"210\" src=\"https:\/\/adanaseshaber.com.tr\/habercim\/wp-content\/uploads\/2026\/07\/images-9-1.jpg\" class=\"attachment-medium size-medium\" alt=\"\" loading=\"lazy\" \/><\/a><\/p>\n"},"caption":{"rendered":"<p>Hamile Kad\u0131n\u0131n F.\u00d6.T.\u00d6. Duru\u015fmas\u0131ndaki \u015eok Edici Savunmas\u0131! F.\u00d6.T.\u00d6. duru\u015fmalar\u0131na s\u0131zarak bilgi toplamaya \u00e7al\u0131\u015fan hamile bir kad\u0131n, \u00e7\u0131kar\u0131ld\u0131\u011f\u0131 mahkemede tutuksuz yarg\u0131lanmak i\u00e7in \u00f6yle bir \u015fey yapt\u0131 ki, herkes hayrete d\u00fc\u015ft\u00fc.<\/p>\n<p>devam\u0131 sonraki sayfada\u2026 g\u00f6rsel \u00fczerinden do2\u2019kununuz ge\u00e7ebilirsiniz\u2026.<\/p>\n"},"alt_text":"","media_type":"image","mime_type":"image\/jpeg","media_details":{"width":240,"height":210,"file":"2026\/07\/images-9-1.jpg","sizes":{"thumbnail":{"file":"images-9-1-150x150.jpg","width":150,"height":150,"mime_type":"image\/jpeg","source_url":"https:\/\/adanaseshaber.com.tr\/habercim\/wp-content\/uploads\/2026\/07\/images-9-1-150x150.jpg"},"kucukResim":{"file":"images-9-1-80x50.jpg","width":80,"height":50,"mime_type":"image\/jpeg","source_url":"https:\/\/adanaseshaber.com.tr\/habercim\/wp-content\/uploads\/2026\/07\/images-9-1-80x50.jpg"},"resim1":{"file":"images-9-1-184x140.jpg","width":184,"height":140,"mime_type":"image\/jpeg","source_url":"https:\/\/adanaseshaber.com.tr\/habercim\/wp-content\/uploads\/2026\/07\/images-9-1-184x140.jpg"},"resim2":{"file":"images-9-1-216x103.jpg","width":216,"height":103,"mime_type":"image\/jpeg","source_url":"https:\/\/adanaseshaber.com.tr\/habercim\/wp-content\/uploads\/2026\/07\/images-9-1-216x103.jpg"},"resim3":{"file":"images-9-1-145x70.jpg","width":145,"height":70,"mime_type":"image\/jpeg","source_url":"https:\/\/adanaseshaber.com.tr\/habercim\/wp-content\/uploads\/2026\/07\/images-9-1-145x70.jpg"},"sagSlider":{"file":"images-9-1-240x150.jpg","width":240,"height":150,"mime_type":"image\/jpeg","source_url":"https:\/\/adanaseshaber.com.tr\/habercim\/wp-content\/uploads\/2026\/07\/images-9-1-240x150.jpg"},"full":{"file":"images-9-1.jpg","width":240,"height":210,"mime_type":"image\/jpeg","source_url":"https:\/\/adanaseshaber.com.tr\/habercim\/wp-content\/uploads\/2026\/07\/images-9-1.jpg"}},"image_meta":{"aperture":"0","credit":"","camera":"","caption":"","created_timestamp":"0","copyright":"","focal_length":"0","iso":"0","shutter_speed":"0","title":"","orientation":"0","keywords":[]}},"post":51685,"source_url":"https:\/\/adanaseshaber.com.tr\/habercim\/wp-content\/uploads\/2026\/07\/images-9-1.jpg","_links":{"self":[{"href":"https:\/\/adanaseshaber.com.tr\/habercim\/wp-json\/wp\/v2\/media\/51686"}],"collection":[{"href":"https:\/\/adanaseshaber.com.tr\/habercim\/wp-json\/wp\/v2\/media"}],"about":[{"href":"https:\/\/adanaseshaber.com.tr\/habercim\/wp-json\/wp\/v2\/types\/attachment"}],"author":[{"embeddable":true,"href":"https:\/\/adanaseshaber.com.tr\/habercim\/wp-json\/wp\/v2\/users\/2"}],"replies":[{"embeddable":true,"href":"https:\/\/adanaseshaber.com.tr\/habercim\/wp-json\/wp\/v2\/comments?post=51686"}]}}

Hamile Kadının

<p>Hamile Kadının F.Ö.T.Ö. Duruşmasındaki Şok Edici Savunması! F.Ö.T.Ö. duruşmalarına sızarak bilgi toplamaya çalışan hamile bir kadın, çıkarıldığı mahkemede tutuksuz yargılanmak için öyle bir şey yaptı ki, herkes hayrete düştü.</p>
<p>devamı sonraki sayfada… görsel üzerinden do2’kununuz geçebilirsiniz….</p>
