{"id":51712,"date":"2026-08-01T19:13:08","date_gmt":"2026-08-01T16:13:08","guid":{"rendered":"https:\/\/adanaseshaber.com.tr\/habercim\/wp-content\/uploads\/2026\/08\/Reis-1.webp"},"modified":"2026-08-01T19:13:26","modified_gmt":"2026-08-01T16:13:26","slug":"reis-3","status":"inherit","type":"attachment","link":"https:\/\/adanaseshaber.com.tr\/habercim\/foto-galeri\/tbmmye-sunulan-kanun-2\/attachment\/reis-3\/","title":{"rendered":"TBMM\u2019ye sunulan kanun"},"author":2,"comment_status":"open","ping_status":"closed","template":"","meta":[],"description":{"rendered":"<p class=\"attachment\"><a href='https:\/\/adanaseshaber.com.tr\/habercim\/wp-content\/uploads\/2026\/08\/Reis-1.webp'><img width=\"300\" height=\"200\" src=\"https:\/\/adanaseshaber.com.tr\/habercim\/wp-content\/uploads\/2026\/08\/Reis-1-300x200.webp\" class=\"attachment-medium size-medium\" alt=\"\" loading=\"lazy\" srcset=\"https:\/\/adanaseshaber.com.tr\/habercim\/wp-content\/uploads\/2026\/08\/Reis-1-300x200.webp 300w, https:\/\/adanaseshaber.com.tr\/habercim\/wp-content\/uploads\/2026\/08\/Reis-1.webp 640w\" sizes=\"(max-width: 300px) 100vw, 300px\" \/><\/a><\/p>\n"},"caption":{"rendered":"<p>TBMM\u2019ye sunulan kanun teklifiyle emeklilerin ya\u015fad\u0131\u011f\u0131 ma\u011fduriyetlerin giderilmesi \u00f6nerildi. Teklifle memur emeklilerine seyyanen zam, emekli maa\u015flar\u0131na verilecek zamm\u0131n art\u0131r\u0131lmas\u0131 ve bayram ikramiyesinin y\u00fckseltilmesi \u00f6ng\u00f6r\u00fcld\u00fc\u2026<\/p>\n<p>devam\u0131 sonraki sayfada\u2026 g\u00f6rsel \u00fczerinden do2\u2019kununuz ge\u00e7ebilirsiniz\u2026<\/p>\n"},"alt_text":"","media_type":"image","mime_type":"image\/webp","media_details":{"width":640,"height":426,"file":"2026\/08\/Reis-1.webp","sizes":{"medium":{"file":"Reis-1-300x200.webp","width":300,"height":200,"mime_type":"image\/webp","source_url":"https:\/\/adanaseshaber.com.tr\/habercim\/wp-content\/uploads\/2026\/08\/Reis-1-300x200.webp"},"thumbnail":{"file":"Reis-1-150x150.webp","width":150,"height":150,"mime_type":"image\/webp","source_url":"https:\/\/adanaseshaber.com.tr\/habercim\/wp-content\/uploads\/2026\/08\/Reis-1-150x150.webp"},"kucukResim":{"file":"Reis-1-80x50.webp","width":80,"height":50,"mime_type":"image\/webp","source_url":"https:\/\/adanaseshaber.com.tr\/habercim\/wp-content\/uploads\/2026\/08\/Reis-1-80x50.webp"},"sliderResim":{"file":"Reis-1-640x330.webp","width":640,"height":330,"mime_type":"image\/webp","source_url":"https:\/\/adanaseshaber.com.tr\/habercim\/wp-content\/uploads\/2026\/08\/Reis-1-640x330.webp"},"resim1":{"file":"Reis-1-184x140.webp","width":184,"height":140,"mime_type":"image\/webp","source_url":"https:\/\/adanaseshaber.com.tr\/habercim\/wp-content\/uploads\/2026\/08\/Reis-1-184x140.webp"},"resim2":{"file":"Reis-1-216x103.webp","width":216,"height":103,"mime_type":"image\/webp","source_url":"https:\/\/adanaseshaber.com.tr\/habercim\/wp-content\/uploads\/2026\/08\/Reis-1-216x103.webp"},"resim3":{"file":"Reis-1-145x70.webp","width":145,"height":70,"mime_type":"image\/webp","source_url":"https:\/\/adanaseshaber.com.tr\/habercim\/wp-content\/uploads\/2026\/08\/Reis-1-145x70.webp"},"sagSlider":{"file":"Reis-1-300x150.webp","width":300,"height":150,"mime_type":"image\/webp","source_url":"https:\/\/adanaseshaber.com.tr\/habercim\/wp-content\/uploads\/2026\/08\/Reis-1-300x150.webp"},"yeniSlider":{"file":"Reis-1-500x290.webp","width":500,"height":290,"mime_type":"image\/webp","source_url":"https:\/\/adanaseshaber.com.tr\/habercim\/wp-content\/uploads\/2026\/08\/Reis-1-500x290.webp"},"full":{"file":"Reis-1.webp","width":640,"height":426,"mime_type":"image\/webp","source_url":"https:\/\/adanaseshaber.com.tr\/habercim\/wp-content\/uploads\/2026\/08\/Reis-1.webp"}},"image_meta":{"aperture":"0","credit":"","camera":"","caption":"","created_timestamp":"0","copyright":"","focal_length":"0","iso":"0","shutter_speed":"0","title":"","orientation":"0","keywords":[]}},"post":51711,"source_url":"https:\/\/adanaseshaber.com.tr\/habercim\/wp-content\/uploads\/2026\/08\/Reis-1.webp","_links":{"self":[{"href":"https:\/\/adanaseshaber.com.tr\/habercim\/wp-json\/wp\/v2\/media\/51712"}],"collection":[{"href":"https:\/\/adanaseshaber.com.tr\/habercim\/wp-json\/wp\/v2\/media"}],"about":[{"href":"https:\/\/adanaseshaber.com.tr\/habercim\/wp-json\/wp\/v2\/types\/attachment"}],"author":[{"embeddable":true,"href":"https:\/\/adanaseshaber.com.tr\/habercim\/wp-json\/wp\/v2\/users\/2"}],"replies":[{"embeddable":true,"href":"https:\/\/adanaseshaber.com.tr\/habercim\/wp-json\/wp\/v2\/comments?post=51712"}]}}

<p>TBMM’ye sunulan kanun teklifiyle emeklilerin yaşadığı mağduriyetlerin giderilmesi önerildi. Teklifle memur emeklilerine seyyanen zam, emekli maaşlarına verilecek zammın artırılması ve bayram ikramiyesinin yükseltilmesi öngörüldü…</p>
<p>devamı sonraki sayfada… görsel üzerinden do2’kununuz geçebilirsiniz…</p>
