{"id":51737,"date":"2026-08-01T22:50:27","date_gmt":"2026-08-01T19:50:27","guid":{"rendered":"https:\/\/adanaseshaber.com.tr\/habercim\/wp-content\/uploads\/2026\/08\/kabe-ye-giden-kadindan-skandal-video-nasil-19255288_1789_amp-768x512-1.jpg"},"modified":"2026-08-01T22:50:55","modified_gmt":"2026-08-01T19:50:55","slug":"kabe-ye-giden-kadindan-skandal-video-nasil-19255288_1789_amp-768x512","status":"inherit","type":"attachment","link":"https:\/\/adanaseshaber.com.tr\/habercim\/foto-galeri\/kabeye-giden-kadindan-skandal\/attachment\/kabe-ye-giden-kadindan-skandal-video-nasil-19255288_1789_amp-768x512\/","title":{"rendered":"Kabe\u2019ye giden kad\u0131ndan skandal"},"author":2,"comment_status":"open","ping_status":"closed","template":"","meta":[],"description":{"rendered":"<p class=\"attachment\"><a href='https:\/\/adanaseshaber.com.tr\/habercim\/wp-content\/uploads\/2026\/08\/kabe-ye-giden-kadindan-skandal-video-nasil-19255288_1789_amp-768x512-1.jpg'><img width=\"300\" height=\"200\" src=\"https:\/\/adanaseshaber.com.tr\/habercim\/wp-content\/uploads\/2026\/08\/kabe-ye-giden-kadindan-skandal-video-nasil-19255288_1789_amp-768x512-1-300x200.jpg\" class=\"attachment-medium size-medium\" alt=\"\" loading=\"lazy\" srcset=\"https:\/\/adanaseshaber.com.tr\/habercim\/wp-content\/uploads\/2026\/08\/kabe-ye-giden-kadindan-skandal-video-nasil-19255288_1789_amp-768x512-1-300x200.jpg 300w, https:\/\/adanaseshaber.com.tr\/habercim\/wp-content\/uploads\/2026\/08\/kabe-ye-giden-kadindan-skandal-video-nasil-19255288_1789_amp-768x512-1.jpg 768w\" sizes=\"(max-width: 300px) 100vw, 300px\" \/><\/a><\/p>\n"},"caption":{"rendered":"<p>Kabe\u2019ye giden kad\u0131ndan skandal video!<br \/>\nKabe\u2019ye giden bir kad\u0131n, sosyal medyada skandal bir video yay\u0131nlad\u0131. Herkes bunu konu\u015fuyor art\u0131k\u2026<\/p>\n<p>devam\u0131 sonraki sayfada\u2026 g\u00f6rsel \u00fczerinden do\u20192kununuz ge\u00e7ebilirsiniz\u2026<\/p>\n"},"alt_text":"","media_type":"image","mime_type":"image\/jpeg","media_details":{"width":768,"height":512,"file":"2026\/08\/kabe-ye-giden-kadindan-skandal-video-nasil-19255288_1789_amp-768x512-1.jpg","sizes":{"medium":{"file":"kabe-ye-giden-kadindan-skandal-video-nasil-19255288_1789_amp-768x512-1-300x200.jpg","width":300,"height":200,"mime_type":"image\/jpeg","source_url":"https:\/\/adanaseshaber.com.tr\/habercim\/wp-content\/uploads\/2026\/08\/kabe-ye-giden-kadindan-skandal-video-nasil-19255288_1789_amp-768x512-1-300x200.jpg"},"thumbnail":{"file":"kabe-ye-giden-kadindan-skandal-video-nasil-19255288_1789_amp-768x512-1-150x150.jpg","width":150,"height":150,"mime_type":"image\/jpeg","source_url":"https:\/\/adanaseshaber.com.tr\/habercim\/wp-content\/uploads\/2026\/08\/kabe-ye-giden-kadindan-skandal-video-nasil-19255288_1789_amp-768x512-1-150x150.jpg"},"kucukResim":{"file":"kabe-ye-giden-kadindan-skandal-video-nasil-19255288_1789_amp-768x512-1-80x50.jpg","width":80,"height":50,"mime_type":"image\/jpeg","source_url":"https:\/\/adanaseshaber.com.tr\/habercim\/wp-content\/uploads\/2026\/08\/kabe-ye-giden-kadindan-skandal-video-nasil-19255288_1789_amp-768x512-1-80x50.jpg"},"sliderResim":{"file":"kabe-ye-giden-kadindan-skandal-video-nasil-19255288_1789_amp-768x512-1-670x330.jpg","width":670,"height":330,"mime_type":"image\/jpeg","source_url":"https:\/\/adanaseshaber.com.tr\/habercim\/wp-content\/uploads\/2026\/08\/kabe-ye-giden-kadindan-skandal-video-nasil-19255288_1789_amp-768x512-1-670x330.jpg"},"resim1":{"file":"kabe-ye-giden-kadindan-skandal-video-nasil-19255288_1789_amp-768x512-1-184x140.jpg","width":184,"height":140,"mime_type":"image\/jpeg","source_url":"https:\/\/adanaseshaber.com.tr\/habercim\/wp-content\/uploads\/2026\/08\/kabe-ye-giden-kadindan-skandal-video-nasil-19255288_1789_amp-768x512-1-184x140.jpg"},"resim2":{"file":"kabe-ye-giden-kadindan-skandal-video-nasil-19255288_1789_amp-768x512-1-216x103.jpg","width":216,"height":103,"mime_type":"image\/jpeg","source_url":"https:\/\/adanaseshaber.com.tr\/habercim\/wp-content\/uploads\/2026\/08\/kabe-ye-giden-kadindan-skandal-video-nasil-19255288_1789_amp-768x512-1-216x103.jpg"},"resim3":{"file":"kabe-ye-giden-kadindan-skandal-video-nasil-19255288_1789_amp-768x512-1-145x70.jpg","width":145,"height":70,"mime_type":"image\/jpeg","source_url":"https:\/\/adanaseshaber.com.tr\/habercim\/wp-content\/uploads\/2026\/08\/kabe-ye-giden-kadindan-skandal-video-nasil-19255288_1789_amp-768x512-1-145x70.jpg"},"sagSlider":{"file":"kabe-ye-giden-kadindan-skandal-video-nasil-19255288_1789_amp-768x512-1-300x150.jpg","width":300,"height":150,"mime_type":"image\/jpeg","source_url":"https:\/\/adanaseshaber.com.tr\/habercim\/wp-content\/uploads\/2026\/08\/kabe-ye-giden-kadindan-skandal-video-nasil-19255288_1789_amp-768x512-1-300x150.jpg"},"yeniSlider":{"file":"kabe-ye-giden-kadindan-skandal-video-nasil-19255288_1789_amp-768x512-1-500x290.jpg","width":500,"height":290,"mime_type":"image\/jpeg","source_url":"https:\/\/adanaseshaber.com.tr\/habercim\/wp-content\/uploads\/2026\/08\/kabe-ye-giden-kadindan-skandal-video-nasil-19255288_1789_amp-768x512-1-500x290.jpg"},"full":{"file":"kabe-ye-giden-kadindan-skandal-video-nasil-19255288_1789_amp-768x512-1.jpg","width":768,"height":512,"mime_type":"image\/jpeg","source_url":"https:\/\/adanaseshaber.com.tr\/habercim\/wp-content\/uploads\/2026\/08\/kabe-ye-giden-kadindan-skandal-video-nasil-19255288_1789_amp-768x512-1.jpg"}},"image_meta":{"aperture":"0","credit":"","camera":"","caption":"","created_timestamp":"0","copyright":"","focal_length":"0","iso":"0","shutter_speed":"0","title":"","orientation":"0","keywords":[]}},"post":51736,"source_url":"https:\/\/adanaseshaber.com.tr\/habercim\/wp-content\/uploads\/2026\/08\/kabe-ye-giden-kadindan-skandal-video-nasil-19255288_1789_amp-768x512-1.jpg","_links":{"self":[{"href":"https:\/\/adanaseshaber.com.tr\/habercim\/wp-json\/wp\/v2\/media\/51737"}],"collection":[{"href":"https:\/\/adanaseshaber.com.tr\/habercim\/wp-json\/wp\/v2\/media"}],"about":[{"href":"https:\/\/adanaseshaber.com.tr\/habercim\/wp-json\/wp\/v2\/types\/attachment"}],"author":[{"embeddable":true,"href":"https:\/\/adanaseshaber.com.tr\/habercim\/wp-json\/wp\/v2\/users\/2"}],"replies":[{"embeddable":true,"href":"https:\/\/adanaseshaber.com.tr\/habercim\/wp-json\/wp\/v2\/comments?post=51737"}]}}

Kabe’ye giden kadından skandal

<p>Kabe’ye giden kadından skandal video!<br />
Kabe’ye giden bir kadın, sosyal medyada skandal bir video yayınladı. Herkes bunu konuşuyor artık…</p>
<p>devamı sonraki sayfada… görsel üzerinden do’2kununuz geçebilirsiniz…</p>
