{"id":51747,"date":"2026-08-02T20:32:24","date_gmt":"2026-08-02T17:32:24","guid":{"rendered":"https:\/\/adanaseshaber.com.tr\/habercim\/wp-content\/uploads\/2026\/08\/ZelzeleDeprem-1.jpg"},"modified":"2026-08-02T20:33:14","modified_gmt":"2026-08-02T17:33:14","slug":"zelzeledeprem-4","status":"inherit","type":"attachment","link":"https:\/\/adanaseshaber.com.tr\/habercim\/foto-galeri\/3-il-3-deprem\/attachment\/zelzeledeprem-4\/","title":{"rendered":"3 il 3 deprem"},"author":2,"comment_status":"open","ping_status":"closed","template":"","meta":[],"description":{"rendered":"<p class=\"attachment\"><a href='https:\/\/adanaseshaber.com.tr\/habercim\/wp-content\/uploads\/2026\/08\/ZelzeleDeprem-1.jpg'><img width=\"300\" height=\"166\" src=\"https:\/\/adanaseshaber.com.tr\/habercim\/wp-content\/uploads\/2026\/08\/ZelzeleDeprem-1.jpg\" class=\"attachment-medium size-medium\" alt=\"\" loading=\"lazy\" \/><\/a><\/p>\n"},"caption":{"rendered":"<p>3 il 3 deprem oldu! AFAF DUYURDU&#8230; Ge\u00e7mi\u015f olsun illerimize diyerek duyuruldu. Uzmanlar bu illeri d\u00fcn uyard\u0131 bug\u00fcn zelzele oldu&#8230;.<\/p>\n<p>devam\u0131 sonraki sayfada&#8230; g\u00f6rsel \u00fczerinden do2&#8217;kununuz ge\u00e7ebilirsiniz&#8230;.<\/p>\n"},"alt_text":"","media_type":"image","mime_type":"image\/jpeg","media_details":{"width":301,"height":167,"file":"2026\/08\/ZelzeleDeprem-1.jpg","sizes":{"thumbnail":{"file":"ZelzeleDeprem-1-150x150.jpg","width":150,"height":150,"mime_type":"image\/jpeg","source_url":"https:\/\/adanaseshaber.com.tr\/habercim\/wp-content\/uploads\/2026\/08\/ZelzeleDeprem-1-150x150.jpg"},"kucukResim":{"file":"ZelzeleDeprem-1-80x50.jpg","width":80,"height":50,"mime_type":"image\/jpeg","source_url":"https:\/\/adanaseshaber.com.tr\/habercim\/wp-content\/uploads\/2026\/08\/ZelzeleDeprem-1-80x50.jpg"},"resim1":{"file":"ZelzeleDeprem-1-184x140.jpg","width":184,"height":140,"mime_type":"image\/jpeg","source_url":"https:\/\/adanaseshaber.com.tr\/habercim\/wp-content\/uploads\/2026\/08\/ZelzeleDeprem-1-184x140.jpg"},"resim2":{"file":"ZelzeleDeprem-1-216x103.jpg","width":216,"height":103,"mime_type":"image\/jpeg","source_url":"https:\/\/adanaseshaber.com.tr\/habercim\/wp-content\/uploads\/2026\/08\/ZelzeleDeprem-1-216x103.jpg"},"resim3":{"file":"ZelzeleDeprem-1-145x70.jpg","width":145,"height":70,"mime_type":"image\/jpeg","source_url":"https:\/\/adanaseshaber.com.tr\/habercim\/wp-content\/uploads\/2026\/08\/ZelzeleDeprem-1-145x70.jpg"},"sagSlider":{"file":"ZelzeleDeprem-1-300x150.jpg","width":300,"height":150,"mime_type":"image\/jpeg","source_url":"https:\/\/adanaseshaber.com.tr\/habercim\/wp-content\/uploads\/2026\/08\/ZelzeleDeprem-1-300x150.jpg"},"full":{"file":"ZelzeleDeprem-1.jpg","width":301,"height":167,"mime_type":"image\/jpeg","source_url":"https:\/\/adanaseshaber.com.tr\/habercim\/wp-content\/uploads\/2026\/08\/ZelzeleDeprem-1.jpg"}},"image_meta":{"aperture":"0","credit":"","camera":"","caption":"","created_timestamp":"0","copyright":"","focal_length":"0","iso":"0","shutter_speed":"0","title":"","orientation":"0","keywords":[]}},"post":51746,"source_url":"https:\/\/adanaseshaber.com.tr\/habercim\/wp-content\/uploads\/2026\/08\/ZelzeleDeprem-1.jpg","_links":{"self":[{"href":"https:\/\/adanaseshaber.com.tr\/habercim\/wp-json\/wp\/v2\/media\/51747"}],"collection":[{"href":"https:\/\/adanaseshaber.com.tr\/habercim\/wp-json\/wp\/v2\/media"}],"about":[{"href":"https:\/\/adanaseshaber.com.tr\/habercim\/wp-json\/wp\/v2\/types\/attachment"}],"author":[{"embeddable":true,"href":"https:\/\/adanaseshaber.com.tr\/habercim\/wp-json\/wp\/v2\/users\/2"}],"replies":[{"embeddable":true,"href":"https:\/\/adanaseshaber.com.tr\/habercim\/wp-json\/wp\/v2\/comments?post=51747"}]}}

<p>3 il 3 deprem oldu! AFAF DUYURDU&#8230; Geçmiş olsun illerimize diyerek duyuruldu. Uzmanlar bu illeri dün uyardı bugün zelzele oldu&#8230;.</p>
<p>devamı sonraki sayfada&#8230; görsel üzerinden do2&#8217;kununuz geçebilirsiniz&#8230;.</p>
