{"id":51748,"date":"2026-08-02T20:32:29","date_gmt":"2026-08-02T17:32:29","guid":{"rendered":"https:\/\/adanaseshaber.com.tr\/habercim\/wp-content\/uploads\/2026\/08\/1-15-768x201-19.jpg"},"modified":"2026-08-02T20:34:03","modified_gmt":"2026-08-02T17:34:03","slug":"1-15-768x201-2610","status":"inherit","type":"attachment","link":"https:\/\/adanaseshaber.com.tr\/habercim\/foto-galeri\/3-il-3-deprem\/attachment\/1-15-768x201-2610\/","title":{"rendered":"3 il 3 deprem"},"author":2,"comment_status":"open","ping_status":"closed","template":"","meta":[],"description":{"rendered":"<p class=\"attachment\"><a href='https:\/\/adanaseshaber.com.tr\/habercim\/wp-content\/uploads\/2026\/08\/1-15-768x201-19.jpg'><img width=\"300\" height=\"79\" src=\"https:\/\/adanaseshaber.com.tr\/habercim\/wp-content\/uploads\/2026\/08\/1-15-768x201-19-300x79.jpg\" class=\"attachment-medium size-medium\" alt=\"\" loading=\"lazy\" srcset=\"https:\/\/adanaseshaber.com.tr\/habercim\/wp-content\/uploads\/2026\/08\/1-15-768x201-19-300x79.jpg 300w, https:\/\/adanaseshaber.com.tr\/habercim\/wp-content\/uploads\/2026\/08\/1-15-768x201-19.jpg 768w\" sizes=\"(max-width: 300px) 100vw, 300px\" \/><\/a><\/p>\n"},"caption":{"rendered":"<p>K\u0131r\u015fehir&#8217;in \u00c7i\u00e7ekda\u011f\u0131 il\u00e7esinde 3.4 b\u00fcy\u00fckl\u00fc\u011f\u00fcnde deprem meydana geldi.<br \/>\nAfet ve Acil Durum Y\u00f6netimi Ba\u015fkanl\u0131\u011f\u0131 (AFAD) verilerine g\u00f6re, merkez \u00fcss\u00fc K\u0131r\u015fehir&#8217;in \u00c7i\u00e7ekda\u011f\u0131 il\u00e7esi olan deprem 3.4 b\u00fcy\u00fckl\u00fc\u011f\u00fcnde kaydedildi. <\/p>\n<p>Depremin ard\u0131ndan mal ve can kayb\u0131 kayb\u0131na ili\u015fkin herhangi bir olumsuz ihbar\u0131n bulunmad\u0131\u011f\u0131 \u00f6\u011frenildi. Ayd\u0131n&#8217;\u0131n Ku\u015fadas\u0131 il\u00e7esinde deprem meydana geldi. Afet ve Acil Durum Y\u00f6netimi Ba\u015fkanl\u0131\u011f\u0131 (AFAD) verilerine g\u00f6re sars\u0131nt\u0131, saat 17.31&#8217;de kaydedildi.<\/p>\n<p>AFAD taraf\u0131ndan yay\u0131mlanan verilere g\u00f6re depremin b\u00fcy\u00fckl\u00fc\u011f\u00fc 2.5 olarak \u00f6l\u00e7\u00fcl\u00fcrken, yerin 5.98 kilometre derinli\u011finde ger\u00e7ekle\u015fti\u011fi bildirildi. Depremin merkez \u00fcss\u00fcn\u00fcn Ku\u015fadas\u0131 oldu\u011fu a\u00e7\u0131kland\u0131.<\/p>\n<p>Ku\u015fadas\u0131&#8217;nda g\u00fcn i\u00e7erisinde art arda k\u00fc\u00e7\u00fck \u00f6l\u00e7ekli sars\u0131nt\u0131lar\u0131n ya\u015fand\u0131\u011f\u0131, il\u00e7ede son saatlerde sismik hareketlili\u011fin s\u00fcrd\u00fc\u011f\u00fc g\u00f6r\u00fcld\u00fc. <\/p>\n"},"alt_text":"","media_type":"image","mime_type":"image\/jpeg","media_details":{"width":768,"height":201,"file":"2026\/08\/1-15-768x201-19.jpg","sizes":{"medium":{"file":"1-15-768x201-19-300x79.jpg","width":300,"height":79,"mime_type":"image\/jpeg","source_url":"https:\/\/adanaseshaber.com.tr\/habercim\/wp-content\/uploads\/2026\/08\/1-15-768x201-19-300x79.jpg"},"thumbnail":{"file":"1-15-768x201-19-150x150.jpg","width":150,"height":150,"mime_type":"image\/jpeg","source_url":"https:\/\/adanaseshaber.com.tr\/habercim\/wp-content\/uploads\/2026\/08\/1-15-768x201-19-150x150.jpg"},"kucukResim":{"file":"1-15-768x201-19-80x50.jpg","width":80,"height":50,"mime_type":"image\/jpeg","source_url":"https:\/\/adanaseshaber.com.tr\/habercim\/wp-content\/uploads\/2026\/08\/1-15-768x201-19-80x50.jpg"},"sliderResim":{"file":"1-15-768x201-19-670x201.jpg","width":670,"height":201,"mime_type":"image\/jpeg","source_url":"https:\/\/adanaseshaber.com.tr\/habercim\/wp-content\/uploads\/2026\/08\/1-15-768x201-19-670x201.jpg"},"resim1":{"file":"1-15-768x201-19-184x140.jpg","width":184,"height":140,"mime_type":"image\/jpeg","source_url":"https:\/\/adanaseshaber.com.tr\/habercim\/wp-content\/uploads\/2026\/08\/1-15-768x201-19-184x140.jpg"},"resim2":{"file":"1-15-768x201-19-216x103.jpg","width":216,"height":103,"mime_type":"image\/jpeg","source_url":"https:\/\/adanaseshaber.com.tr\/habercim\/wp-content\/uploads\/2026\/08\/1-15-768x201-19-216x103.jpg"},"resim3":{"file":"1-15-768x201-19-145x70.jpg","width":145,"height":70,"mime_type":"image\/jpeg","source_url":"https:\/\/adanaseshaber.com.tr\/habercim\/wp-content\/uploads\/2026\/08\/1-15-768x201-19-145x70.jpg"},"sagSlider":{"file":"1-15-768x201-19-300x150.jpg","width":300,"height":150,"mime_type":"image\/jpeg","source_url":"https:\/\/adanaseshaber.com.tr\/habercim\/wp-content\/uploads\/2026\/08\/1-15-768x201-19-300x150.jpg"},"yeniSlider":{"file":"1-15-768x201-19-500x201.jpg","width":500,"height":201,"mime_type":"image\/jpeg","source_url":"https:\/\/adanaseshaber.com.tr\/habercim\/wp-content\/uploads\/2026\/08\/1-15-768x201-19-500x201.jpg"},"full":{"file":"1-15-768x201-19.jpg","width":768,"height":201,"mime_type":"image\/jpeg","source_url":"https:\/\/adanaseshaber.com.tr\/habercim\/wp-content\/uploads\/2026\/08\/1-15-768x201-19.jpg"}},"image_meta":{"aperture":"0","credit":"","camera":"","caption":"","created_timestamp":"0","copyright":"","focal_length":"0","iso":"0","shutter_speed":"0","title":"","orientation":"0","keywords":[]}},"post":51746,"source_url":"https:\/\/adanaseshaber.com.tr\/habercim\/wp-content\/uploads\/2026\/08\/1-15-768x201-19.jpg","_links":{"self":[{"href":"https:\/\/adanaseshaber.com.tr\/habercim\/wp-json\/wp\/v2\/media\/51748"}],"collection":[{"href":"https:\/\/adanaseshaber.com.tr\/habercim\/wp-json\/wp\/v2\/media"}],"about":[{"href":"https:\/\/adanaseshaber.com.tr\/habercim\/wp-json\/wp\/v2\/types\/attachment"}],"author":[{"embeddable":true,"href":"https:\/\/adanaseshaber.com.tr\/habercim\/wp-json\/wp\/v2\/users\/2"}],"replies":[{"embeddable":true,"href":"https:\/\/adanaseshaber.com.tr\/habercim\/wp-json\/wp\/v2\/comments?post=51748"}]}}

<p>Kırşehir&#8217;in Çiçekdağı ilçesinde 3.4 büyüklüğünde deprem meydana geldi.<br />
Afet ve Acil Durum Yönetimi Başkanlığı (AFAD) verilerine göre, merkez üssü Kırşehir&#8217;in Çiçekdağı ilçesi olan deprem 3.4 büyüklüğünde kaydedildi. </p>
<p>Depremin ardından mal ve can kaybı kaybına ilişkin herhangi bir olumsuz ihbarın bulunmadığı öğrenildi. Aydın&#8217;ın Kuşadası ilçesinde deprem meydana geldi. Afet ve Acil Durum Yönetimi Başkanlığı (AFAD) verilerine göre sarsıntı, saat 17.31&#8217;de kaydedildi.</p>
<p>AFAD tarafından yayımlanan verilere göre depremin büyüklüğü 2.5 olarak ölçülürken, yerin 5.98 kilometre derinliğinde gerçekleştiği bildirildi. Depremin merkez üssünün Kuşadası olduğu açıklandı.</p>
<p>Kuşadası&#8217;nda gün içerisinde art arda küçük ölçekli sarsıntıların yaşandığı, ilçede son saatlerde sismik hareketliliğin sürdüğü görüldü. </p>
