{"id":51753,"date":"2026-08-02T20:48:17","date_gmt":"2026-08-02T17:48:17","guid":{"rendered":"https:\/\/adanaseshaber.com.tr\/habercim\/wp-content\/uploads\/2026\/08\/1-15-768x201-21.jpg"},"modified":"2026-08-02T20:49:45","modified_gmt":"2026-08-02T17:49:45","slug":"1-15-768x201-2612","status":"inherit","type":"attachment","link":"https:\/\/adanaseshaber.com.tr\/habercim\/foto-galeri\/4-vekil\/attachment\/1-15-768x201-2612\/","title":{"rendered":"4 vekil"},"author":2,"comment_status":"open","ping_status":"closed","template":"","meta":[],"description":{"rendered":"<p class=\"attachment\"><a href='https:\/\/adanaseshaber.com.tr\/habercim\/wp-content\/uploads\/2026\/08\/1-15-768x201-21.jpg'><img width=\"300\" height=\"79\" src=\"https:\/\/adanaseshaber.com.tr\/habercim\/wp-content\/uploads\/2026\/08\/1-15-768x201-21-300x79.jpg\" class=\"attachment-medium size-medium\" alt=\"\" loading=\"lazy\" srcset=\"https:\/\/adanaseshaber.com.tr\/habercim\/wp-content\/uploads\/2026\/08\/1-15-768x201-21-300x79.jpg 300w, https:\/\/adanaseshaber.com.tr\/habercim\/wp-content\/uploads\/2026\/08\/1-15-768x201-21.jpg 768w\" sizes=\"(max-width: 300px) 100vw, 300px\" \/><\/a><\/p>\n"},"caption":{"rendered":"<p>Ahmet Davuto\u011flu&#8217;nun Gelecek Partisi&#8217;nin siyasi faaliyetlerini sonland\u0131rma karar\u0131n\u0131 a\u00e7\u0131klamas\u0131n\u0131n ard\u0131ndan partinin TBMM&#8217;deki d\u00f6rt milletvekilinin yol haritas\u0131 netle\u015fti. Vekillerin \u0130Y\u0130 Parti veya Yeni Parti&#8217;ye ge\u00e7ece\u011fi y\u00f6n\u00fcndeki iddialar\u0131 reddeden Yeni Yol Grubu Grup Ba\u015fkanvekili Sel\u00e7uk \u00d6zda\u011f, milletvekillerinin Yeni Yol Grubu \u00e7at\u0131s\u0131 alt\u0131nda \u00e7al\u0131\u015fmalar\u0131n\u0131 ba\u011f\u0131ms\u0131z milletvekili olarak s\u00fcrd\u00fcrece\u011fini ve herhangi bir siyasi partiye kat\u0131lmayaca\u011f\u0131n\u0131 a\u00e7\u0131klad\u0131.<br \/>\nGelecek Partisi Genel Ba\u015fkan\u0131 Ahmet Davuto\u011flu&#8217;nun parti siyasetinden \u00e7ekilme ve Gelecek Partisi&#8217;nin siyasi faaliyetlerini sonland\u0131rma karar\u0131n\u0131n ard\u0131ndan g\u00f6zler partinin TBMM&#8217;deki milletvekillerine \u00e7evrildi. Yeni Yol Grubu Grup Ba\u015fkanvekili Sel\u00e7uk \u00d6zda\u011f, Meclis&#8217;teki d\u00f6rt milletvekilinin Yeni Yol Grubu b\u00fcnyesinde \u00e7al\u0131\u015fmalar\u0131n\u0131 s\u00fcrd\u00fcrece\u011fini ancak herhangi bir siyasi partiye kat\u0131lmayaca\u011f\u0131n\u0131 a\u00e7\u0131klad\u0131.<\/p>\n<p>DAVUTO\u011eLU PART\u0130N\u0130N FAAL\u0130YETLER\u0130N\u0130 SONLANDIRDIKLARINI DUYURDU<br \/>\nAhmet Davuto\u011flu, sosyal medya hesab\u0131ndan yapt\u0131\u011f\u0131 a\u00e7\u0131klamayla Gelecek Partisi&#8217;nin siyasi faaliyetlerini sonland\u0131rma karar\u0131 ald\u0131klar\u0131n\u0131 duyurdu.<\/p>\n<p>Davuto\u011flu a\u00e7\u0131klamas\u0131nda, &#8220;Geldi\u011fimiz noktada, genelde siyasi sistemin, \u00f6zelde ise parti siyasetinin b\u00fcy\u00fck bir \u00e7\u0131kmaza girdi\u011fini g\u00f6r\u00fcyoruz. Bu de\u011ferlendirmeler \u0131\u015f\u0131\u011f\u0131nda, partimizin yetkili kurullar\u0131 ve Gelecek Partisi&#8217;ni bug\u00fcne ta\u015f\u0131yan dava arkada\u015flar\u0131m\u0131zla yapt\u0131\u011f\u0131m\u0131z isti\u015fareler neticesinde, kirlenmi\u015f siyasi iklimin bir par\u00e7as\u0131 olmamak amac\u0131yla parti siyasetinden \u00e7ekilme ve Gelecek Partisi&#8217;nin siyasi faaliyetlerini sonland\u0131rma karar\u0131 alm\u0131\u015f bulunuyoruz.&#8221; ifadelerini kulland\u0131.<\/p>\n<p>M\u0130LLETVEK\u0130LLER\u0130N\u0130N YOL HAR\u0130TASI NETLE\u015eT\u0130<br \/>\nDavuto\u011flu&#8217;nun a\u00e7\u0131klamas\u0131n\u0131n ard\u0131ndan Gelecek Partisi&#8217;nin TBMM&#8217;deki milletvekillerinin nas\u0131l bir yol izleyece\u011fi merak konusu oldu.<\/p>\n<p>Yeni Yol Grubu Grup Ba\u015fkanvekili Sel\u00e7uk \u00d6zda\u011f, yapt\u0131\u011f\u0131 a\u00e7\u0131klamada partinin Meclis&#8217;teki d\u00f6rt milletvekilinin Yeni Yol Grubu \u00e7at\u0131s\u0131 alt\u0131nda \u00e7al\u0131\u015fmalar\u0131n\u0131 s\u00fcrd\u00fcrece\u011fini belirtti.<\/p>\n<p>Vekillerin \u0130Y\u0130 Parti veya Yeni Parti&#8217;ye ge\u00e7ece\u011fi y\u00f6n\u00fcndeki iddialar\u0131 reddeden \u00d6zda\u011f, milletvekillerinin herhangi bir siyasi partiye kat\u0131lmayaca\u011f\u0131n\u0131 ve g\u00f6revlerine ba\u011f\u0131ms\u0131z milletvekili olarak devam edece\u011fini s\u00f6yledi.<\/p>\n<p>YEN\u0130 YOL GRUBU&#8217;NDA G\u00d6REV YAPMAYI S\u00dcRD\u00dcRECEKLER<br \/>\nSaadet Partisi, DEVA Partisi ve Gelecek Partisi milletvekillerinin olu\u015fturdu\u011fu Yeni Yol Grubu, TBMM&#8217;deki faaliyetlerine devam ederken, Gelecek Partisi kontenjan\u0131ndan grupta yer alan d\u00f6rt milletvekilinin de bu yap\u0131 i\u00e7erisinde \u00e7al\u0131\u015fmalar\u0131n\u0131 s\u00fcrd\u00fcrece\u011fi belirtildi.<\/p>\n<p>Ba\u011f\u0131ms\u0131z milletvekili stat\u00fcs\u00fcnde g\u00f6rev yapacak isimler \u015f\u00f6yle:<\/p>\n<p>&#8211; Sema Silkin \u00dcn (Denizli)<\/p>\n<p>&#8211; Sel\u00e7uk \u00d6zda\u011f (Mu\u011fla)<\/p>\n<p>&#8211; Kani Torun (Bursa)<\/p>\n<p>&#8211; Mustafa Bilici (\u0130zmir)<\/p>\n<p>S\u00f6z konusu milletvekillerinin herhangi bir siyasi partiye kat\u0131lmadan, Yeni Yol Grubu b\u00fcnyesinde Meclis \u00e7al\u0131\u015fmalar\u0131na devam edece\u011fi ifade edildi.<\/p>\n<p>Kaynak : haberler.com<\/p>\n"},"alt_text":"","media_type":"image","mime_type":"image\/jpeg","media_details":{"width":768,"height":201,"file":"2026\/08\/1-15-768x201-21.jpg","sizes":{"medium":{"file":"1-15-768x201-21-300x79.jpg","width":300,"height":79,"mime_type":"image\/jpeg","source_url":"https:\/\/adanaseshaber.com.tr\/habercim\/wp-content\/uploads\/2026\/08\/1-15-768x201-21-300x79.jpg"},"thumbnail":{"file":"1-15-768x201-21-150x150.jpg","width":150,"height":150,"mime_type":"image\/jpeg","source_url":"https:\/\/adanaseshaber.com.tr\/habercim\/wp-content\/uploads\/2026\/08\/1-15-768x201-21-150x150.jpg"},"kucukResim":{"file":"1-15-768x201-21-80x50.jpg","width":80,"height":50,"mime_type":"image\/jpeg","source_url":"https:\/\/adanaseshaber.com.tr\/habercim\/wp-content\/uploads\/2026\/08\/1-15-768x201-21-80x50.jpg"},"sliderResim":{"file":"1-15-768x201-21-670x201.jpg","width":670,"height":201,"mime_type":"image\/jpeg","source_url":"https:\/\/adanaseshaber.com.tr\/habercim\/wp-content\/uploads\/2026\/08\/1-15-768x201-21-670x201.jpg"},"resim1":{"file":"1-15-768x201-21-184x140.jpg","width":184,"height":140,"mime_type":"image\/jpeg","source_url":"https:\/\/adanaseshaber.com.tr\/habercim\/wp-content\/uploads\/2026\/08\/1-15-768x201-21-184x140.jpg"},"resim2":{"file":"1-15-768x201-21-216x103.jpg","width":216,"height":103,"mime_type":"image\/jpeg","source_url":"https:\/\/adanaseshaber.com.tr\/habercim\/wp-content\/uploads\/2026\/08\/1-15-768x201-21-216x103.jpg"},"resim3":{"file":"1-15-768x201-21-145x70.jpg","width":145,"height":70,"mime_type":"image\/jpeg","source_url":"https:\/\/adanaseshaber.com.tr\/habercim\/wp-content\/uploads\/2026\/08\/1-15-768x201-21-145x70.jpg"},"sagSlider":{"file":"1-15-768x201-21-300x150.jpg","width":300,"height":150,"mime_type":"image\/jpeg","source_url":"https:\/\/adanaseshaber.com.tr\/habercim\/wp-content\/uploads\/2026\/08\/1-15-768x201-21-300x150.jpg"},"yeniSlider":{"file":"1-15-768x201-21-500x201.jpg","width":500,"height":201,"mime_type":"image\/jpeg","source_url":"https:\/\/adanaseshaber.com.tr\/habercim\/wp-content\/uploads\/2026\/08\/1-15-768x201-21-500x201.jpg"},"full":{"file":"1-15-768x201-21.jpg","width":768,"height":201,"mime_type":"image\/jpeg","source_url":"https:\/\/adanaseshaber.com.tr\/habercim\/wp-content\/uploads\/2026\/08\/1-15-768x201-21.jpg"}},"image_meta":{"aperture":"0","credit":"","camera":"","caption":"","created_timestamp":"0","copyright":"","focal_length":"0","iso":"0","shutter_speed":"0","title":"","orientation":"0","keywords":[]}},"post":51751,"source_url":"https:\/\/adanaseshaber.com.tr\/habercim\/wp-content\/uploads\/2026\/08\/1-15-768x201-21.jpg","_links":{"self":[{"href":"https:\/\/adanaseshaber.com.tr\/habercim\/wp-json\/wp\/v2\/media\/51753"}],"collection":[{"href":"https:\/\/adanaseshaber.com.tr\/habercim\/wp-json\/wp\/v2\/media"}],"about":[{"href":"https:\/\/adanaseshaber.com.tr\/habercim\/wp-json\/wp\/v2\/types\/attachment"}],"author":[{"embeddable":true,"href":"https:\/\/adanaseshaber.com.tr\/habercim\/wp-json\/wp\/v2\/users\/2"}],"replies":[{"embeddable":true,"href":"https:\/\/adanaseshaber.com.tr\/habercim\/wp-json\/wp\/v2\/comments?post=51753"}]}}

<p>Ahmet Davutoğlu&#8217;nun Gelecek Partisi&#8217;nin siyasi faaliyetlerini sonlandırma kararını açıklamasının ardından partinin TBMM&#8217;deki dört milletvekilinin yol haritası netleşti. Vekillerin İYİ Parti veya Yeni Parti&#8217;ye geçeceği yönündeki iddiaları reddeden Yeni Yol Grubu Grup Başkanvekili Selçuk Özdağ, milletvekillerinin Yeni Yol Grubu çatısı altında çalışmalarını bağımsız milletvekili olarak sürdüreceğini ve herhangi bir siyasi partiye katılmayacağını açıkladı.<br />
Gelecek Partisi Genel Başkanı Ahmet Davutoğlu&#8217;nun parti siyasetinden çekilme ve Gelecek Partisi&#8217;nin siyasi faaliyetlerini sonlandırma kararının ardından gözler partinin TBMM&#8217;deki milletvekillerine çevrildi. Yeni Yol Grubu Grup Başkanvekili Selçuk Özdağ, Meclis&#8217;teki dört milletvekilinin Yeni Yol Grubu bünyesinde çalışmalarını sürdüreceğini ancak herhangi bir siyasi partiye katılmayacağını açıkladı.</p>
<p>DAVUTOĞLU PARTİNİN FAALİYETLERİNİ SONLANDIRDIKLARINI DUYURDU<br />
Ahmet Davutoğlu, sosyal medya hesabından yaptığı açıklamayla Gelecek Partisi&#8217;nin siyasi faaliyetlerini sonlandırma kararı aldıklarını duyurdu.</p>
<p>Davutoğlu açıklamasında, &#8220;Geldiğimiz noktada, genelde siyasi sistemin, özelde ise parti siyasetinin büyük bir çıkmaza girdiğini görüyoruz. Bu değerlendirmeler ışığında, partimizin yetkili kurulları ve Gelecek Partisi&#8217;ni bugüne taşıyan dava arkadaşlarımızla yaptığımız istişareler neticesinde, kirlenmiş siyasi iklimin bir parçası olmamak amacıyla parti siyasetinden çekilme ve Gelecek Partisi&#8217;nin siyasi faaliyetlerini sonlandırma kararı almış bulunuyoruz.&#8221; ifadelerini kullandı.</p>
<p>MİLLETVEKİLLERİNİN YOL HARİTASI NETLEŞTİ<br />
Davutoğlu&#8217;nun açıklamasının ardından Gelecek Partisi&#8217;nin TBMM&#8217;deki milletvekillerinin nasıl bir yol izleyeceği merak konusu oldu.</p>
<p>Yeni Yol Grubu Grup Başkanvekili Selçuk Özdağ, yaptığı açıklamada partinin Meclis&#8217;teki dört milletvekilinin Yeni Yol Grubu çatısı altında çalışmalarını sürdüreceğini belirtti.</p>
<p>Vekillerin İYİ Parti veya Yeni Parti&#8217;ye geçeceği yönündeki iddiaları reddeden Özdağ, milletvekillerinin herhangi bir siyasi partiye katılmayacağını ve görevlerine bağımsız milletvekili olarak devam edeceğini söyledi.</p>
<p>YENİ YOL GRUBU&#8217;NDA GÖREV YAPMAYI SÜRDÜRECEKLER<br />
Saadet Partisi, DEVA Partisi ve Gelecek Partisi milletvekillerinin oluşturduğu Yeni Yol Grubu, TBMM&#8217;deki faaliyetlerine devam ederken, Gelecek Partisi kontenjanından grupta yer alan dört milletvekilinin de bu yapı içerisinde çalışmalarını sürdüreceği belirtildi.</p>
<p>Bağımsız milletvekili statüsünde görev yapacak isimler şöyle:</p>
<p>&#8211; Sema Silkin Ün (Denizli)</p>
<p>&#8211; Selçuk Özdağ (Muğla)</p>
<p>&#8211; Kani Torun (Bursa)</p>
<p>&#8211; Mustafa Bilici (İzmir)</p>
<p>Söz konusu milletvekillerinin herhangi bir siyasi partiye katılmadan, Yeni Yol Grubu bünyesinde Meclis çalışmalarına devam edeceği ifade edildi.</p>
<p>Kaynak : haberler.com</p>
