{"id":51777,"date":"2026-08-03T16:39:52","date_gmt":"2026-08-03T13:39:52","guid":{"rendered":"https:\/\/adanaseshaber.com.tr\/habercim\/wp-content\/uploads\/2026\/08\/images-7.jpg"},"modified":"2026-08-03T16:40:43","modified_gmt":"2026-08-03T13:40:43","slug":"images-7-57","status":"inherit","type":"attachment","link":"https:\/\/adanaseshaber.com.tr\/habercim\/foto-galeri\/masterchef-sampiyonu-sef-eren-kasikci\/attachment\/images-7-57\/","title":{"rendered":"MasterChef \u015fampiyonu \u015eef Eren Ka\u015f\u0131k\u00e7\u0131"},"author":2,"comment_status":"open","ping_status":"closed","template":"","meta":[],"description":{"rendered":"<p class=\"attachment\"><a href='https:\/\/adanaseshaber.com.tr\/habercim\/wp-content\/uploads\/2026\/08\/images-7.jpg'><img width=\"300\" height=\"168\" src=\"https:\/\/adanaseshaber.com.tr\/habercim\/wp-content\/uploads\/2026\/08\/images-7-300x168.jpg\" class=\"attachment-medium size-medium\" alt=\"\" loading=\"lazy\" srcset=\"https:\/\/adanaseshaber.com.tr\/habercim\/wp-content\/uploads\/2026\/08\/images-7-300x168.jpg 300w, https:\/\/adanaseshaber.com.tr\/habercim\/wp-content\/uploads\/2026\/08\/images-7.jpg 597w\" sizes=\"(max-width: 300px) 100vw, 300px\" \/><\/a><\/p>\n"},"caption":{"rendered":"<p>MasterChef \u015fampiyonu \u015eef Eren Ka\u015f\u0131k\u00e7\u0131, memleketi Tokat&#8217;ta g\u00f6zya\u015flar\u0131 aras\u0131nda topra\u011fa verildi. Cenaze t\u00f6reninde ac\u0131l\u0131 annesinin fenala\u015fmas\u0131 y\u00fcrekleri da\u011flarken, j\u00fcri \u00fcyesi Somer Sivrio\u011flu da eski yar\u0131\u015fmac\u0131s\u0131n\u0131 anlaml\u0131 bir foto\u011frafla and\u0131.<br \/>\nHerkes taraf\u0131ndan sevilen isim hakk\u0131nda g\u00fcndem olan payla\u015f\u0131mlar&#8230;<\/p>\n<p>devam\u0131 sonraki sayfada&#8230; g\u00f6rsel \u00fczerinden do2&#8217;kununuz ge\u00e7ebilirsiniz&#8230;<\/p>\n"},"alt_text":"","media_type":"image","mime_type":"image\/jpeg","media_details":{"width":597,"height":335,"file":"2026\/08\/images-7.jpg","sizes":{"medium":{"file":"images-7-300x168.jpg","width":300,"height":168,"mime_type":"image\/jpeg","source_url":"https:\/\/adanaseshaber.com.tr\/habercim\/wp-content\/uploads\/2026\/08\/images-7-300x168.jpg"},"thumbnail":{"file":"images-7-150x150.jpg","width":150,"height":150,"mime_type":"image\/jpeg","source_url":"https:\/\/adanaseshaber.com.tr\/habercim\/wp-content\/uploads\/2026\/08\/images-7-150x150.jpg"},"kucukResim":{"file":"images-7-80x50.jpg","width":80,"height":50,"mime_type":"image\/jpeg","source_url":"https:\/\/adanaseshaber.com.tr\/habercim\/wp-content\/uploads\/2026\/08\/images-7-80x50.jpg"},"sliderResim":{"file":"images-7-597x330.jpg","width":597,"height":330,"mime_type":"image\/jpeg","source_url":"https:\/\/adanaseshaber.com.tr\/habercim\/wp-content\/uploads\/2026\/08\/images-7-597x330.jpg"},"resim1":{"file":"images-7-184x140.jpg","width":184,"height":140,"mime_type":"image\/jpeg","source_url":"https:\/\/adanaseshaber.com.tr\/habercim\/wp-content\/uploads\/2026\/08\/images-7-184x140.jpg"},"resim2":{"file":"images-7-216x103.jpg","width":216,"height":103,"mime_type":"image\/jpeg","source_url":"https:\/\/adanaseshaber.com.tr\/habercim\/wp-content\/uploads\/2026\/08\/images-7-216x103.jpg"},"resim3":{"file":"images-7-145x70.jpg","width":145,"height":70,"mime_type":"image\/jpeg","source_url":"https:\/\/adanaseshaber.com.tr\/habercim\/wp-content\/uploads\/2026\/08\/images-7-145x70.jpg"},"sagSlider":{"file":"images-7-300x150.jpg","width":300,"height":150,"mime_type":"image\/jpeg","source_url":"https:\/\/adanaseshaber.com.tr\/habercim\/wp-content\/uploads\/2026\/08\/images-7-300x150.jpg"},"yeniSlider":{"file":"images-7-500x290.jpg","width":500,"height":290,"mime_type":"image\/jpeg","source_url":"https:\/\/adanaseshaber.com.tr\/habercim\/wp-content\/uploads\/2026\/08\/images-7-500x290.jpg"},"full":{"file":"images-7.jpg","width":597,"height":335,"mime_type":"image\/jpeg","source_url":"https:\/\/adanaseshaber.com.tr\/habercim\/wp-content\/uploads\/2026\/08\/images-7.jpg"}},"image_meta":{"aperture":"0","credit":"","camera":"","caption":"","created_timestamp":"0","copyright":"","focal_length":"0","iso":"0","shutter_speed":"0","title":"","orientation":"0","keywords":[]}},"post":51776,"source_url":"https:\/\/adanaseshaber.com.tr\/habercim\/wp-content\/uploads\/2026\/08\/images-7.jpg","_links":{"self":[{"href":"https:\/\/adanaseshaber.com.tr\/habercim\/wp-json\/wp\/v2\/media\/51777"}],"collection":[{"href":"https:\/\/adanaseshaber.com.tr\/habercim\/wp-json\/wp\/v2\/media"}],"about":[{"href":"https:\/\/adanaseshaber.com.tr\/habercim\/wp-json\/wp\/v2\/types\/attachment"}],"author":[{"embeddable":true,"href":"https:\/\/adanaseshaber.com.tr\/habercim\/wp-json\/wp\/v2\/users\/2"}],"replies":[{"embeddable":true,"href":"https:\/\/adanaseshaber.com.tr\/habercim\/wp-json\/wp\/v2\/comments?post=51777"}]}}

MasterChef şampiyonu Şef Eren Kaşıkçı

<p>MasterChef şampiyonu Şef Eren Kaşıkçı, memleketi Tokat&#8217;ta gözyaşları arasında toprağa verildi. Cenaze töreninde acılı annesinin fenalaşması yürekleri dağlarken, jüri üyesi Somer Sivrioğlu da eski yarışmacısını anlamlı bir fotoğrafla andı.<br />
Herkes tarafından sevilen isim hakkında gündem olan paylaşımlar&#8230;</p>
<p>devamı sonraki sayfada&#8230; görsel üzerinden do2&#8217;kununuz geçebilirsiniz&#8230;</p>
