{"id":51783,"date":"2026-08-03T20:51:57","date_gmt":"2026-08-03T17:51:57","guid":{"rendered":"https:\/\/adanaseshaber.com.tr\/habercim\/wp-content\/uploads\/2026\/08\/1-15-768x201-33.jpg"},"modified":"2026-08-03T20:53:19","modified_gmt":"2026-08-03T17:53:19","slug":"1-15-768x201-2624","status":"inherit","type":"attachment","link":"https:\/\/adanaseshaber.com.tr\/habercim\/foto-galeri\/mahsur-kalanlar\/attachment\/1-15-768x201-2624\/","title":{"rendered":"Mahsur kalanlar"},"author":2,"comment_status":"open","ping_status":"closed","template":"","meta":[],"description":{"rendered":"<p class=\"attachment\"><a href='https:\/\/adanaseshaber.com.tr\/habercim\/wp-content\/uploads\/2026\/08\/1-15-768x201-33.jpg'><img width=\"300\" height=\"79\" src=\"https:\/\/adanaseshaber.com.tr\/habercim\/wp-content\/uploads\/2026\/08\/1-15-768x201-33-300x79.jpg\" class=\"attachment-medium size-medium\" alt=\"\" loading=\"lazy\" srcset=\"https:\/\/adanaseshaber.com.tr\/habercim\/wp-content\/uploads\/2026\/08\/1-15-768x201-33-300x79.jpg 300w, https:\/\/adanaseshaber.com.tr\/habercim\/wp-content\/uploads\/2026\/08\/1-15-768x201-33.jpg 768w\" sizes=\"(max-width: 300px) 100vw, 300px\" \/><\/a><\/p>\n"},"caption":{"rendered":"<p>\u0130stanbul B\u00fcy\u00fck\u00e7ekmece\u2019de sahil ile binalar aras\u0131nda bulunan toprak alanda toprak kaymas\u0131 meydana geldi. G\u00f6\u00e7\u00fck nedeniyle baz\u0131 vatanda\u015flar\u0131n toprak alt\u0131nda kald\u0131\u011f\u0131 \u00f6\u011frenilirken, olay yerine \u00e7ok say\u0131da ekip sevk edildi.<\/p>\n<p>Olay\u0131n ard\u0131ndan b\u00f6lgeye itfaiye, sa\u011fl\u0131k ve polis ekipleri y\u00f6nlendirildi. Ekipler, toprak alt\u0131nda kalan vatanda\u015flar\u0131n kurtar\u0131lmas\u0131 i\u00e7in \u00e7al\u0131\u015fma ba\u015flatt\u0131.<\/p>\n<p>M\u0130MAR S\u0130NAN SAH\u0130L\u2019DE G\u00d6\u00c7\u00dcK MEYDANA GELD\u0130<br \/>\nToprak kaymas\u0131, B\u00fcy\u00fck\u00e7ekmece Mimar Sinan Sahil\u2019de ya\u015fand\u0131. Edinilen bilgilere g\u00f6re sahil ile binalar aras\u0131nda bulunan b\u00f6l\u00fcmde meydana gelen g\u00f6\u00e7\u00fck sonras\u0131 kayan toprak, sahil yolunun bir k\u0131sm\u0131n\u0131 kapatt\u0131.<\/p>\n<p>Olay s\u0131ras\u0131nda sahilde bulunan vatanda\u015flar k\u0131sa s\u00fcreli panik ya\u015fad\u0131.<\/p>\n<p>ARAMA KURTARMA EK\u0130PLER\u0130 SEVK ED\u0130LD\u0130<br \/>\n\u0130hbar \u00fczerine b\u00f6lgeye itfaiye, sa\u011fl\u0131k ve polis ekipleri sevk edildi. Kurtarma ekipleri, toprak alt\u0131nda kald\u0131\u011f\u0131 belirtilen ki\u015filere ula\u015fmak i\u00e7in \u00e7al\u0131\u015fma ba\u015flatt\u0131.<\/p>\n<p>Ekiplerin olay yerindeki m\u00fcdahalesi devam ederken, b\u00f6lgede g\u00fcvenlik \u00f6nlemleri al\u0131nd\u0131.<\/p>\n<p>SAH\u0130L YOLUNDA TEDB\u0130R ALINDI<br \/>\nToprak kaymas\u0131 nedeniyle kayan b\u00f6l\u00fcmde inceleme ba\u015flat\u0131l\u0131rken, sahil yolunda da g\u00fcvenlik \u00f6nlemleri uyguland\u0131.<\/p>\n<p>Yetkililerin olayla ilgili yapaca\u011f\u0131 a\u00e7\u0131klamalar ve kurtarma \u00e7al\u0131\u015fmalar\u0131n\u0131n sonucu bekleniyor.<\/p>\n<p>Kaynak : mansethaber.com<\/p>\n"},"alt_text":"","media_type":"image","mime_type":"image\/jpeg","media_details":{"width":768,"height":201,"file":"2026\/08\/1-15-768x201-33.jpg","sizes":{"medium":{"file":"1-15-768x201-33-300x79.jpg","width":300,"height":79,"mime_type":"image\/jpeg","source_url":"https:\/\/adanaseshaber.com.tr\/habercim\/wp-content\/uploads\/2026\/08\/1-15-768x201-33-300x79.jpg"},"thumbnail":{"file":"1-15-768x201-33-150x150.jpg","width":150,"height":150,"mime_type":"image\/jpeg","source_url":"https:\/\/adanaseshaber.com.tr\/habercim\/wp-content\/uploads\/2026\/08\/1-15-768x201-33-150x150.jpg"},"kucukResim":{"file":"1-15-768x201-33-80x50.jpg","width":80,"height":50,"mime_type":"image\/jpeg","source_url":"https:\/\/adanaseshaber.com.tr\/habercim\/wp-content\/uploads\/2026\/08\/1-15-768x201-33-80x50.jpg"},"sliderResim":{"file":"1-15-768x201-33-670x201.jpg","width":670,"height":201,"mime_type":"image\/jpeg","source_url":"https:\/\/adanaseshaber.com.tr\/habercim\/wp-content\/uploads\/2026\/08\/1-15-768x201-33-670x201.jpg"},"resim1":{"file":"1-15-768x201-33-184x140.jpg","width":184,"height":140,"mime_type":"image\/jpeg","source_url":"https:\/\/adanaseshaber.com.tr\/habercim\/wp-content\/uploads\/2026\/08\/1-15-768x201-33-184x140.jpg"},"resim2":{"file":"1-15-768x201-33-216x103.jpg","width":216,"height":103,"mime_type":"image\/jpeg","source_url":"https:\/\/adanaseshaber.com.tr\/habercim\/wp-content\/uploads\/2026\/08\/1-15-768x201-33-216x103.jpg"},"resim3":{"file":"1-15-768x201-33-145x70.jpg","width":145,"height":70,"mime_type":"image\/jpeg","source_url":"https:\/\/adanaseshaber.com.tr\/habercim\/wp-content\/uploads\/2026\/08\/1-15-768x201-33-145x70.jpg"},"sagSlider":{"file":"1-15-768x201-33-300x150.jpg","width":300,"height":150,"mime_type":"image\/jpeg","source_url":"https:\/\/adanaseshaber.com.tr\/habercim\/wp-content\/uploads\/2026\/08\/1-15-768x201-33-300x150.jpg"},"yeniSlider":{"file":"1-15-768x201-33-500x201.jpg","width":500,"height":201,"mime_type":"image\/jpeg","source_url":"https:\/\/adanaseshaber.com.tr\/habercim\/wp-content\/uploads\/2026\/08\/1-15-768x201-33-500x201.jpg"},"full":{"file":"1-15-768x201-33.jpg","width":768,"height":201,"mime_type":"image\/jpeg","source_url":"https:\/\/adanaseshaber.com.tr\/habercim\/wp-content\/uploads\/2026\/08\/1-15-768x201-33.jpg"}},"image_meta":{"aperture":"0","credit":"","camera":"","caption":"","created_timestamp":"0","copyright":"","focal_length":"0","iso":"0","shutter_speed":"0","title":"","orientation":"0","keywords":[]}},"post":51781,"source_url":"https:\/\/adanaseshaber.com.tr\/habercim\/wp-content\/uploads\/2026\/08\/1-15-768x201-33.jpg","_links":{"self":[{"href":"https:\/\/adanaseshaber.com.tr\/habercim\/wp-json\/wp\/v2\/media\/51783"}],"collection":[{"href":"https:\/\/adanaseshaber.com.tr\/habercim\/wp-json\/wp\/v2\/media"}],"about":[{"href":"https:\/\/adanaseshaber.com.tr\/habercim\/wp-json\/wp\/v2\/types\/attachment"}],"author":[{"embeddable":true,"href":"https:\/\/adanaseshaber.com.tr\/habercim\/wp-json\/wp\/v2\/users\/2"}],"replies":[{"embeddable":true,"href":"https:\/\/adanaseshaber.com.tr\/habercim\/wp-json\/wp\/v2\/comments?post=51783"}]}}

<p>İstanbul Büyükçekmece’de sahil ile binalar arasında bulunan toprak alanda toprak kayması meydana geldi. Göçük nedeniyle bazı vatandaşların toprak altında kaldığı öğrenilirken, olay yerine çok sayıda ekip sevk edildi.</p>
<p>Olayın ardından bölgeye itfaiye, sağlık ve polis ekipleri yönlendirildi. Ekipler, toprak altında kalan vatandaşların kurtarılması için çalışma başlattı.</p>
<p>MİMAR SİNAN SAHİL’DE GÖÇÜK MEYDANA GELDİ<br />
Toprak kayması, Büyükçekmece Mimar Sinan Sahil’de yaşandı. Edinilen bilgilere göre sahil ile binalar arasında bulunan bölümde meydana gelen göçük sonrası kayan toprak, sahil yolunun bir kısmını kapattı.</p>
<p>Olay sırasında sahilde bulunan vatandaşlar kısa süreli panik yaşadı.</p>
<p>ARAMA KURTARMA EKİPLERİ SEVK EDİLDİ<br />
İhbar üzerine bölgeye itfaiye, sağlık ve polis ekipleri sevk edildi. Kurtarma ekipleri, toprak altında kaldığı belirtilen kişilere ulaşmak için çalışma başlattı.</p>
<p>Ekiplerin olay yerindeki müdahalesi devam ederken, bölgede güvenlik önlemleri alındı.</p>
<p>SAHİL YOLUNDA TEDBİR ALINDI<br />
Toprak kayması nedeniyle kayan bölümde inceleme başlatılırken, sahil yolunda da güvenlik önlemleri uygulandı.</p>
<p>Yetkililerin olayla ilgili yapacağı açıklamalar ve kurtarma çalışmalarının sonucu bekleniyor.</p>
<p>Kaynak : mansethaber.com</p>
