{"id":51797,"date":"2026-08-03T22:59:50","date_gmt":"2026-08-03T19:59:50","guid":{"rendered":"https:\/\/adanaseshaber.com.tr\/habercim\/wp-content\/uploads\/2026\/08\/hava-durumu.gif"},"modified":"2026-08-03T23:00:27","modified_gmt":"2026-08-03T20:00:27","slug":"hava-durumu-48","status":"inherit","type":"attachment","link":"https:\/\/adanaseshaber.com.tr\/habercim\/foto-galeri\/meteoroloji-saat-verdi-3\/attachment\/hava-durumu-48\/","title":{"rendered":"Meteoroloji saat verdi"},"author":2,"comment_status":"open","ping_status":"closed","template":"","meta":[],"description":{"rendered":"<p class=\"attachment\"><a href='https:\/\/adanaseshaber.com.tr\/habercim\/wp-content\/uploads\/2026\/08\/hava-durumu.gif'><img width=\"300\" height=\"172\" src=\"https:\/\/adanaseshaber.com.tr\/habercim\/wp-content\/uploads\/2026\/08\/hava-durumu-300x172.gif\" class=\"attachment-medium size-medium\" alt=\"\" loading=\"lazy\" \/><\/a><\/p>\n"},"caption":{"rendered":"<p>G\u00f6k g\u00fcr\u00fclt\u00fcl\u00fc sa\u011fanak geliyor! Meteoroloji saat verdi: \u0130stanbul dahil bir\u00e7ok ilde ya\u011f\u0131\u015f ve f\u0131rt\u0131na uyar\u0131s\u0131 geldi. L\u00fctfen iller haz\u0131rl\u0131kl\u0131 olsun&#8230;<\/p>\n<p>devam\u0131 sonraki sayfada&#8230; g\u00f6rsel \u00fczerinden do2&#8217;kununuz ge\u00e7ebilirsiniz&#8230;.<\/p>\n"},"alt_text":"","media_type":"image","mime_type":"image\/gif","media_details":{"width":696,"height":400,"file":"2026\/08\/hava-durumu.gif","sizes":{"medium":{"file":"hava-durumu-300x172.gif","width":300,"height":172,"mime_type":"image\/gif","source_url":"https:\/\/adanaseshaber.com.tr\/habercim\/wp-content\/uploads\/2026\/08\/hava-durumu-300x172.gif"},"thumbnail":{"file":"hava-durumu-150x150.gif","width":150,"height":150,"mime_type":"image\/gif","source_url":"https:\/\/adanaseshaber.com.tr\/habercim\/wp-content\/uploads\/2026\/08\/hava-durumu-150x150.gif"},"kucukResim":{"file":"hava-durumu-80x50.gif","width":80,"height":50,"mime_type":"image\/gif","source_url":"https:\/\/adanaseshaber.com.tr\/habercim\/wp-content\/uploads\/2026\/08\/hava-durumu-80x50.gif"},"sliderResim":{"file":"hava-durumu-670x330.gif","width":670,"height":330,"mime_type":"image\/gif","source_url":"https:\/\/adanaseshaber.com.tr\/habercim\/wp-content\/uploads\/2026\/08\/hava-durumu-670x330.gif"},"resim1":{"file":"hava-durumu-184x140.gif","width":184,"height":140,"mime_type":"image\/gif","source_url":"https:\/\/adanaseshaber.com.tr\/habercim\/wp-content\/uploads\/2026\/08\/hava-durumu-184x140.gif"},"resim2":{"file":"hava-durumu-216x103.gif","width":216,"height":103,"mime_type":"image\/gif","source_url":"https:\/\/adanaseshaber.com.tr\/habercim\/wp-content\/uploads\/2026\/08\/hava-durumu-216x103.gif"},"resim3":{"file":"hava-durumu-145x70.gif","width":145,"height":70,"mime_type":"image\/gif","source_url":"https:\/\/adanaseshaber.com.tr\/habercim\/wp-content\/uploads\/2026\/08\/hava-durumu-145x70.gif"},"sagSlider":{"file":"hava-durumu-300x150.gif","width":300,"height":150,"mime_type":"image\/gif","source_url":"https:\/\/adanaseshaber.com.tr\/habercim\/wp-content\/uploads\/2026\/08\/hava-durumu-300x150.gif"},"yeniSlider":{"file":"hava-durumu-500x290.gif","width":500,"height":290,"mime_type":"image\/gif","source_url":"https:\/\/adanaseshaber.com.tr\/habercim\/wp-content\/uploads\/2026\/08\/hava-durumu-500x290.gif"},"full":{"file":"hava-durumu.gif","width":696,"height":400,"mime_type":"image\/gif","source_url":"https:\/\/adanaseshaber.com.tr\/habercim\/wp-content\/uploads\/2026\/08\/hava-durumu.gif"}},"image_meta":{"aperture":"0","credit":"","camera":"","caption":"","created_timestamp":"0","copyright":"","focal_length":"0","iso":"0","shutter_speed":"0","title":"","orientation":"0","keywords":[]}},"post":51796,"source_url":"https:\/\/adanaseshaber.com.tr\/habercim\/wp-content\/uploads\/2026\/08\/hava-durumu.gif","_links":{"self":[{"href":"https:\/\/adanaseshaber.com.tr\/habercim\/wp-json\/wp\/v2\/media\/51797"}],"collection":[{"href":"https:\/\/adanaseshaber.com.tr\/habercim\/wp-json\/wp\/v2\/media"}],"about":[{"href":"https:\/\/adanaseshaber.com.tr\/habercim\/wp-json\/wp\/v2\/types\/attachment"}],"author":[{"embeddable":true,"href":"https:\/\/adanaseshaber.com.tr\/habercim\/wp-json\/wp\/v2\/users\/2"}],"replies":[{"embeddable":true,"href":"https:\/\/adanaseshaber.com.tr\/habercim\/wp-json\/wp\/v2\/comments?post=51797"}]}}

<p>Gök gürültülü sağanak geliyor! Meteoroloji saat verdi: İstanbul dahil birçok ilde yağış ve fırtına uyarısı geldi. Lütfen iller hazırlıklı olsun&#8230;</p>
<p>devamı sonraki sayfada&#8230; görsel üzerinden do2&#8217;kununuz geçebilirsiniz&#8230;.</p>
