{"id":51832,"date":"2026-08-04T22:28:30","date_gmt":"2026-08-04T19:28:30","guid":{"rendered":"https:\/\/adanaseshaber.com.tr\/habercim\/wp-content\/uploads\/2026\/08\/52-353-768x505-1.webp"},"modified":"2026-08-04T22:28:48","modified_gmt":"2026-08-04T19:28:48","slug":"52-353-768x505-1-2","status":"inherit","type":"attachment","link":"https:\/\/adanaseshaber.com.tr\/habercim\/foto-galeri\/rezil-anlar-gundem\/attachment\/52-353-768x505-1-2\/","title":{"rendered":"Rezil anlar g\u00fcndem"},"author":2,"comment_status":"open","ping_status":"closed","template":"","meta":[],"description":{"rendered":"<p class=\"attachment\"><a href='https:\/\/adanaseshaber.com.tr\/habercim\/wp-content\/uploads\/2026\/08\/52-353-768x505-1.webp'><img width=\"300\" height=\"197\" src=\"https:\/\/adanaseshaber.com.tr\/habercim\/wp-content\/uploads\/2026\/08\/52-353-768x505-1-300x197.webp\" class=\"attachment-medium size-medium\" alt=\"\" loading=\"lazy\" srcset=\"https:\/\/adanaseshaber.com.tr\/habercim\/wp-content\/uploads\/2026\/08\/52-353-768x505-1-300x197.webp 300w, https:\/\/adanaseshaber.com.tr\/habercim\/wp-content\/uploads\/2026\/08\/52-353-768x505-1.webp 768w\" sizes=\"(max-width: 300px) 100vw, 300px\" \/><\/a><\/p>\n"},"caption":{"rendered":"<p>Yer Kayseri.. Rezil anlar, kameralar\u0131n kayd\u0131na tak\u0131ld\u0131. Vatanda\u015flar\u0131n tepkilerini \u00e7ekti. Sosyal medyada yorum yazmayan kalmad\u0131 o anlara\u2026 D\u00fcnyada bile g\u00fcndem oldular.. Belki T\u00fcrkiye\u2019de bir ilk bu olanlar\u2026<\/p>\n<p>devam\u0131 sonraki sayfada\u2026 g\u00f6rsel \u00fczerinden do2\u2019kununuz ge\u00e7ebilirsiniz\u2026<\/p>\n"},"alt_text":"","media_type":"image","mime_type":"image\/webp","media_details":{"width":768,"height":505,"file":"2026\/08\/52-353-768x505-1.webp","sizes":{"medium":{"file":"52-353-768x505-1-300x197.webp","width":300,"height":197,"mime_type":"image\/webp","source_url":"https:\/\/adanaseshaber.com.tr\/habercim\/wp-content\/uploads\/2026\/08\/52-353-768x505-1-300x197.webp"},"thumbnail":{"file":"52-353-768x505-1-150x150.webp","width":150,"height":150,"mime_type":"image\/webp","source_url":"https:\/\/adanaseshaber.com.tr\/habercim\/wp-content\/uploads\/2026\/08\/52-353-768x505-1-150x150.webp"},"kucukResim":{"file":"52-353-768x505-1-80x50.webp","width":80,"height":50,"mime_type":"image\/webp","source_url":"https:\/\/adanaseshaber.com.tr\/habercim\/wp-content\/uploads\/2026\/08\/52-353-768x505-1-80x50.webp"},"sliderResim":{"file":"52-353-768x505-1-670x330.webp","width":670,"height":330,"mime_type":"image\/webp","source_url":"https:\/\/adanaseshaber.com.tr\/habercim\/wp-content\/uploads\/2026\/08\/52-353-768x505-1-670x330.webp"},"resim1":{"file":"52-353-768x505-1-184x140.webp","width":184,"height":140,"mime_type":"image\/webp","source_url":"https:\/\/adanaseshaber.com.tr\/habercim\/wp-content\/uploads\/2026\/08\/52-353-768x505-1-184x140.webp"},"resim2":{"file":"52-353-768x505-1-216x103.webp","width":216,"height":103,"mime_type":"image\/webp","source_url":"https:\/\/adanaseshaber.com.tr\/habercim\/wp-content\/uploads\/2026\/08\/52-353-768x505-1-216x103.webp"},"resim3":{"file":"52-353-768x505-1-145x70.webp","width":145,"height":70,"mime_type":"image\/webp","source_url":"https:\/\/adanaseshaber.com.tr\/habercim\/wp-content\/uploads\/2026\/08\/52-353-768x505-1-145x70.webp"},"sagSlider":{"file":"52-353-768x505-1-300x150.webp","width":300,"height":150,"mime_type":"image\/webp","source_url":"https:\/\/adanaseshaber.com.tr\/habercim\/wp-content\/uploads\/2026\/08\/52-353-768x505-1-300x150.webp"},"yeniSlider":{"file":"52-353-768x505-1-500x290.webp","width":500,"height":290,"mime_type":"image\/webp","source_url":"https:\/\/adanaseshaber.com.tr\/habercim\/wp-content\/uploads\/2026\/08\/52-353-768x505-1-500x290.webp"},"full":{"file":"52-353-768x505-1.webp","width":768,"height":505,"mime_type":"image\/webp","source_url":"https:\/\/adanaseshaber.com.tr\/habercim\/wp-content\/uploads\/2026\/08\/52-353-768x505-1.webp"}},"image_meta":{"aperture":"0","credit":"","camera":"","caption":"","created_timestamp":"0","copyright":"","focal_length":"0","iso":"0","shutter_speed":"0","title":"","orientation":"0","keywords":[]}},"post":51831,"source_url":"https:\/\/adanaseshaber.com.tr\/habercim\/wp-content\/uploads\/2026\/08\/52-353-768x505-1.webp","_links":{"self":[{"href":"https:\/\/adanaseshaber.com.tr\/habercim\/wp-json\/wp\/v2\/media\/51832"}],"collection":[{"href":"https:\/\/adanaseshaber.com.tr\/habercim\/wp-json\/wp\/v2\/media"}],"about":[{"href":"https:\/\/adanaseshaber.com.tr\/habercim\/wp-json\/wp\/v2\/types\/attachment"}],"author":[{"embeddable":true,"href":"https:\/\/adanaseshaber.com.tr\/habercim\/wp-json\/wp\/v2\/users\/2"}],"replies":[{"embeddable":true,"href":"https:\/\/adanaseshaber.com.tr\/habercim\/wp-json\/wp\/v2\/comments?post=51832"}]}}

Rezil anlar gündem

<p>Yer Kayseri.. Rezil anlar, kameraların kaydına takıldı. Vatandaşların tepkilerini çekti. Sosyal medyada yorum yazmayan kalmadı o anlara… Dünyada bile gündem oldular.. Belki Türkiye’de bir ilk bu olanlar…</p>
<p>devamı sonraki sayfada… görsel üzerinden do2’kununuz geçebilirsiniz…</p>
