{"id":51838,"date":"2026-08-05T03:01:42","date_gmt":"2026-08-05T00:01:42","guid":{"rendered":"https:\/\/adanaseshaber.com.tr\/habercim\/wp-content\/uploads\/2026\/08\/1-15-768x201-55.jpg"},"modified":"2026-08-05T03:02:22","modified_gmt":"2026-08-05T00:02:22","slug":"1-15-768x201-2646","status":"inherit","type":"attachment","link":"https:\/\/adanaseshaber.com.tr\/habercim\/foto-galeri\/cumhurbaskani-erdogan-ucaga-bindigi-esnada\/attachment\/1-15-768x201-2646\/","title":{"rendered":"Cumhurba\u015fkan\u0131 Erdo\u011fan u\u00e7a\u011fa bindi\u011fi esnada"},"author":2,"comment_status":"open","ping_status":"closed","template":"","meta":[],"description":{"rendered":"<p class=\"attachment\"><a href='https:\/\/adanaseshaber.com.tr\/habercim\/wp-content\/uploads\/2026\/08\/1-15-768x201-55.jpg'><img width=\"300\" height=\"79\" src=\"https:\/\/adanaseshaber.com.tr\/habercim\/wp-content\/uploads\/2026\/08\/1-15-768x201-55-300x79.jpg\" class=\"attachment-medium size-medium\" alt=\"\" loading=\"lazy\" srcset=\"https:\/\/adanaseshaber.com.tr\/habercim\/wp-content\/uploads\/2026\/08\/1-15-768x201-55-300x79.jpg 300w, https:\/\/adanaseshaber.com.tr\/habercim\/wp-content\/uploads\/2026\/08\/1-15-768x201-55.jpg 768w\" sizes=\"(max-width: 300px) 100vw, 300px\" \/><\/a><\/p>\n"},"caption":{"rendered":"<p>Cumhurba\u015fkan\u0131 Erdo\u011fan, u\u00e7a\u011fa binerken elini \u00f6pmek isteyen bir vatanda\u015f\u0131n iste\u011fini geri \u00e7evirmedi. O anlar ba\u015fka bir vatanda\u015f taraf\u0131ndan kayda al\u0131nd\u0131.<br \/>\nCumhurba\u015fkan\u0131 Recep Tayyip Erdo\u011fan\u2019\u0131n vatanda\u015flarla kurdu\u011fu samimi diyaloglara bir yenisi daha eklendi. Bir seyahati \u00f6ncesi u\u00e7a\u011fa binmek \u00fczereyken kendisine yakla\u015fan bir vatanda\u015f, elini \u00f6pmek istedi\u011fini belirtti.<\/p>\n<p>\u00d6NCE DURAKSADI SONRA EL\u0130N\u0130 UZATTI<\/p>\n<p>Vatanda\u015f\u0131n bu iste\u011fi kar\u015f\u0131s\u0131nda k\u0131sa bir duraksama ya\u015fayan Erdo\u011fan, talebi geri \u00e7evirmedi. O anlar \u00e7evredeki kameralar taraf\u0131ndan da kaydedildi. G\u00f6r\u00fcnt\u00fcler sosyal medyada k\u0131sa s\u00fcrede yay\u0131ld\u0131 ve b\u00fcy\u00fck ilgi g\u00f6rd\u00fc.<\/p>\n<p>Kaynak : bursadabugun.com<\/p>\n"},"alt_text":"","media_type":"image","mime_type":"image\/jpeg","media_details":{"width":768,"height":201,"file":"2026\/08\/1-15-768x201-55.jpg","sizes":{"medium":{"file":"1-15-768x201-55-300x79.jpg","width":300,"height":79,"mime_type":"image\/jpeg","source_url":"https:\/\/adanaseshaber.com.tr\/habercim\/wp-content\/uploads\/2026\/08\/1-15-768x201-55-300x79.jpg"},"thumbnail":{"file":"1-15-768x201-55-150x150.jpg","width":150,"height":150,"mime_type":"image\/jpeg","source_url":"https:\/\/adanaseshaber.com.tr\/habercim\/wp-content\/uploads\/2026\/08\/1-15-768x201-55-150x150.jpg"},"kucukResim":{"file":"1-15-768x201-55-80x50.jpg","width":80,"height":50,"mime_type":"image\/jpeg","source_url":"https:\/\/adanaseshaber.com.tr\/habercim\/wp-content\/uploads\/2026\/08\/1-15-768x201-55-80x50.jpg"},"sliderResim":{"file":"1-15-768x201-55-670x201.jpg","width":670,"height":201,"mime_type":"image\/jpeg","source_url":"https:\/\/adanaseshaber.com.tr\/habercim\/wp-content\/uploads\/2026\/08\/1-15-768x201-55-670x201.jpg"},"resim1":{"file":"1-15-768x201-55-184x140.jpg","width":184,"height":140,"mime_type":"image\/jpeg","source_url":"https:\/\/adanaseshaber.com.tr\/habercim\/wp-content\/uploads\/2026\/08\/1-15-768x201-55-184x140.jpg"},"resim2":{"file":"1-15-768x201-55-216x103.jpg","width":216,"height":103,"mime_type":"image\/jpeg","source_url":"https:\/\/adanaseshaber.com.tr\/habercim\/wp-content\/uploads\/2026\/08\/1-15-768x201-55-216x103.jpg"},"resim3":{"file":"1-15-768x201-55-145x70.jpg","width":145,"height":70,"mime_type":"image\/jpeg","source_url":"https:\/\/adanaseshaber.com.tr\/habercim\/wp-content\/uploads\/2026\/08\/1-15-768x201-55-145x70.jpg"},"sagSlider":{"file":"1-15-768x201-55-300x150.jpg","width":300,"height":150,"mime_type":"image\/jpeg","source_url":"https:\/\/adanaseshaber.com.tr\/habercim\/wp-content\/uploads\/2026\/08\/1-15-768x201-55-300x150.jpg"},"yeniSlider":{"file":"1-15-768x201-55-500x201.jpg","width":500,"height":201,"mime_type":"image\/jpeg","source_url":"https:\/\/adanaseshaber.com.tr\/habercim\/wp-content\/uploads\/2026\/08\/1-15-768x201-55-500x201.jpg"},"full":{"file":"1-15-768x201-55.jpg","width":768,"height":201,"mime_type":"image\/jpeg","source_url":"https:\/\/adanaseshaber.com.tr\/habercim\/wp-content\/uploads\/2026\/08\/1-15-768x201-55.jpg"}},"image_meta":{"aperture":"0","credit":"","camera":"","caption":"","created_timestamp":"0","copyright":"","focal_length":"0","iso":"0","shutter_speed":"0","title":"","orientation":"0","keywords":[]}},"post":51836,"source_url":"https:\/\/adanaseshaber.com.tr\/habercim\/wp-content\/uploads\/2026\/08\/1-15-768x201-55.jpg","_links":{"self":[{"href":"https:\/\/adanaseshaber.com.tr\/habercim\/wp-json\/wp\/v2\/media\/51838"}],"collection":[{"href":"https:\/\/adanaseshaber.com.tr\/habercim\/wp-json\/wp\/v2\/media"}],"about":[{"href":"https:\/\/adanaseshaber.com.tr\/habercim\/wp-json\/wp\/v2\/types\/attachment"}],"author":[{"embeddable":true,"href":"https:\/\/adanaseshaber.com.tr\/habercim\/wp-json\/wp\/v2\/users\/2"}],"replies":[{"embeddable":true,"href":"https:\/\/adanaseshaber.com.tr\/habercim\/wp-json\/wp\/v2\/comments?post=51838"}]}}

Cumhurbaşkanı Erdoğan uçağa bindiği esnada

<p>Cumhurbaşkanı Erdoğan, uçağa binerken elini öpmek isteyen bir vatandaşın isteğini geri çevirmedi. O anlar başka bir vatandaş tarafından kayda alındı.<br />
Cumhurbaşkanı Recep Tayyip Erdoğan’ın vatandaşlarla kurduğu samimi diyaloglara bir yenisi daha eklendi. Bir seyahati öncesi uçağa binmek üzereyken kendisine yaklaşan bir vatandaş, elini öpmek istediğini belirtti.</p>
<p>ÖNCE DURAKSADI SONRA ELİNİ UZATTI</p>
<p>Vatandaşın bu isteği karşısında kısa bir duraksama yaşayan Erdoğan, talebi geri çevirmedi. O anlar çevredeki kameralar tarafından da kaydedildi. Görüntüler sosyal medyada kısa sürede yayıldı ve büyük ilgi gördü.</p>
<p>Kaynak : bursadabugun.com</p>
