{"id":51867,"date":"2026-08-05T21:54:25","date_gmt":"2026-08-05T18:54:25","guid":{"rendered":"https:\/\/adanaseshaber.com.tr\/habercim\/wp-content\/uploads\/2026\/08\/ALTIN.webp"},"modified":"2026-08-05T21:54:50","modified_gmt":"2026-08-05T18:54:50","slug":"altin-6","status":"inherit","type":"attachment","link":"https:\/\/adanaseshaber.com.tr\/habercim\/foto-galeri\/kuyumcuda-sira\/attachment\/altin-6\/","title":{"rendered":"Kuyumcuda s\u0131ra"},"author":2,"comment_status":"open","ping_status":"closed","template":"","meta":[],"description":{"rendered":"<p class=\"attachment\"><a href='https:\/\/adanaseshaber.com.tr\/habercim\/wp-content\/uploads\/2026\/08\/ALTIN.webp'><img width=\"300\" height=\"195\" src=\"https:\/\/adanaseshaber.com.tr\/habercim\/wp-content\/uploads\/2026\/08\/ALTIN-300x195.webp\" class=\"attachment-medium size-medium\" alt=\"\" loading=\"lazy\" srcset=\"https:\/\/adanaseshaber.com.tr\/habercim\/wp-content\/uploads\/2026\/08\/ALTIN-300x195.webp 300w, https:\/\/adanaseshaber.com.tr\/habercim\/wp-content\/uploads\/2026\/08\/ALTIN.webp 768w\" sizes=\"(max-width: 300px) 100vw, 300px\" \/><\/a><\/p>\n"},"caption":{"rendered":"<p>Bir \u00e7ok vatanda\u015f bundan habersiz.. Elinde olanlar ya\u015fad\u0131.. \u00dcstelik \u00e7eyrek alt\u0131n\u0131n 10 kat\u0131 de\u011ferindedir. Herkes bunu almak i\u00e7in kuyumcuda s\u0131ra bekliyordur\u2026<\/p>\n<p>devam\u0131 sonraki sayfadad\u0131r\u2026 g\u00f6rsel \u00fczerinden do2\u2019kununuz ge\u00e7ebilirsiniz\u2026<\/p>\n"},"alt_text":"","media_type":"image","mime_type":"image\/webp","media_details":{"width":768,"height":499,"file":"2026\/08\/ALTIN.webp","sizes":{"medium":{"file":"ALTIN-300x195.webp","width":300,"height":195,"mime_type":"image\/webp","source_url":"https:\/\/adanaseshaber.com.tr\/habercim\/wp-content\/uploads\/2026\/08\/ALTIN-300x195.webp"},"thumbnail":{"file":"ALTIN-150x150.webp","width":150,"height":150,"mime_type":"image\/webp","source_url":"https:\/\/adanaseshaber.com.tr\/habercim\/wp-content\/uploads\/2026\/08\/ALTIN-150x150.webp"},"kucukResim":{"file":"ALTIN-80x50.webp","width":80,"height":50,"mime_type":"image\/webp","source_url":"https:\/\/adanaseshaber.com.tr\/habercim\/wp-content\/uploads\/2026\/08\/ALTIN-80x50.webp"},"sliderResim":{"file":"ALTIN-670x330.webp","width":670,"height":330,"mime_type":"image\/webp","source_url":"https:\/\/adanaseshaber.com.tr\/habercim\/wp-content\/uploads\/2026\/08\/ALTIN-670x330.webp"},"resim1":{"file":"ALTIN-184x140.webp","width":184,"height":140,"mime_type":"image\/webp","source_url":"https:\/\/adanaseshaber.com.tr\/habercim\/wp-content\/uploads\/2026\/08\/ALTIN-184x140.webp"},"resim2":{"file":"ALTIN-216x103.webp","width":216,"height":103,"mime_type":"image\/webp","source_url":"https:\/\/adanaseshaber.com.tr\/habercim\/wp-content\/uploads\/2026\/08\/ALTIN-216x103.webp"},"resim3":{"file":"ALTIN-145x70.webp","width":145,"height":70,"mime_type":"image\/webp","source_url":"https:\/\/adanaseshaber.com.tr\/habercim\/wp-content\/uploads\/2026\/08\/ALTIN-145x70.webp"},"sagSlider":{"file":"ALTIN-300x150.webp","width":300,"height":150,"mime_type":"image\/webp","source_url":"https:\/\/adanaseshaber.com.tr\/habercim\/wp-content\/uploads\/2026\/08\/ALTIN-300x150.webp"},"yeniSlider":{"file":"ALTIN-500x290.webp","width":500,"height":290,"mime_type":"image\/webp","source_url":"https:\/\/adanaseshaber.com.tr\/habercim\/wp-content\/uploads\/2026\/08\/ALTIN-500x290.webp"},"full":{"file":"ALTIN.webp","width":768,"height":499,"mime_type":"image\/webp","source_url":"https:\/\/adanaseshaber.com.tr\/habercim\/wp-content\/uploads\/2026\/08\/ALTIN.webp"}},"image_meta":{"aperture":"0","credit":"","camera":"","caption":"","created_timestamp":"0","copyright":"","focal_length":"0","iso":"0","shutter_speed":"0","title":"","orientation":"0","keywords":[]}},"post":51866,"source_url":"https:\/\/adanaseshaber.com.tr\/habercim\/wp-content\/uploads\/2026\/08\/ALTIN.webp","_links":{"self":[{"href":"https:\/\/adanaseshaber.com.tr\/habercim\/wp-json\/wp\/v2\/media\/51867"}],"collection":[{"href":"https:\/\/adanaseshaber.com.tr\/habercim\/wp-json\/wp\/v2\/media"}],"about":[{"href":"https:\/\/adanaseshaber.com.tr\/habercim\/wp-json\/wp\/v2\/types\/attachment"}],"author":[{"embeddable":true,"href":"https:\/\/adanaseshaber.com.tr\/habercim\/wp-json\/wp\/v2\/users\/2"}],"replies":[{"embeddable":true,"href":"https:\/\/adanaseshaber.com.tr\/habercim\/wp-json\/wp\/v2\/comments?post=51867"}]}}

Kuyumcuda sıra

<p>Bir çok vatandaş bundan habersiz.. Elinde olanlar yaşadı.. Üstelik çeyrek altının 10 katı değerindedir. Herkes bunu almak için kuyumcuda sıra bekliyordur…</p>
<p>devamı sonraki sayfadadır… görsel üzerinden do2’kununuz geçebilirsiniz…</p>
