{"id":51937,"date":"2026-08-06T23:04:52","date_gmt":"2026-08-06T20:04:52","guid":{"rendered":"https:\/\/adanaseshaber.com.tr\/habercim\/wp-content\/uploads\/2026\/08\/1-15-768x201-93.jpg"},"modified":"2026-08-06T23:06:14","modified_gmt":"2026-08-06T20:06:14","slug":"1-15-768x201-2684","status":"inherit","type":"attachment","link":"https:\/\/adanaseshaber.com.tr\/habercim\/foto-galeri\/zelzele\/attachment\/1-15-768x201-2684\/","title":{"rendered":"ZELZELE"},"author":2,"comment_status":"open","ping_status":"closed","template":"","meta":[],"description":{"rendered":"<p class=\"attachment\"><a href='https:\/\/adanaseshaber.com.tr\/habercim\/wp-content\/uploads\/2026\/08\/1-15-768x201-93.jpg'><img width=\"300\" height=\"79\" src=\"https:\/\/adanaseshaber.com.tr\/habercim\/wp-content\/uploads\/2026\/08\/1-15-768x201-93-300x79.jpg\" class=\"attachment-medium size-medium\" alt=\"\" loading=\"lazy\" srcset=\"https:\/\/adanaseshaber.com.tr\/habercim\/wp-content\/uploads\/2026\/08\/1-15-768x201-93-300x79.jpg 300w, https:\/\/adanaseshaber.com.tr\/habercim\/wp-content\/uploads\/2026\/08\/1-15-768x201-93.jpg 768w\" sizes=\"(max-width: 300px) 100vw, 300px\" \/><\/a><\/p>\n"},"caption":{"rendered":"<p>AFAD&#8217;dan al\u0131nan bilgiye g\u00f6re, Erdemli K\u00fcst\u00fcll\u00fc Mahallesi&#8217;nde saat: 18.17&#8217;de 3,4 b\u00fcy\u00fckl\u00fc\u011f\u00fcnde deprem meydana geldi. Depremin yerin 9,88 kilometre derinli\u011finde ya\u015fand\u0131\u011f\u0131 belirtildi. Deprem il\u00e7e merkezinde de hafif hissedilirken olumsuz bir durumun bildirilmedi\u011fi \u00f6\u011frenildi.<br \/>\nMersin&#8217;in Erdemli il\u00e7esinde 3,4 b\u00fcy\u00fckl\u00fc\u011f\u00fcnde deprem meydana geldi.<\/p>\n<p>Kaynak : hurriyet.com.tr<\/p>\n"},"alt_text":"","media_type":"image","mime_type":"image\/jpeg","media_details":{"width":768,"height":201,"file":"2026\/08\/1-15-768x201-93.jpg","sizes":{"medium":{"file":"1-15-768x201-93-300x79.jpg","width":300,"height":79,"mime_type":"image\/jpeg","source_url":"https:\/\/adanaseshaber.com.tr\/habercim\/wp-content\/uploads\/2026\/08\/1-15-768x201-93-300x79.jpg"},"thumbnail":{"file":"1-15-768x201-93-150x150.jpg","width":150,"height":150,"mime_type":"image\/jpeg","source_url":"https:\/\/adanaseshaber.com.tr\/habercim\/wp-content\/uploads\/2026\/08\/1-15-768x201-93-150x150.jpg"},"kucukResim":{"file":"1-15-768x201-93-80x50.jpg","width":80,"height":50,"mime_type":"image\/jpeg","source_url":"https:\/\/adanaseshaber.com.tr\/habercim\/wp-content\/uploads\/2026\/08\/1-15-768x201-93-80x50.jpg"},"sliderResim":{"file":"1-15-768x201-93-670x201.jpg","width":670,"height":201,"mime_type":"image\/jpeg","source_url":"https:\/\/adanaseshaber.com.tr\/habercim\/wp-content\/uploads\/2026\/08\/1-15-768x201-93-670x201.jpg"},"resim1":{"file":"1-15-768x201-93-184x140.jpg","width":184,"height":140,"mime_type":"image\/jpeg","source_url":"https:\/\/adanaseshaber.com.tr\/habercim\/wp-content\/uploads\/2026\/08\/1-15-768x201-93-184x140.jpg"},"resim2":{"file":"1-15-768x201-93-216x103.jpg","width":216,"height":103,"mime_type":"image\/jpeg","source_url":"https:\/\/adanaseshaber.com.tr\/habercim\/wp-content\/uploads\/2026\/08\/1-15-768x201-93-216x103.jpg"},"resim3":{"file":"1-15-768x201-93-145x70.jpg","width":145,"height":70,"mime_type":"image\/jpeg","source_url":"https:\/\/adanaseshaber.com.tr\/habercim\/wp-content\/uploads\/2026\/08\/1-15-768x201-93-145x70.jpg"},"sagSlider":{"file":"1-15-768x201-93-300x150.jpg","width":300,"height":150,"mime_type":"image\/jpeg","source_url":"https:\/\/adanaseshaber.com.tr\/habercim\/wp-content\/uploads\/2026\/08\/1-15-768x201-93-300x150.jpg"},"yeniSlider":{"file":"1-15-768x201-93-500x201.jpg","width":500,"height":201,"mime_type":"image\/jpeg","source_url":"https:\/\/adanaseshaber.com.tr\/habercim\/wp-content\/uploads\/2026\/08\/1-15-768x201-93-500x201.jpg"},"full":{"file":"1-15-768x201-93.jpg","width":768,"height":201,"mime_type":"image\/jpeg","source_url":"https:\/\/adanaseshaber.com.tr\/habercim\/wp-content\/uploads\/2026\/08\/1-15-768x201-93.jpg"}},"image_meta":{"aperture":"0","credit":"","camera":"","caption":"","created_timestamp":"0","copyright":"","focal_length":"0","iso":"0","shutter_speed":"0","title":"","orientation":"0","keywords":[]}},"post":51935,"source_url":"https:\/\/adanaseshaber.com.tr\/habercim\/wp-content\/uploads\/2026\/08\/1-15-768x201-93.jpg","_links":{"self":[{"href":"https:\/\/adanaseshaber.com.tr\/habercim\/wp-json\/wp\/v2\/media\/51937"}],"collection":[{"href":"https:\/\/adanaseshaber.com.tr\/habercim\/wp-json\/wp\/v2\/media"}],"about":[{"href":"https:\/\/adanaseshaber.com.tr\/habercim\/wp-json\/wp\/v2\/types\/attachment"}],"author":[{"embeddable":true,"href":"https:\/\/adanaseshaber.com.tr\/habercim\/wp-json\/wp\/v2\/users\/2"}],"replies":[{"embeddable":true,"href":"https:\/\/adanaseshaber.com.tr\/habercim\/wp-json\/wp\/v2\/comments?post=51937"}]}}

<p>AFAD&#8217;dan alınan bilgiye göre, Erdemli Küstüllü Mahallesi&#8217;nde saat: 18.17&#8217;de 3,4 büyüklüğünde deprem meydana geldi. Depremin yerin 9,88 kilometre derinliğinde yaşandığı belirtildi. Deprem ilçe merkezinde de hafif hissedilirken olumsuz bir durumun bildirilmediği öğrenildi.<br />
Mersin&#8217;in Erdemli ilçesinde 3,4 büyüklüğünde deprem meydana geldi.</p>
<p>Kaynak : hurriyet.com.tr</p>
