{"id":51941,"date":"2026-08-07T23:04:01","date_gmt":"2026-08-07T20:04:01","guid":{"rendered":"https:\/\/adanaseshaber.com.tr\/habercim\/wp-content\/uploads\/2026\/08\/images-6-1.jpg"},"modified":"2026-08-07T23:04:52","modified_gmt":"2026-08-07T20:04:52","slug":"images-6-39","status":"inherit","type":"attachment","link":"https:\/\/adanaseshaber.com.tr\/habercim\/foto-galeri\/abuzer-ve-zeynep-dogan-ciftinin\/attachment\/images-6-39\/","title":{"rendered":"Abuzer ve Zeynep Do\u011fan \u00e7iftinin"},"author":2,"comment_status":"open","ping_status":"closed","template":"","meta":[],"description":{"rendered":"<p class=\"attachment\"><a href='https:\/\/adanaseshaber.com.tr\/habercim\/wp-content\/uploads\/2026\/08\/images-6-1.jpg'><img width=\"300\" height=\"169\" src=\"https:\/\/adanaseshaber.com.tr\/habercim\/wp-content\/uploads\/2026\/08\/images-6-1-300x169.jpg\" class=\"attachment-medium size-medium\" alt=\"\" loading=\"lazy\" srcset=\"https:\/\/adanaseshaber.com.tr\/habercim\/wp-content\/uploads\/2026\/08\/images-6-1-300x169.jpg 300w, https:\/\/adanaseshaber.com.tr\/habercim\/wp-content\/uploads\/2026\/08\/images-6-1.jpg 600w\" sizes=\"(max-width: 300px) 100vw, 300px\" \/><\/a><\/p>\n"},"caption":{"rendered":"<p>Abuzer ve Zeynep Do\u011fan \u00e7iftinin ba\u015f\u0131na gelenler d\u00fcnyada bile g\u00fcndem oldu! Kimse bunu beklemiyordu ne olduysa anlam verilemedi&#8230;<\/p>\n<p>devam\u0131 sonraki sayfada&#8230; g\u00f6rsel \u00fczerinden do2&#8217;kununuz ge\u00e7ebilirsiniz&#8230;<\/p>\n"},"alt_text":"","media_type":"image","mime_type":"image\/jpeg","media_details":{"width":600,"height":337,"file":"2026\/08\/images-6-1.jpg","sizes":{"medium":{"file":"images-6-1-300x169.jpg","width":300,"height":169,"mime_type":"image\/jpeg","source_url":"https:\/\/adanaseshaber.com.tr\/habercim\/wp-content\/uploads\/2026\/08\/images-6-1-300x169.jpg"},"thumbnail":{"file":"images-6-1-150x150.jpg","width":150,"height":150,"mime_type":"image\/jpeg","source_url":"https:\/\/adanaseshaber.com.tr\/habercim\/wp-content\/uploads\/2026\/08\/images-6-1-150x150.jpg"},"kucukResim":{"file":"images-6-1-80x50.jpg","width":80,"height":50,"mime_type":"image\/jpeg","source_url":"https:\/\/adanaseshaber.com.tr\/habercim\/wp-content\/uploads\/2026\/08\/images-6-1-80x50.jpg"},"sliderResim":{"file":"images-6-1-600x330.jpg","width":600,"height":330,"mime_type":"image\/jpeg","source_url":"https:\/\/adanaseshaber.com.tr\/habercim\/wp-content\/uploads\/2026\/08\/images-6-1-600x330.jpg"},"resim1":{"file":"images-6-1-184x140.jpg","width":184,"height":140,"mime_type":"image\/jpeg","source_url":"https:\/\/adanaseshaber.com.tr\/habercim\/wp-content\/uploads\/2026\/08\/images-6-1-184x140.jpg"},"resim2":{"file":"images-6-1-216x103.jpg","width":216,"height":103,"mime_type":"image\/jpeg","source_url":"https:\/\/adanaseshaber.com.tr\/habercim\/wp-content\/uploads\/2026\/08\/images-6-1-216x103.jpg"},"resim3":{"file":"images-6-1-145x70.jpg","width":145,"height":70,"mime_type":"image\/jpeg","source_url":"https:\/\/adanaseshaber.com.tr\/habercim\/wp-content\/uploads\/2026\/08\/images-6-1-145x70.jpg"},"sagSlider":{"file":"images-6-1-300x150.jpg","width":300,"height":150,"mime_type":"image\/jpeg","source_url":"https:\/\/adanaseshaber.com.tr\/habercim\/wp-content\/uploads\/2026\/08\/images-6-1-300x150.jpg"},"yeniSlider":{"file":"images-6-1-500x290.jpg","width":500,"height":290,"mime_type":"image\/jpeg","source_url":"https:\/\/adanaseshaber.com.tr\/habercim\/wp-content\/uploads\/2026\/08\/images-6-1-500x290.jpg"},"full":{"file":"images-6-1.jpg","width":600,"height":337,"mime_type":"image\/jpeg","source_url":"https:\/\/adanaseshaber.com.tr\/habercim\/wp-content\/uploads\/2026\/08\/images-6-1.jpg"}},"image_meta":{"aperture":"0","credit":"","camera":"","caption":"","created_timestamp":"0","copyright":"","focal_length":"0","iso":"0","shutter_speed":"0","title":"","orientation":"0","keywords":[]}},"post":51940,"source_url":"https:\/\/adanaseshaber.com.tr\/habercim\/wp-content\/uploads\/2026\/08\/images-6-1.jpg","_links":{"self":[{"href":"https:\/\/adanaseshaber.com.tr\/habercim\/wp-json\/wp\/v2\/media\/51941"}],"collection":[{"href":"https:\/\/adanaseshaber.com.tr\/habercim\/wp-json\/wp\/v2\/media"}],"about":[{"href":"https:\/\/adanaseshaber.com.tr\/habercim\/wp-json\/wp\/v2\/types\/attachment"}],"author":[{"embeddable":true,"href":"https:\/\/adanaseshaber.com.tr\/habercim\/wp-json\/wp\/v2\/users\/2"}],"replies":[{"embeddable":true,"href":"https:\/\/adanaseshaber.com.tr\/habercim\/wp-json\/wp\/v2\/comments?post=51941"}]}}

Abuzer ve Zeynep Doğan çiftinin

<p>Abuzer ve Zeynep Doğan çiftinin başına gelenler dünyada bile gündem oldu! Kimse bunu beklemiyordu ne olduysa anlam verilemedi&#8230;</p>
<p>devamı sonraki sayfada&#8230; görsel üzerinden do2&#8217;kununuz geçebilirsiniz&#8230;</p>
