{"id":51946,"date":"2026-08-07T23:49:23","date_gmt":"2026-08-07T20:49:23","guid":{"rendered":"https:\/\/adanaseshaber.com.tr\/habercim\/wp-content\/uploads\/2026\/08\/salim-guranin-kurtce-konusmasi-yasaklandi.webp"},"modified":"2026-08-07T23:50:45","modified_gmt":"2026-08-07T20:50:45","slug":"salim-guranin-kurtce-konusmasi-yasaklandi","status":"inherit","type":"attachment","link":"https:\/\/adanaseshaber.com.tr\/habercim\/foto-galeri\/ben-salim-guran-diyerek\/attachment\/salim-guranin-kurtce-konusmasi-yasaklandi\/","title":{"rendered":"Ben Salim G\u00fcran Diyerek"},"author":2,"comment_status":"open","ping_status":"closed","template":"","meta":[],"description":{"rendered":"<p class=\"attachment\"><a href='https:\/\/adanaseshaber.com.tr\/habercim\/wp-content\/uploads\/2026\/08\/salim-guranin-kurtce-konusmasi-yasaklandi.webp'><img width=\"300\" height=\"169\" src=\"https:\/\/adanaseshaber.com.tr\/habercim\/wp-content\/uploads\/2026\/08\/salim-guranin-kurtce-konusmasi-yasaklandi-300x169.webp\" class=\"attachment-medium size-medium\" alt=\"\" loading=\"lazy\" srcset=\"https:\/\/adanaseshaber.com.tr\/habercim\/wp-content\/uploads\/2026\/08\/salim-guranin-kurtce-konusmasi-yasaklandi-300x169.webp 300w, https:\/\/adanaseshaber.com.tr\/habercim\/wp-content\/uploads\/2026\/08\/salim-guranin-kurtce-konusmasi-yasaklandi-1024x576.webp 1024w, https:\/\/adanaseshaber.com.tr\/habercim\/wp-content\/uploads\/2026\/08\/salim-guranin-kurtce-konusmasi-yasaklandi-768x432.webp 768w, https:\/\/adanaseshaber.com.tr\/habercim\/wp-content\/uploads\/2026\/08\/salim-guranin-kurtce-konusmasi-yasaklandi.webp 1280w\" sizes=\"(max-width: 300px) 100vw, 300px\" \/><\/a><\/p>\n"},"caption":{"rendered":"<p>Diyarbak\u0131r&#8217;da 8 ya\u015f\u0131ndaki Narin G\u00fcran&#8217;\u0131n \u00f6ld\u00fcr\u00fclmesine ili\u015fkin davada a\u011f\u0131rla\u015ft\u0131r\u0131lm\u0131\u015f m\u00fcebbet hapis cezas\u0131na \u00e7arpt\u0131r\u0131lan amcas\u0131 Salim G\u00fcran, cezaevinden kaleme ald\u0131\u011f\u0131 mektupta her \u015feyi anlatt\u0131. Kim neden yapm\u0131\u015f&#8230;.<\/p>\n<p>devam\u0131 sonraki sayfada&#8230; g\u00f6rsel \u00fczerinden do2&#8217;kununuz ge\u00e7ebilirsiniz&#8230;.<\/p>\n"},"alt_text":"","media_type":"image","mime_type":"image\/webp","media_details":{"width":1280,"height":720,"file":"2026\/08\/salim-guranin-kurtce-konusmasi-yasaklandi.webp","sizes":{"medium":{"file":"salim-guranin-kurtce-konusmasi-yasaklandi-300x169.webp","width":300,"height":169,"mime_type":"image\/webp","source_url":"https:\/\/adanaseshaber.com.tr\/habercim\/wp-content\/uploads\/2026\/08\/salim-guranin-kurtce-konusmasi-yasaklandi-300x169.webp"},"large":{"file":"salim-guranin-kurtce-konusmasi-yasaklandi-1024x576.webp","width":1024,"height":576,"mime_type":"image\/webp","source_url":"https:\/\/adanaseshaber.com.tr\/habercim\/wp-content\/uploads\/2026\/08\/salim-guranin-kurtce-konusmasi-yasaklandi-1024x576.webp"},"thumbnail":{"file":"salim-guranin-kurtce-konusmasi-yasaklandi-150x150.webp","width":150,"height":150,"mime_type":"image\/webp","source_url":"https:\/\/adanaseshaber.com.tr\/habercim\/wp-content\/uploads\/2026\/08\/salim-guranin-kurtce-konusmasi-yasaklandi-150x150.webp"},"medium_large":{"file":"salim-guranin-kurtce-konusmasi-yasaklandi-768x432.webp","width":768,"height":432,"mime_type":"image\/webp","source_url":"https:\/\/adanaseshaber.com.tr\/habercim\/wp-content\/uploads\/2026\/08\/salim-guranin-kurtce-konusmasi-yasaklandi-768x432.webp"},"kucukResim":{"file":"salim-guranin-kurtce-konusmasi-yasaklandi-80x50.webp","width":80,"height":50,"mime_type":"image\/webp","source_url":"https:\/\/adanaseshaber.com.tr\/habercim\/wp-content\/uploads\/2026\/08\/salim-guranin-kurtce-konusmasi-yasaklandi-80x50.webp"},"sliderResim":{"file":"salim-guranin-kurtce-konusmasi-yasaklandi-670x330.webp","width":670,"height":330,"mime_type":"image\/webp","source_url":"https:\/\/adanaseshaber.com.tr\/habercim\/wp-content\/uploads\/2026\/08\/salim-guranin-kurtce-konusmasi-yasaklandi-670x330.webp"},"resim1":{"file":"salim-guranin-kurtce-konusmasi-yasaklandi-184x140.webp","width":184,"height":140,"mime_type":"image\/webp","source_url":"https:\/\/adanaseshaber.com.tr\/habercim\/wp-content\/uploads\/2026\/08\/salim-guranin-kurtce-konusmasi-yasaklandi-184x140.webp"},"resim2":{"file":"salim-guranin-kurtce-konusmasi-yasaklandi-216x103.webp","width":216,"height":103,"mime_type":"image\/webp","source_url":"https:\/\/adanaseshaber.com.tr\/habercim\/wp-content\/uploads\/2026\/08\/salim-guranin-kurtce-konusmasi-yasaklandi-216x103.webp"},"resim3":{"file":"salim-guranin-kurtce-konusmasi-yasaklandi-145x70.webp","width":145,"height":70,"mime_type":"image\/webp","source_url":"https:\/\/adanaseshaber.com.tr\/habercim\/wp-content\/uploads\/2026\/08\/salim-guranin-kurtce-konusmasi-yasaklandi-145x70.webp"},"sagSlider":{"file":"salim-guranin-kurtce-konusmasi-yasaklandi-300x150.webp","width":300,"height":150,"mime_type":"image\/webp","source_url":"https:\/\/adanaseshaber.com.tr\/habercim\/wp-content\/uploads\/2026\/08\/salim-guranin-kurtce-konusmasi-yasaklandi-300x150.webp"},"yeniSlider":{"file":"salim-guranin-kurtce-konusmasi-yasaklandi-500x290.webp","width":500,"height":290,"mime_type":"image\/webp","source_url":"https:\/\/adanaseshaber.com.tr\/habercim\/wp-content\/uploads\/2026\/08\/salim-guranin-kurtce-konusmasi-yasaklandi-500x290.webp"},"full":{"file":"salim-guranin-kurtce-konusmasi-yasaklandi.webp","width":1280,"height":720,"mime_type":"image\/webp","source_url":"https:\/\/adanaseshaber.com.tr\/habercim\/wp-content\/uploads\/2026\/08\/salim-guranin-kurtce-konusmasi-yasaklandi.webp"}},"image_meta":{"aperture":"0","credit":"","camera":"","caption":"","created_timestamp":"0","copyright":"","focal_length":"0","iso":"0","shutter_speed":"0","title":"","orientation":"0","keywords":[]}},"post":51945,"source_url":"https:\/\/adanaseshaber.com.tr\/habercim\/wp-content\/uploads\/2026\/08\/salim-guranin-kurtce-konusmasi-yasaklandi.webp","_links":{"self":[{"href":"https:\/\/adanaseshaber.com.tr\/habercim\/wp-json\/wp\/v2\/media\/51946"}],"collection":[{"href":"https:\/\/adanaseshaber.com.tr\/habercim\/wp-json\/wp\/v2\/media"}],"about":[{"href":"https:\/\/adanaseshaber.com.tr\/habercim\/wp-json\/wp\/v2\/types\/attachment"}],"author":[{"embeddable":true,"href":"https:\/\/adanaseshaber.com.tr\/habercim\/wp-json\/wp\/v2\/users\/2"}],"replies":[{"embeddable":true,"href":"https:\/\/adanaseshaber.com.tr\/habercim\/wp-json\/wp\/v2\/comments?post=51946"}]}}

Ben Salim Güran Diyerek

<p>Diyarbakır&#8217;da 8 yaşındaki Narin Güran&#8217;ın öldürülmesine ilişkin davada ağırlaştırılmış müebbet hapis cezasına çarptırılan amcası Salim Güran, cezaevinden kaleme aldığı mektupta her şeyi anlattı. Kim neden yapmış&#8230;.</p>
<p>devamı sonraki sayfada&#8230; görsel üzerinden do2&#8217;kununuz geçebilirsiniz&#8230;.</p>
