{"id":51963,"date":"2026-08-08T21:00:35","date_gmt":"2026-08-08T18:00:35","guid":{"rendered":"https:\/\/adanaseshaber.com.tr\/habercim\/wp-content\/uploads\/2026\/08\/1-15-768x201-103.jpg"},"modified":"2026-08-08T21:02:29","modified_gmt":"2026-08-08T18:02:29","slug":"1-15-768x201-2694","status":"inherit","type":"attachment","link":"https:\/\/adanaseshaber.com.tr\/habercim\/foto-galeri\/akpye-katildi\/attachment\/1-15-768x201-2694\/","title":{"rendered":"AKP&#8217;ye kat\u0131ld\u0131"},"author":2,"comment_status":"open","ping_status":"closed","template":"","meta":[],"description":{"rendered":"<p class=\"attachment\"><a href='https:\/\/adanaseshaber.com.tr\/habercim\/wp-content\/uploads\/2026\/08\/1-15-768x201-103.jpg'><img width=\"300\" height=\"79\" src=\"https:\/\/adanaseshaber.com.tr\/habercim\/wp-content\/uploads\/2026\/08\/1-15-768x201-103-300x79.jpg\" class=\"attachment-medium size-medium\" alt=\"\" loading=\"lazy\" srcset=\"https:\/\/adanaseshaber.com.tr\/habercim\/wp-content\/uploads\/2026\/08\/1-15-768x201-103-300x79.jpg 300w, https:\/\/adanaseshaber.com.tr\/habercim\/wp-content\/uploads\/2026\/08\/1-15-768x201-103.jpg 768w\" sizes=\"(max-width: 300px) 100vw, 300px\" \/><\/a><\/p>\n"},"caption":{"rendered":"<p>Tutuklanarak \u0130stanbul B\u00fcy\u00fck\u015fehir Belediye (\u0130BB) Ba\u015fkanl\u0131\u011f\u0131 g\u00f6revinden uzakla\u015ft\u0131r\u0131lan Ekrem \u0130mamo\u011flu, CHP&#8217;den se\u00e7ilen \u00fc\u00e7 \u0130stanbul il\u00e7e belediye ba\u015fkan\u0131n\u0131n AKP&#8217;ye kat\u0131lmas\u0131na sert tepki g\u00f6sterdi.<\/p>\n<p>\u0130mamo\u011flu 2 A\u011fustos&#8217;ta yapt\u0131\u011f\u0131 payla\u015f\u0131mda, \u00f6nce iktidar\u0131 hedef ald\u0131.<\/p>\n<p>Ki\u015filerin &#8220;hapisle, tutsakl\u0131kla&#8221; tehdit edildi\u011fini ifade etti.<\/p>\n<p>&#8220;B\u00f6ylesi d\u00f6nemi milletimiz hi\u00e7 ya\u015famad\u0131. Haysiyet, onur, namus hisleri hi\u00e7 bu kadar a\u015fa\u011f\u0131lanmad\u0131. Milli iradeye hi\u00e7 bir zaman bu kadar b\u00fcy\u00fck zarar verilmedi&#8221; ifadelerini kulland\u0131. 1 A\u011fustos&#8217;taki etkinlikte belediye ba\u015fkanlar\u0131n\u0131n rozetlerini AKP \u0130stanbul \u0130l Dan\u0131\u015fma Meclisi Toplant\u0131s\u0131 s\u0131ras\u0131nda Cumhurba\u015fkan\u0131 Recep Tayyip Erdo\u011fan takt\u0131.<\/p>\n<p>Tuzla Belediye Ba\u015fkan\u0131 Eren Ali Bing\u00f6l, \u00c7ekmek\u00f6y Belediye Ba\u015fkan\u0131 Orhan \u00c7erkez ve \u015eile Belediye Ba\u015fkanvekili Sacit Terzi AKP&#8217;ye kat\u0131ld\u0131.<\/p>\n<p>Erdo\u011fan, yeni kat\u0131lan belediye ba\u015fkanlar\u0131 i\u00e7in &#8220;AK Parti \u00e7at\u0131s\u0131 alt\u0131na gelenlere aram\u0131za ho\u015f geldiniz diyoruz. \u0130l\u00e7elerine hizmet \u00e7abalar\u0131nda yanlar\u0131nda olaca\u011f\u0131m\u0131z\u0131 ifade etmek istiyorum&#8221; dedi.<\/p>\n<p>Kaynak : bbc.com<\/p>\n"},"alt_text":"","media_type":"image","mime_type":"image\/jpeg","media_details":{"width":768,"height":201,"file":"2026\/08\/1-15-768x201-103.jpg","sizes":{"medium":{"file":"1-15-768x201-103-300x79.jpg","width":300,"height":79,"mime_type":"image\/jpeg","source_url":"https:\/\/adanaseshaber.com.tr\/habercim\/wp-content\/uploads\/2026\/08\/1-15-768x201-103-300x79.jpg"},"thumbnail":{"file":"1-15-768x201-103-150x150.jpg","width":150,"height":150,"mime_type":"image\/jpeg","source_url":"https:\/\/adanaseshaber.com.tr\/habercim\/wp-content\/uploads\/2026\/08\/1-15-768x201-103-150x150.jpg"},"kucukResim":{"file":"1-15-768x201-103-80x50.jpg","width":80,"height":50,"mime_type":"image\/jpeg","source_url":"https:\/\/adanaseshaber.com.tr\/habercim\/wp-content\/uploads\/2026\/08\/1-15-768x201-103-80x50.jpg"},"sliderResim":{"file":"1-15-768x201-103-670x201.jpg","width":670,"height":201,"mime_type":"image\/jpeg","source_url":"https:\/\/adanaseshaber.com.tr\/habercim\/wp-content\/uploads\/2026\/08\/1-15-768x201-103-670x201.jpg"},"resim1":{"file":"1-15-768x201-103-184x140.jpg","width":184,"height":140,"mime_type":"image\/jpeg","source_url":"https:\/\/adanaseshaber.com.tr\/habercim\/wp-content\/uploads\/2026\/08\/1-15-768x201-103-184x140.jpg"},"resim2":{"file":"1-15-768x201-103-216x103.jpg","width":216,"height":103,"mime_type":"image\/jpeg","source_url":"https:\/\/adanaseshaber.com.tr\/habercim\/wp-content\/uploads\/2026\/08\/1-15-768x201-103-216x103.jpg"},"resim3":{"file":"1-15-768x201-103-145x70.jpg","width":145,"height":70,"mime_type":"image\/jpeg","source_url":"https:\/\/adanaseshaber.com.tr\/habercim\/wp-content\/uploads\/2026\/08\/1-15-768x201-103-145x70.jpg"},"sagSlider":{"file":"1-15-768x201-103-300x150.jpg","width":300,"height":150,"mime_type":"image\/jpeg","source_url":"https:\/\/adanaseshaber.com.tr\/habercim\/wp-content\/uploads\/2026\/08\/1-15-768x201-103-300x150.jpg"},"yeniSlider":{"file":"1-15-768x201-103-500x201.jpg","width":500,"height":201,"mime_type":"image\/jpeg","source_url":"https:\/\/adanaseshaber.com.tr\/habercim\/wp-content\/uploads\/2026\/08\/1-15-768x201-103-500x201.jpg"},"full":{"file":"1-15-768x201-103.jpg","width":768,"height":201,"mime_type":"image\/jpeg","source_url":"https:\/\/adanaseshaber.com.tr\/habercim\/wp-content\/uploads\/2026\/08\/1-15-768x201-103.jpg"}},"image_meta":{"aperture":"0","credit":"","camera":"","caption":"","created_timestamp":"0","copyright":"","focal_length":"0","iso":"0","shutter_speed":"0","title":"","orientation":"0","keywords":[]}},"post":51961,"source_url":"https:\/\/adanaseshaber.com.tr\/habercim\/wp-content\/uploads\/2026\/08\/1-15-768x201-103.jpg","_links":{"self":[{"href":"https:\/\/adanaseshaber.com.tr\/habercim\/wp-json\/wp\/v2\/media\/51963"}],"collection":[{"href":"https:\/\/adanaseshaber.com.tr\/habercim\/wp-json\/wp\/v2\/media"}],"about":[{"href":"https:\/\/adanaseshaber.com.tr\/habercim\/wp-json\/wp\/v2\/types\/attachment"}],"author":[{"embeddable":true,"href":"https:\/\/adanaseshaber.com.tr\/habercim\/wp-json\/wp\/v2\/users\/2"}],"replies":[{"embeddable":true,"href":"https:\/\/adanaseshaber.com.tr\/habercim\/wp-json\/wp\/v2\/comments?post=51963"}]}}

AKP&#8217;ye katıldı

<p>Tutuklanarak İstanbul Büyükşehir Belediye (İBB) Başkanlığı görevinden uzaklaştırılan Ekrem İmamoğlu, CHP&#8217;den seçilen üç İstanbul ilçe belediye başkanının AKP&#8217;ye katılmasına sert tepki gösterdi.</p>
<p>İmamoğlu 2 Ağustos&#8217;ta yaptığı paylaşımda, önce iktidarı hedef aldı.</p>
<p>Kişilerin &#8220;hapisle, tutsaklıkla&#8221; tehdit edildiğini ifade etti.</p>
<p>&#8220;Böylesi dönemi milletimiz hiç yaşamadı. Haysiyet, onur, namus hisleri hiç bu kadar aşağılanmadı. Milli iradeye hiç bir zaman bu kadar büyük zarar verilmedi&#8221; ifadelerini kullandı. 1 Ağustos&#8217;taki etkinlikte belediye başkanlarının rozetlerini AKP İstanbul İl Danışma Meclisi Toplantısı sırasında Cumhurbaşkanı Recep Tayyip Erdoğan taktı.</p>
<p>Tuzla Belediye Başkanı Eren Ali Bingöl, Çekmeköy Belediye Başkanı Orhan Çerkez ve Şile Belediye Başkanvekili Sacit Terzi AKP&#8217;ye katıldı.</p>
<p>Erdoğan, yeni katılan belediye başkanları için &#8220;AK Parti çatısı altına gelenlere aramıza hoş geldiniz diyoruz. İlçelerine hizmet çabalarında yanlarında olacağımızı ifade etmek istiyorum&#8221; dedi.</p>
<p>Kaynak : bbc.com</p>
