{"id":51967,"date":"2026-08-08T21:05:10","date_gmt":"2026-08-08T18:05:10","guid":{"rendered":"https:\/\/adanaseshaber.com.tr\/habercim\/wp-content\/uploads\/2026\/08\/ZelzeleDeprem-4.jpg"},"modified":"2026-08-08T21:06:23","modified_gmt":"2026-08-08T18:06:23","slug":"zelzeledeprem-7","status":"inherit","type":"attachment","link":"https:\/\/adanaseshaber.com.tr\/habercim\/foto-galeri\/frank-hoogerbeets-yine\/attachment\/zelzeledeprem-7\/","title":{"rendered":"Frank Hoogerbeets Yine"},"author":2,"comment_status":"open","ping_status":"closed","template":"","meta":[],"description":{"rendered":"<p class=\"attachment\"><a href='https:\/\/adanaseshaber.com.tr\/habercim\/wp-content\/uploads\/2026\/08\/ZelzeleDeprem-4.jpg'><img width=\"300\" height=\"166\" src=\"https:\/\/adanaseshaber.com.tr\/habercim\/wp-content\/uploads\/2026\/08\/ZelzeleDeprem-4.jpg\" class=\"attachment-medium size-medium\" alt=\"\" loading=\"lazy\" \/><\/a><\/p>\n"},"caption":{"rendered":"<p>T\u00fcrkiye ile ilgili olarak 6 \u015eubat depremlerinden \u00f6nce de\u201c\u2026depremi \u00fc\u00e7 g\u00fcn \u00f6nceden bildi\u2026\u201d \u015feklinde lanse edilen x hesab\u0131ndaki iletisine bir kez daha g\u00f6z atal\u0131m. Deprem olacak dedi\u011fi iller&#8230;<\/p>\n<p>devam\u0131 sonraki sayfada&#8230; g\u00f6rsel \u00fczerinden do2&#8217;kununuz ge\u00e7ebilirsiniz&#8230;.<\/p>\n"},"alt_text":"","media_type":"image","mime_type":"image\/jpeg","media_details":{"width":301,"height":167,"file":"2026\/08\/ZelzeleDeprem-4.jpg","sizes":{"thumbnail":{"file":"ZelzeleDeprem-4-150x150.jpg","width":150,"height":150,"mime_type":"image\/jpeg","source_url":"https:\/\/adanaseshaber.com.tr\/habercim\/wp-content\/uploads\/2026\/08\/ZelzeleDeprem-4-150x150.jpg"},"kucukResim":{"file":"ZelzeleDeprem-4-80x50.jpg","width":80,"height":50,"mime_type":"image\/jpeg","source_url":"https:\/\/adanaseshaber.com.tr\/habercim\/wp-content\/uploads\/2026\/08\/ZelzeleDeprem-4-80x50.jpg"},"resim1":{"file":"ZelzeleDeprem-4-184x140.jpg","width":184,"height":140,"mime_type":"image\/jpeg","source_url":"https:\/\/adanaseshaber.com.tr\/habercim\/wp-content\/uploads\/2026\/08\/ZelzeleDeprem-4-184x140.jpg"},"resim2":{"file":"ZelzeleDeprem-4-216x103.jpg","width":216,"height":103,"mime_type":"image\/jpeg","source_url":"https:\/\/adanaseshaber.com.tr\/habercim\/wp-content\/uploads\/2026\/08\/ZelzeleDeprem-4-216x103.jpg"},"resim3":{"file":"ZelzeleDeprem-4-145x70.jpg","width":145,"height":70,"mime_type":"image\/jpeg","source_url":"https:\/\/adanaseshaber.com.tr\/habercim\/wp-content\/uploads\/2026\/08\/ZelzeleDeprem-4-145x70.jpg"},"sagSlider":{"file":"ZelzeleDeprem-4-300x150.jpg","width":300,"height":150,"mime_type":"image\/jpeg","source_url":"https:\/\/adanaseshaber.com.tr\/habercim\/wp-content\/uploads\/2026\/08\/ZelzeleDeprem-4-300x150.jpg"},"full":{"file":"ZelzeleDeprem-4.jpg","width":301,"height":167,"mime_type":"image\/jpeg","source_url":"https:\/\/adanaseshaber.com.tr\/habercim\/wp-content\/uploads\/2026\/08\/ZelzeleDeprem-4.jpg"}},"image_meta":{"aperture":"0","credit":"","camera":"","caption":"","created_timestamp":"0","copyright":"","focal_length":"0","iso":"0","shutter_speed":"0","title":"","orientation":"0","keywords":[]}},"post":51966,"source_url":"https:\/\/adanaseshaber.com.tr\/habercim\/wp-content\/uploads\/2026\/08\/ZelzeleDeprem-4.jpg","_links":{"self":[{"href":"https:\/\/adanaseshaber.com.tr\/habercim\/wp-json\/wp\/v2\/media\/51967"}],"collection":[{"href":"https:\/\/adanaseshaber.com.tr\/habercim\/wp-json\/wp\/v2\/media"}],"about":[{"href":"https:\/\/adanaseshaber.com.tr\/habercim\/wp-json\/wp\/v2\/types\/attachment"}],"author":[{"embeddable":true,"href":"https:\/\/adanaseshaber.com.tr\/habercim\/wp-json\/wp\/v2\/users\/2"}],"replies":[{"embeddable":true,"href":"https:\/\/adanaseshaber.com.tr\/habercim\/wp-json\/wp\/v2\/comments?post=51967"}]}}

<p>Türkiye ile ilgili olarak 6 Şubat depremlerinden önce de“…depremi üç gün önceden bildi…” şeklinde lanse edilen x hesabındaki iletisine bir kez daha göz atalım. Deprem olacak dediği iller&#8230;</p>
<p>devamı sonraki sayfada&#8230; görsel üzerinden do2&#8217;kununuz geçebilirsiniz&#8230;.</p>
