{"id":52029,"date":"2026-08-09T22:29:48","date_gmt":"2026-08-09T19:29:48","guid":{"rendered":"https:\/\/adanaseshaber.com.tr\/habercim\/wp-content\/uploads\/2026\/08\/1-15-768x201-129.jpg"},"modified":"2026-08-09T22:31:06","modified_gmt":"2026-08-09T19:31:06","slug":"1-15-768x201-2720","status":"inherit","type":"attachment","link":"https:\/\/adanaseshaber.com.tr\/habercim\/foto-galeri\/muglada-4-gundur\/attachment\/1-15-768x201-2720\/","title":{"rendered":"Mu\u011fla&#8217;da 4 g\u00fcnd\u00fcr"},"author":2,"comment_status":"open","ping_status":"closed","template":"","meta":[],"description":{"rendered":"<p class=\"attachment\"><a href='https:\/\/adanaseshaber.com.tr\/habercim\/wp-content\/uploads\/2026\/08\/1-15-768x201-129.jpg'><img width=\"300\" height=\"79\" src=\"https:\/\/adanaseshaber.com.tr\/habercim\/wp-content\/uploads\/2026\/08\/1-15-768x201-129-300x79.jpg\" class=\"attachment-medium size-medium\" alt=\"\" loading=\"lazy\" srcset=\"https:\/\/adanaseshaber.com.tr\/habercim\/wp-content\/uploads\/2026\/08\/1-15-768x201-129-300x79.jpg 300w, https:\/\/adanaseshaber.com.tr\/habercim\/wp-content\/uploads\/2026\/08\/1-15-768x201-129.jpg 768w\" sizes=\"(max-width: 300px) 100vw, 300px\" \/><\/a><\/p>\n"},"caption":{"rendered":"<p>Mu\u011fla&#8217;n\u0131n Seydikemer il\u00e7esinde 4 g\u00fcnd\u00fcr kay\u0131p olarak aranan ki\u015fi, evinin yan\u0131ndaki serada \u00f6l\u00fc bulundu.<br \/>\nMu\u011fla&#8217;n\u0131n Seydikemer il\u00e7esinde 4 g\u00fcnd\u00fcr kay\u0131p olarak aranan ki\u015fi, evinin yan\u0131ndaki serada \u00f6l\u00fc bulundu.<\/p>\n<p>Karadere Mahallesi&#8217;nde ya\u015fayan Mehmet Ali Y&#8217;den (41) haber alamayan yak\u0131nlar\u0131n\u0131n kay\u0131p ihbar\u0131nda bulunmas\u0131 \u00fczerine b\u00f6lgede arama \u00e7al\u0131\u015fmas\u0131 ba\u015flat\u0131ld\u0131.<\/p>\n<p>\u00c7al\u0131\u015fmalara Jandarma Arama Kurtarma (JAK), AFAD, MAG-AMESAR, Fethiye Komando B\u00f6l\u00fck Komutanl\u0131\u011f\u0131 ile Seydikemer \u0130l\u00e7e Jandarma Komutanl\u0131\u011f\u0131 ekipleri kat\u0131ld\u0131.<\/p>\n<p>Arama \u00e7al\u0131\u015fmalar\u0131 kapsam\u0131nda evin \u00e7evresinde inceleme yapan ekipler, \u00e7evreden gelen yo\u011fun koku \u00fczerine evin yan\u0131ndaki seraya girdi. Yap\u0131lan kontrolde Mehmet Ali Y&#8217;nin cans\u0131z bedenine ula\u015f\u0131ld\u0131.<\/p>\n<p>Cumhuriyet savc\u0131s\u0131n\u0131n olay yerindeki incelemesinin ard\u0131ndan cenaze, kesin \u00f6l\u00fcm nedeninin belirlenmesi amac\u0131yla otopsi yap\u0131lmak \u00fczere Mu\u011fla Adli T\u0131p Kurumu morguna g\u00f6nderildi.<\/p>\n<p>Kaynak : yerel-haberler.haberturk.com<\/p>\n"},"alt_text":"","media_type":"image","mime_type":"image\/jpeg","media_details":{"width":768,"height":201,"file":"2026\/08\/1-15-768x201-129.jpg","sizes":{"medium":{"file":"1-15-768x201-129-300x79.jpg","width":300,"height":79,"mime_type":"image\/jpeg","source_url":"https:\/\/adanaseshaber.com.tr\/habercim\/wp-content\/uploads\/2026\/08\/1-15-768x201-129-300x79.jpg"},"thumbnail":{"file":"1-15-768x201-129-150x150.jpg","width":150,"height":150,"mime_type":"image\/jpeg","source_url":"https:\/\/adanaseshaber.com.tr\/habercim\/wp-content\/uploads\/2026\/08\/1-15-768x201-129-150x150.jpg"},"kucukResim":{"file":"1-15-768x201-129-80x50.jpg","width":80,"height":50,"mime_type":"image\/jpeg","source_url":"https:\/\/adanaseshaber.com.tr\/habercim\/wp-content\/uploads\/2026\/08\/1-15-768x201-129-80x50.jpg"},"sliderResim":{"file":"1-15-768x201-129-670x201.jpg","width":670,"height":201,"mime_type":"image\/jpeg","source_url":"https:\/\/adanaseshaber.com.tr\/habercim\/wp-content\/uploads\/2026\/08\/1-15-768x201-129-670x201.jpg"},"resim1":{"file":"1-15-768x201-129-184x140.jpg","width":184,"height":140,"mime_type":"image\/jpeg","source_url":"https:\/\/adanaseshaber.com.tr\/habercim\/wp-content\/uploads\/2026\/08\/1-15-768x201-129-184x140.jpg"},"resim2":{"file":"1-15-768x201-129-216x103.jpg","width":216,"height":103,"mime_type":"image\/jpeg","source_url":"https:\/\/adanaseshaber.com.tr\/habercim\/wp-content\/uploads\/2026\/08\/1-15-768x201-129-216x103.jpg"},"resim3":{"file":"1-15-768x201-129-145x70.jpg","width":145,"height":70,"mime_type":"image\/jpeg","source_url":"https:\/\/adanaseshaber.com.tr\/habercim\/wp-content\/uploads\/2026\/08\/1-15-768x201-129-145x70.jpg"},"sagSlider":{"file":"1-15-768x201-129-300x150.jpg","width":300,"height":150,"mime_type":"image\/jpeg","source_url":"https:\/\/adanaseshaber.com.tr\/habercim\/wp-content\/uploads\/2026\/08\/1-15-768x201-129-300x150.jpg"},"yeniSlider":{"file":"1-15-768x201-129-500x201.jpg","width":500,"height":201,"mime_type":"image\/jpeg","source_url":"https:\/\/adanaseshaber.com.tr\/habercim\/wp-content\/uploads\/2026\/08\/1-15-768x201-129-500x201.jpg"},"full":{"file":"1-15-768x201-129.jpg","width":768,"height":201,"mime_type":"image\/jpeg","source_url":"https:\/\/adanaseshaber.com.tr\/habercim\/wp-content\/uploads\/2026\/08\/1-15-768x201-129.jpg"}},"image_meta":{"aperture":"0","credit":"","camera":"","caption":"","created_timestamp":"0","copyright":"","focal_length":"0","iso":"0","shutter_speed":"0","title":"","orientation":"0","keywords":[]}},"post":52027,"source_url":"https:\/\/adanaseshaber.com.tr\/habercim\/wp-content\/uploads\/2026\/08\/1-15-768x201-129.jpg","_links":{"self":[{"href":"https:\/\/adanaseshaber.com.tr\/habercim\/wp-json\/wp\/v2\/media\/52029"}],"collection":[{"href":"https:\/\/adanaseshaber.com.tr\/habercim\/wp-json\/wp\/v2\/media"}],"about":[{"href":"https:\/\/adanaseshaber.com.tr\/habercim\/wp-json\/wp\/v2\/types\/attachment"}],"author":[{"embeddable":true,"href":"https:\/\/adanaseshaber.com.tr\/habercim\/wp-json\/wp\/v2\/users\/2"}],"replies":[{"embeddable":true,"href":"https:\/\/adanaseshaber.com.tr\/habercim\/wp-json\/wp\/v2\/comments?post=52029"}]}}

Muğla&#8217;da 4 gündür

<p>Muğla&#8217;nın Seydikemer ilçesinde 4 gündür kayıp olarak aranan kişi, evinin yanındaki serada ölü bulundu.<br />
Muğla&#8217;nın Seydikemer ilçesinde 4 gündür kayıp olarak aranan kişi, evinin yanındaki serada ölü bulundu.</p>
<p>Karadere Mahallesi&#8217;nde yaşayan Mehmet Ali Y&#8217;den (41) haber alamayan yakınlarının kayıp ihbarında bulunması üzerine bölgede arama çalışması başlatıldı.</p>
<p>Çalışmalara Jandarma Arama Kurtarma (JAK), AFAD, MAG-AMESAR, Fethiye Komando Bölük Komutanlığı ile Seydikemer İlçe Jandarma Komutanlığı ekipleri katıldı.</p>
<p>Arama çalışmaları kapsamında evin çevresinde inceleme yapan ekipler, çevreden gelen yoğun koku üzerine evin yanındaki seraya girdi. Yapılan kontrolde Mehmet Ali Y&#8217;nin cansız bedenine ulaşıldı.</p>
<p>Cumhuriyet savcısının olay yerindeki incelemesinin ardından cenaze, kesin ölüm nedeninin belirlenmesi amacıyla otopsi yapılmak üzere Muğla Adli Tıp Kurumu morguna gönderildi.</p>
<p>Kaynak : yerel-haberler.haberturk.com</p>
