{"id":52064,"date":"2026-08-10T19:48:24","date_gmt":"2026-08-10T16:48:24","guid":{"rendered":"https:\/\/adanaseshaber.com.tr\/habercim\/wp-content\/uploads\/2026\/08\/ZelzeleDeprem-5.jpg"},"modified":"2026-08-10T19:48:40","modified_gmt":"2026-08-10T16:48:40","slug":"zelzeledeprem-8","status":"inherit","type":"attachment","link":"https:\/\/adanaseshaber.com.tr\/habercim\/foto-galeri\/bu-uc-ile-dikkat-2\/attachment\/zelzeledeprem-8\/","title":{"rendered":"Bu \u00fc\u00e7 ile dikkat"},"author":2,"comment_status":"open","ping_status":"closed","template":"","meta":[],"description":{"rendered":"<p class=\"attachment\"><a href='https:\/\/adanaseshaber.com.tr\/habercim\/wp-content\/uploads\/2026\/08\/ZelzeleDeprem-5.jpg'><img width=\"300\" height=\"166\" src=\"https:\/\/adanaseshaber.com.tr\/habercim\/wp-content\/uploads\/2026\/08\/ZelzeleDeprem-5.jpg\" class=\"attachment-medium size-medium\" alt=\"\" loading=\"lazy\" \/><\/a><\/p>\n"},"caption":{"rendered":"<p>\u0130stanbul\u2019daki son depremi bilen \u015eener \u00dc\u015f\u00fcmezsoy\u2019dan yeni uyar\u0131! \u2018Bu \u00fc\u00e7 ile dikkat!\u2019<br \/>\nHerkes haz\u0131r olmak zorundad\u0131r diyerek uyard\u0131\u2026<\/p>\n<p>devam\u0131 sonraki sayfada\u2026. g\u00f6rsel \u00fczerinden do2\u2019kununuz ge\u00e7ebilirsiniz\u2026<\/p>\n"},"alt_text":"","media_type":"image","mime_type":"image\/jpeg","media_details":{"width":301,"height":167,"file":"2026\/08\/ZelzeleDeprem-5.jpg","sizes":{"thumbnail":{"file":"ZelzeleDeprem-5-150x150.jpg","width":150,"height":150,"mime_type":"image\/jpeg","source_url":"https:\/\/adanaseshaber.com.tr\/habercim\/wp-content\/uploads\/2026\/08\/ZelzeleDeprem-5-150x150.jpg"},"kucukResim":{"file":"ZelzeleDeprem-5-80x50.jpg","width":80,"height":50,"mime_type":"image\/jpeg","source_url":"https:\/\/adanaseshaber.com.tr\/habercim\/wp-content\/uploads\/2026\/08\/ZelzeleDeprem-5-80x50.jpg"},"resim1":{"file":"ZelzeleDeprem-5-184x140.jpg","width":184,"height":140,"mime_type":"image\/jpeg","source_url":"https:\/\/adanaseshaber.com.tr\/habercim\/wp-content\/uploads\/2026\/08\/ZelzeleDeprem-5-184x140.jpg"},"resim2":{"file":"ZelzeleDeprem-5-216x103.jpg","width":216,"height":103,"mime_type":"image\/jpeg","source_url":"https:\/\/adanaseshaber.com.tr\/habercim\/wp-content\/uploads\/2026\/08\/ZelzeleDeprem-5-216x103.jpg"},"resim3":{"file":"ZelzeleDeprem-5-145x70.jpg","width":145,"height":70,"mime_type":"image\/jpeg","source_url":"https:\/\/adanaseshaber.com.tr\/habercim\/wp-content\/uploads\/2026\/08\/ZelzeleDeprem-5-145x70.jpg"},"sagSlider":{"file":"ZelzeleDeprem-5-300x150.jpg","width":300,"height":150,"mime_type":"image\/jpeg","source_url":"https:\/\/adanaseshaber.com.tr\/habercim\/wp-content\/uploads\/2026\/08\/ZelzeleDeprem-5-300x150.jpg"},"full":{"file":"ZelzeleDeprem-5.jpg","width":301,"height":167,"mime_type":"image\/jpeg","source_url":"https:\/\/adanaseshaber.com.tr\/habercim\/wp-content\/uploads\/2026\/08\/ZelzeleDeprem-5.jpg"}},"image_meta":{"aperture":"0","credit":"","camera":"","caption":"","created_timestamp":"0","copyright":"","focal_length":"0","iso":"0","shutter_speed":"0","title":"","orientation":"0","keywords":[]}},"post":52063,"source_url":"https:\/\/adanaseshaber.com.tr\/habercim\/wp-content\/uploads\/2026\/08\/ZelzeleDeprem-5.jpg","_links":{"self":[{"href":"https:\/\/adanaseshaber.com.tr\/habercim\/wp-json\/wp\/v2\/media\/52064"}],"collection":[{"href":"https:\/\/adanaseshaber.com.tr\/habercim\/wp-json\/wp\/v2\/media"}],"about":[{"href":"https:\/\/adanaseshaber.com.tr\/habercim\/wp-json\/wp\/v2\/types\/attachment"}],"author":[{"embeddable":true,"href":"https:\/\/adanaseshaber.com.tr\/habercim\/wp-json\/wp\/v2\/users\/2"}],"replies":[{"embeddable":true,"href":"https:\/\/adanaseshaber.com.tr\/habercim\/wp-json\/wp\/v2\/comments?post=52064"}]}}

Bu üç ile dikkat

<p>İstanbul’daki son depremi bilen Şener Üşümezsoy’dan yeni uyarı! ‘Bu üç ile dikkat!’<br />
Herkes hazır olmak zorundadır diyerek uyardı…</p>
<p>devamı sonraki sayfada…. görsel üzerinden do2’kununuz geçebilirsiniz…</p>
