{"id":52119,"date":"2026-08-12T21:34:27","date_gmt":"2026-08-12T18:34:27","guid":{"rendered":"https:\/\/adanaseshaber.com.tr\/habercim\/wp-content\/uploads\/2026\/08\/images-8-3.jpg"},"modified":"2026-08-12T21:34:51","modified_gmt":"2026-08-12T18:34:51","slug":"images-8-3-4","status":"inherit","type":"attachment","link":"https:\/\/adanaseshaber.com.tr\/habercim\/foto-galeri\/soyad\/attachment\/images-8-3-4\/","title":{"rendered":"Soyad"},"author":2,"comment_status":"open","ping_status":"closed","template":"","meta":[],"description":{"rendered":"<p class=\"attachment\"><a href='https:\/\/adanaseshaber.com.tr\/habercim\/wp-content\/uploads\/2026\/08\/images-8-3.jpg'><img width=\"287\" height=\"176\" src=\"https:\/\/adanaseshaber.com.tr\/habercim\/wp-content\/uploads\/2026\/08\/images-8-3.jpg\" class=\"attachment-medium size-medium\" alt=\"\" loading=\"lazy\" srcset=\"https:\/\/adanaseshaber.com.tr\/habercim\/wp-content\/uploads\/2026\/08\/images-8-3.jpg 287w, https:\/\/adanaseshaber.com.tr\/habercim\/wp-content\/uploads\/2026\/08\/images-8-3-80x50.jpg 80w\" sizes=\"(max-width: 287px) 100vw, 287px\" \/><\/a><\/p>\n"},"caption":{"rendered":"<p>Soyad ku\u015fkusuz \u00e7ok \u00f6nemli. \u00d6yle ki biz se\u00e7emedi\u011fimiz i\u00e7in \u00f6yle soyadlar g\u00f6r\u00fcl\u00fcyor ki bazen g\u00fclerken bazen de ba\u015f\u0131m\u0131za bela oluyor\u2026.<\/p>\n<p>devam\u0131 sonraki sayfada\u2026.<\/p>\n"},"alt_text":"","media_type":"image","mime_type":"image\/jpeg","media_details":{"width":287,"height":176,"file":"2026\/08\/images-8-3.jpg","sizes":{"thumbnail":{"file":"images-8-3-150x150.jpg","width":150,"height":150,"mime_type":"image\/jpeg","source_url":"https:\/\/adanaseshaber.com.tr\/habercim\/wp-content\/uploads\/2026\/08\/images-8-3-150x150.jpg"},"kucukResim":{"file":"images-8-3-80x50.jpg","width":80,"height":50,"mime_type":"image\/jpeg","source_url":"https:\/\/adanaseshaber.com.tr\/habercim\/wp-content\/uploads\/2026\/08\/images-8-3-80x50.jpg"},"resim1":{"file":"images-8-3-184x140.jpg","width":184,"height":140,"mime_type":"image\/jpeg","source_url":"https:\/\/adanaseshaber.com.tr\/habercim\/wp-content\/uploads\/2026\/08\/images-8-3-184x140.jpg"},"resim2":{"file":"images-8-3-216x103.jpg","width":216,"height":103,"mime_type":"image\/jpeg","source_url":"https:\/\/adanaseshaber.com.tr\/habercim\/wp-content\/uploads\/2026\/08\/images-8-3-216x103.jpg"},"resim3":{"file":"images-8-3-145x70.jpg","width":145,"height":70,"mime_type":"image\/jpeg","source_url":"https:\/\/adanaseshaber.com.tr\/habercim\/wp-content\/uploads\/2026\/08\/images-8-3-145x70.jpg"},"sagSlider":{"file":"images-8-3-287x150.jpg","width":287,"height":150,"mime_type":"image\/jpeg","source_url":"https:\/\/adanaseshaber.com.tr\/habercim\/wp-content\/uploads\/2026\/08\/images-8-3-287x150.jpg"},"full":{"file":"images-8-3.jpg","width":287,"height":176,"mime_type":"image\/jpeg","source_url":"https:\/\/adanaseshaber.com.tr\/habercim\/wp-content\/uploads\/2026\/08\/images-8-3.jpg"}},"image_meta":{"aperture":"0","credit":"","camera":"","caption":"","created_timestamp":"0","copyright":"","focal_length":"0","iso":"0","shutter_speed":"0","title":"","orientation":"0","keywords":[]}},"post":52118,"source_url":"https:\/\/adanaseshaber.com.tr\/habercim\/wp-content\/uploads\/2026\/08\/images-8-3.jpg","_links":{"self":[{"href":"https:\/\/adanaseshaber.com.tr\/habercim\/wp-json\/wp\/v2\/media\/52119"}],"collection":[{"href":"https:\/\/adanaseshaber.com.tr\/habercim\/wp-json\/wp\/v2\/media"}],"about":[{"href":"https:\/\/adanaseshaber.com.tr\/habercim\/wp-json\/wp\/v2\/types\/attachment"}],"author":[{"embeddable":true,"href":"https:\/\/adanaseshaber.com.tr\/habercim\/wp-json\/wp\/v2\/users\/2"}],"replies":[{"embeddable":true,"href":"https:\/\/adanaseshaber.com.tr\/habercim\/wp-json\/wp\/v2\/comments?post=52119"}]}}

<p>Soyad kuşkusuz çok önemli. Öyle ki biz seçemediğimiz için öyle soyadlar görülüyor ki bazen gülerken bazen de başımıza bela oluyor….</p>
<p>devamı sonraki sayfada….</p>
