{"id":52130,"date":"2026-08-12T22:23:34","date_gmt":"2026-08-12T19:23:34","guid":{"rendered":"https:\/\/adanaseshaber.com.tr\/habercim\/wp-content\/uploads\/2026\/08\/1-15-768x201-169.jpg"},"modified":"2026-08-12T22:23:58","modified_gmt":"2026-08-12T19:23:58","slug":"1-15-768x201-2760","status":"inherit","type":"attachment","link":"https:\/\/adanaseshaber.com.tr\/habercim\/foto-galeri\/mekkeden\/attachment\/1-15-768x201-2760\/","title":{"rendered":"Mekke\u2019den"},"author":2,"comment_status":"open","ping_status":"closed","template":"","meta":[],"description":{"rendered":"<p class=\"attachment\"><a href='https:\/\/adanaseshaber.com.tr\/habercim\/wp-content\/uploads\/2026\/08\/1-15-768x201-169.jpg'><img width=\"300\" height=\"79\" src=\"https:\/\/adanaseshaber.com.tr\/habercim\/wp-content\/uploads\/2026\/08\/1-15-768x201-169-300x79.jpg\" class=\"attachment-medium size-medium\" alt=\"\" loading=\"lazy\" srcset=\"https:\/\/adanaseshaber.com.tr\/habercim\/wp-content\/uploads\/2026\/08\/1-15-768x201-169-300x79.jpg 300w, https:\/\/adanaseshaber.com.tr\/habercim\/wp-content\/uploads\/2026\/08\/1-15-768x201-169.jpg 768w\" sizes=\"(max-width: 300px) 100vw, 300px\" \/><\/a><\/p>\n"},"caption":{"rendered":"<p>Mekke\u2019de g\u00f6rd\u00fc\u011f\u00fc taharet muslu\u011funu \u00e7ok kullan\u0131\u015fl\u0131 bulan bir kad\u0131n, ayn\u0131 sistemi T\u00fcrkiye\u2019deki evine de yapt\u0131rmak istedi\u011fini s\u00f6yleyince video sosyal medyada g\u00fcndem oldu.<br \/>\nMekke ziyareti s\u0131ras\u0131nda g\u00f6rd\u00fc\u011f\u00fc taharet muslu\u011funu \u201c\u00e7ok kullan\u0131\u015fl\u0131\u201d buldu\u011funu dile getiren kad\u0131n, T\u00fcrkiye\u2019de taharet muslu\u011fu olmas\u0131na ra\u011fmen \u201cb\u00f6ylesinin olmad\u0131\u011f\u0131n\u0131\u201d belirterek ayn\u0131 sistemi evine yapt\u0131rmak istedi\u011fini s\u00f6yledi.<br \/>\nSOSYAL MEDYADA YORUM YA\u011eDI<br \/>\nK\u0131sa s\u00fcrede yay\u0131lan g\u00f6r\u00fcnt\u00fcler, sosyal medyada geni\u015f yank\u0131 uyand\u0131rd\u0131. Payla\u015f\u0131m\u0131n alt\u0131na yap\u0131lan yorumlardan baz\u0131lar\u0131 \u015funlar;<\/p>\n<p>Ne g\u00fczel dertler var.<br \/>\nBu T\u00fcrkiye\u2019de de var zaten y\u0131llard\u0131r.<br \/>\nBunu ilk defa g\u00f6rmesi enteresan\u2026<br \/>\nRabbim ak\u0131l ihsan etsin.<\/p>\n<p>Kaynak : haberler.com<\/p>\n"},"alt_text":"","media_type":"image","mime_type":"image\/jpeg","media_details":{"width":768,"height":201,"file":"2026\/08\/1-15-768x201-169.jpg","sizes":{"medium":{"file":"1-15-768x201-169-300x79.jpg","width":300,"height":79,"mime_type":"image\/jpeg","source_url":"https:\/\/adanaseshaber.com.tr\/habercim\/wp-content\/uploads\/2026\/08\/1-15-768x201-169-300x79.jpg"},"thumbnail":{"file":"1-15-768x201-169-150x150.jpg","width":150,"height":150,"mime_type":"image\/jpeg","source_url":"https:\/\/adanaseshaber.com.tr\/habercim\/wp-content\/uploads\/2026\/08\/1-15-768x201-169-150x150.jpg"},"kucukResim":{"file":"1-15-768x201-169-80x50.jpg","width":80,"height":50,"mime_type":"image\/jpeg","source_url":"https:\/\/adanaseshaber.com.tr\/habercim\/wp-content\/uploads\/2026\/08\/1-15-768x201-169-80x50.jpg"},"sliderResim":{"file":"1-15-768x201-169-670x201.jpg","width":670,"height":201,"mime_type":"image\/jpeg","source_url":"https:\/\/adanaseshaber.com.tr\/habercim\/wp-content\/uploads\/2026\/08\/1-15-768x201-169-670x201.jpg"},"resim1":{"file":"1-15-768x201-169-184x140.jpg","width":184,"height":140,"mime_type":"image\/jpeg","source_url":"https:\/\/adanaseshaber.com.tr\/habercim\/wp-content\/uploads\/2026\/08\/1-15-768x201-169-184x140.jpg"},"resim2":{"file":"1-15-768x201-169-216x103.jpg","width":216,"height":103,"mime_type":"image\/jpeg","source_url":"https:\/\/adanaseshaber.com.tr\/habercim\/wp-content\/uploads\/2026\/08\/1-15-768x201-169-216x103.jpg"},"resim3":{"file":"1-15-768x201-169-145x70.jpg","width":145,"height":70,"mime_type":"image\/jpeg","source_url":"https:\/\/adanaseshaber.com.tr\/habercim\/wp-content\/uploads\/2026\/08\/1-15-768x201-169-145x70.jpg"},"sagSlider":{"file":"1-15-768x201-169-300x150.jpg","width":300,"height":150,"mime_type":"image\/jpeg","source_url":"https:\/\/adanaseshaber.com.tr\/habercim\/wp-content\/uploads\/2026\/08\/1-15-768x201-169-300x150.jpg"},"yeniSlider":{"file":"1-15-768x201-169-500x201.jpg","width":500,"height":201,"mime_type":"image\/jpeg","source_url":"https:\/\/adanaseshaber.com.tr\/habercim\/wp-content\/uploads\/2026\/08\/1-15-768x201-169-500x201.jpg"},"full":{"file":"1-15-768x201-169.jpg","width":768,"height":201,"mime_type":"image\/jpeg","source_url":"https:\/\/adanaseshaber.com.tr\/habercim\/wp-content\/uploads\/2026\/08\/1-15-768x201-169.jpg"}},"image_meta":{"aperture":"0","credit":"","camera":"","caption":"","created_timestamp":"0","copyright":"","focal_length":"0","iso":"0","shutter_speed":"0","title":"","orientation":"0","keywords":[]}},"post":52128,"source_url":"https:\/\/adanaseshaber.com.tr\/habercim\/wp-content\/uploads\/2026\/08\/1-15-768x201-169.jpg","_links":{"self":[{"href":"https:\/\/adanaseshaber.com.tr\/habercim\/wp-json\/wp\/v2\/media\/52130"}],"collection":[{"href":"https:\/\/adanaseshaber.com.tr\/habercim\/wp-json\/wp\/v2\/media"}],"about":[{"href":"https:\/\/adanaseshaber.com.tr\/habercim\/wp-json\/wp\/v2\/types\/attachment"}],"author":[{"embeddable":true,"href":"https:\/\/adanaseshaber.com.tr\/habercim\/wp-json\/wp\/v2\/users\/2"}],"replies":[{"embeddable":true,"href":"https:\/\/adanaseshaber.com.tr\/habercim\/wp-json\/wp\/v2\/comments?post=52130"}]}}

<p>Mekke’de gördüğü taharet musluğunu çok kullanışlı bulan bir kadın, aynı sistemi Türkiye’deki evine de yaptırmak istediğini söyleyince video sosyal medyada gündem oldu.<br />
Mekke ziyareti sırasında gördüğü taharet musluğunu “çok kullanışlı” bulduğunu dile getiren kadın, Türkiye’de taharet musluğu olmasına rağmen “böylesinin olmadığını” belirterek aynı sistemi evine yaptırmak istediğini söyledi.<br />
SOSYAL MEDYADA YORUM YAĞDI<br />
Kısa sürede yayılan görüntüler, sosyal medyada geniş yankı uyandırdı. Paylaşımın altına yapılan yorumlardan bazıları şunlar;</p>
<p>Ne güzel dertler var.<br />
Bu Türkiye’de de var zaten yıllardır.<br />
Bunu ilk defa görmesi enteresan…<br />
Rabbim akıl ihsan etsin.</p>
<p>Kaynak : haberler.com</p>
