{"id":52169,"date":"2026-08-13T23:36:31","date_gmt":"2026-08-13T20:36:31","guid":{"rendered":"https:\/\/adanaseshaber.com.tr\/habercim\/wp-content\/uploads\/2026\/08\/baskomutan-recep-tayyip-erdogan_2109888-5.jpg"},"modified":"2026-08-13T23:37:13","modified_gmt":"2026-08-13T20:37:13","slug":"baskomutan-recep-tayyip-erdogan_2109888-15","status":"inherit","type":"attachment","link":"https:\/\/adanaseshaber.com.tr\/habercim\/foto-galeri\/baskomutan-erdogan\/attachment\/baskomutan-recep-tayyip-erdogan_2109888-15\/","title":{"rendered":"Ba\u015fkomutan Erdo\u011fan"},"author":2,"comment_status":"open","ping_status":"closed","template":"","meta":[],"description":{"rendered":"<p class=\"attachment\"><a href='https:\/\/adanaseshaber.com.tr\/habercim\/wp-content\/uploads\/2026\/08\/baskomutan-recep-tayyip-erdogan_2109888-5.jpg'><img width=\"300\" height=\"187\" src=\"https:\/\/adanaseshaber.com.tr\/habercim\/wp-content\/uploads\/2026\/08\/baskomutan-recep-tayyip-erdogan_2109888-5-300x187.jpg\" class=\"attachment-medium size-medium\" alt=\"\" loading=\"lazy\" srcset=\"https:\/\/adanaseshaber.com.tr\/habercim\/wp-content\/uploads\/2026\/08\/baskomutan-recep-tayyip-erdogan_2109888-5-300x187.jpg 300w, https:\/\/adanaseshaber.com.tr\/habercim\/wp-content\/uploads\/2026\/08\/baskomutan-recep-tayyip-erdogan_2109888-5-80x50.jpg 80w, https:\/\/adanaseshaber.com.tr\/habercim\/wp-content\/uploads\/2026\/08\/baskomutan-recep-tayyip-erdogan_2109888-5.jpg 485w\" sizes=\"(max-width: 300px) 100vw, 300px\" \/><\/a><\/p>\n"},"caption":{"rendered":"<p>Cumhurba\u015fkan\u0131 Recep Tayyip Erdo\u011fan, Meclis&#8217;in yeni d\u00f6nem a\u00e7\u0131l\u0131\u015f konu\u015fmas\u0131nda t\u00fcm sorular\u0131 cevaplad\u0131&#8230;.<\/p>\n<p>devam\u0131 sonraki sayfada&#8230; g\u00f6rsel \u00fczerinden do&#8217;2kununuz ge\u00e7ebilirsiniz&#8230;<\/p>\n"},"alt_text":"","media_type":"image","mime_type":"image\/jpeg","media_details":{"width":485,"height":303,"file":"2026\/08\/baskomutan-recep-tayyip-erdogan_2109888-5.jpg","sizes":{"medium":{"file":"baskomutan-recep-tayyip-erdogan_2109888-5-300x187.jpg","width":300,"height":187,"mime_type":"image\/jpeg","source_url":"https:\/\/adanaseshaber.com.tr\/habercim\/wp-content\/uploads\/2026\/08\/baskomutan-recep-tayyip-erdogan_2109888-5-300x187.jpg"},"thumbnail":{"file":"baskomutan-recep-tayyip-erdogan_2109888-5-150x150.jpg","width":150,"height":150,"mime_type":"image\/jpeg","source_url":"https:\/\/adanaseshaber.com.tr\/habercim\/wp-content\/uploads\/2026\/08\/baskomutan-recep-tayyip-erdogan_2109888-5-150x150.jpg"},"kucukResim":{"file":"baskomutan-recep-tayyip-erdogan_2109888-5-80x50.jpg","width":80,"height":50,"mime_type":"image\/jpeg","source_url":"https:\/\/adanaseshaber.com.tr\/habercim\/wp-content\/uploads\/2026\/08\/baskomutan-recep-tayyip-erdogan_2109888-5-80x50.jpg"},"resim1":{"file":"baskomutan-recep-tayyip-erdogan_2109888-5-184x140.jpg","width":184,"height":140,"mime_type":"image\/jpeg","source_url":"https:\/\/adanaseshaber.com.tr\/habercim\/wp-content\/uploads\/2026\/08\/baskomutan-recep-tayyip-erdogan_2109888-5-184x140.jpg"},"resim2":{"file":"baskomutan-recep-tayyip-erdogan_2109888-5-216x103.jpg","width":216,"height":103,"mime_type":"image\/jpeg","source_url":"https:\/\/adanaseshaber.com.tr\/habercim\/wp-content\/uploads\/2026\/08\/baskomutan-recep-tayyip-erdogan_2109888-5-216x103.jpg"},"resim3":{"file":"baskomutan-recep-tayyip-erdogan_2109888-5-145x70.jpg","width":145,"height":70,"mime_type":"image\/jpeg","source_url":"https:\/\/adanaseshaber.com.tr\/habercim\/wp-content\/uploads\/2026\/08\/baskomutan-recep-tayyip-erdogan_2109888-5-145x70.jpg"},"sagSlider":{"file":"baskomutan-recep-tayyip-erdogan_2109888-5-300x150.jpg","width":300,"height":150,"mime_type":"image\/jpeg","source_url":"https:\/\/adanaseshaber.com.tr\/habercim\/wp-content\/uploads\/2026\/08\/baskomutan-recep-tayyip-erdogan_2109888-5-300x150.jpg"},"yeniSlider":{"file":"baskomutan-recep-tayyip-erdogan_2109888-5-485x290.jpg","width":485,"height":290,"mime_type":"image\/jpeg","source_url":"https:\/\/adanaseshaber.com.tr\/habercim\/wp-content\/uploads\/2026\/08\/baskomutan-recep-tayyip-erdogan_2109888-5-485x290.jpg"},"full":{"file":"baskomutan-recep-tayyip-erdogan_2109888-5.jpg","width":485,"height":303,"mime_type":"image\/jpeg","source_url":"https:\/\/adanaseshaber.com.tr\/habercim\/wp-content\/uploads\/2026\/08\/baskomutan-recep-tayyip-erdogan_2109888-5.jpg"}},"image_meta":{"aperture":"0","credit":"","camera":"","caption":"","created_timestamp":"0","copyright":"","focal_length":"0","iso":"0","shutter_speed":"0","title":"","orientation":"0","keywords":[]}},"post":52168,"source_url":"https:\/\/adanaseshaber.com.tr\/habercim\/wp-content\/uploads\/2026\/08\/baskomutan-recep-tayyip-erdogan_2109888-5.jpg","_links":{"self":[{"href":"https:\/\/adanaseshaber.com.tr\/habercim\/wp-json\/wp\/v2\/media\/52169"}],"collection":[{"href":"https:\/\/adanaseshaber.com.tr\/habercim\/wp-json\/wp\/v2\/media"}],"about":[{"href":"https:\/\/adanaseshaber.com.tr\/habercim\/wp-json\/wp\/v2\/types\/attachment"}],"author":[{"embeddable":true,"href":"https:\/\/adanaseshaber.com.tr\/habercim\/wp-json\/wp\/v2\/users\/2"}],"replies":[{"embeddable":true,"href":"https:\/\/adanaseshaber.com.tr\/habercim\/wp-json\/wp\/v2\/comments?post=52169"}]}}

Başkomutan Erdoğan

<p>Cumhurbaşkanı Recep Tayyip Erdoğan, Meclis&#8217;in yeni dönem açılış konuşmasında tüm soruları cevapladı&#8230;.</p>
<p>devamı sonraki sayfada&#8230; görsel üzerinden do&#8217;2kununuz geçebilirsiniz&#8230;</p>
