{"id":52170,"date":"2026-08-13T23:36:35","date_gmt":"2026-08-13T20:36:35","guid":{"rendered":"https:\/\/adanaseshaber.com.tr\/habercim\/wp-content\/uploads\/2026\/08\/1-15-768x201-185.jpg"},"modified":"2026-08-13T23:38:17","modified_gmt":"2026-08-13T20:38:17","slug":"1-15-768x201-2776","status":"inherit","type":"attachment","link":"https:\/\/adanaseshaber.com.tr\/habercim\/foto-galeri\/baskomutan-erdogan\/attachment\/1-15-768x201-2776\/","title":{"rendered":"Ba\u015fkomutan Erdo\u011fan"},"author":2,"comment_status":"open","ping_status":"closed","template":"","meta":[],"description":{"rendered":"<p class=\"attachment\"><a href='https:\/\/adanaseshaber.com.tr\/habercim\/wp-content\/uploads\/2026\/08\/1-15-768x201-185.jpg'><img width=\"300\" height=\"79\" src=\"https:\/\/adanaseshaber.com.tr\/habercim\/wp-content\/uploads\/2026\/08\/1-15-768x201-185-300x79.jpg\" class=\"attachment-medium size-medium\" alt=\"\" loading=\"lazy\" srcset=\"https:\/\/adanaseshaber.com.tr\/habercim\/wp-content\/uploads\/2026\/08\/1-15-768x201-185-300x79.jpg 300w, https:\/\/adanaseshaber.com.tr\/habercim\/wp-content\/uploads\/2026\/08\/1-15-768x201-185.jpg 768w\" sizes=\"(max-width: 300px) 100vw, 300px\" \/><\/a><\/p>\n"},"caption":{"rendered":"<p>Cumhurba\u015fkan\u0131 Recep Tayyip Erdo\u011fan, Meclis&#8217;in yeni d\u00f6nem a\u00e7\u0131l\u0131\u015f konu\u015fmas\u0131nda, \u0130srail y\u00f6netimini hedef ald\u0131 ve &#8220;\u0130srail sald\u0131rganl\u0131\u011f\u0131 T\u00fcrkiye\u2019yi de i\u00e7ine almaktad\u0131r&#8221; ifadelerini kullanm\u0131\u015ft\u0131. Erdo\u011fan&#8217;\u0131n bu a\u00e7\u0131klamas\u0131 ile \u0130srail&#8217;in u\u011fruna ac\u0131mas\u0131zca masumu katletti\u011fi Arz-\u0131 mevud meselesi g\u00fcndeme geldi. Vadedilmi\u015f topraklar olarak ele ald\u0131klar\u0131 haritada hangi \u00fclkelerin ve \u015fehirlerin yer ald\u0131\u011f\u0131 merak konusu oldu.<br \/>\nYahudilere g\u00f6re Kud\u00fcs, &#8220;Tanr\u0131&#8217;n\u0131n se\u00e7ti\u011fi \u015fehir&#8221; olarak nitelendirilir ve &#8220;uluslar\u0131n tam ortas\u0131&#8221; yani d\u00fcnyan\u0131n bir nevi merkezi olarak tan\u0131mlan\u0131r.<\/p>\n<p>\u0130br\u00e2n\u00eece&#8217;de &#8220;Eretz Israel&#8221; (\u0130sr\u00e2il diyar\u0131) denilen bu b\u00f6lge Ahd-i At\u00eek&#8217;te &#8220;Ken&#8217;an diyar\u0131&#8221; (Tekv\u00een, 11\/31; 17\/18; \u00c7\u0131k\u0131\u015f, 6\/4), diye de zikredilmektedir.<\/p>\n<p>\u0130kinci M\u00e2bed d\u00f6neminden itibaren ise &#8220;arz-\u0131 mev&#8217;\u00fbd&#8221; diye adland\u0131r\u0131lm\u0131\u015f olup Ahd-i Ced\u00eed&#8217;de de bu isimle ge\u00e7mektedir (\u0130br\u00e2n\u00eeler&#8217;e Mektup, 11\/9). ARZ- MEV&#8217;UD&#8217;UN TAR\u0130H\u0130 OLU\u015eUMU<\/p>\n<p>\u0130srailo\u011fullar\u0131, Hz. Musa&#8217;n\u0131n \u00f6nderli\u011finde M\u0131s\u0131r&#8217;dan \u00e7\u0131karak Sina Da\u011f\u0131&#8217;na gelmi\u015fler ve kendilerine vaat edilen Arz-\u0131 Mev&#8217;\u00fbd topraklar\u0131na sahip olacaklar\u0131na inanm\u0131\u015flard\u0131r. Yahudilerin bu topraklar i\u00e7in Hz. \u0130br\u00e2him, Hz. \u0130shak, Hz. Ya&#8217;k\u016bb ve Hz. M\u00fbs\u00e2&#8217;ya ve onlar\u0131n soyundan gelenlere Tanr\u0131 taraf\u0131ndan vaat edildi iddias\u0131 vard\u0131r. Ancak \u0130srailo\u011fullar\u0131, bu topraklar\u0131 elde etmek i\u00e7in Tanr\u0131 ile yapt\u0131klar\u0131 antla\u015fmalara ve ahitlere uymalar\u0131 gerekti\u011fine inan\u0131rlar.<br \/>\n\u0130srailo\u011fullar\u0131&#8217;n\u0131n tarihine g\u00f6re, Hz. Musa&#8217;n\u0131n \u00f6nderli\u011finde M\u0131s\u0131r&#8217;dan \u00e7\u0131kan kavim, vaat edilen topraklara giremeyerek cezaland\u0131r\u0131lm\u0131\u015f ve liderlik Ye\u015fu&#8217;ya devredilmi\u015ftir. Ye\u015fu \u00f6nderli\u011finde Filistin topraklar\u0131na giren \u0130srailo\u011fullar\u0131, b\u00f6lgedeki yerli halklarla sava\u015farak topraklar\u0131n\u0131n b\u00fcy\u00fck bir k\u0131sm\u0131n\u0131 ele ge\u00e7irmi\u015flerdir.<br \/>\nVADED\u0130LM\u0130\u015e TOPRAKLAR NERES\u0130D\u0130R?<\/p>\n<p>Vadedilmi\u015f topraklar, Allah&#8217;\u0131n Hz. \u0130brahim&#8217;e ve onun soyundan gelenlere vermeyi vaad etti\u011fi yer i\u00e7in kullan\u0131lan terimdir.<\/p>\n<p>\u0130br\u00e2n\u00eece&#8217;de \u201cEretz Israel\u201d denilen bu b\u00f6lge Ahd-i At\u00eek&#8217;te \u201cKen&#8217;an diyar\u0131\u201d diye de zikredil\u00admektedir. \u0130kinci M\u00e2bed d\u00f6neminden iti\u00adbaren ise \u201cArz-\u0131 mev&#8217;\u00fbd\u201d, &#8220;Arz-\u0131 Mukaddes diye adland\u0131r\u0131lm\u0131\u015ft\u0131r. G\u00fcney s\u0131n\u0131r\u0131: &#8220;Tsin \u00e7\u00f6l\u00fcnden Edom boyunca olacak ve cenup s\u0131n\u0131r\u0131n\u0131z \u015farka do\u011fru Tuz denizinin ucundan olacak ve s\u0131n\u0131r\u0131n\u0131z Akrabbim yoku\u015fundan cenuba do\u011fru dola\u015facak ve Tsin&#8217;e ge\u00e7ecek ve onun u\u00e7lar\u0131 Kade\u015f-Barnea&#8217;n\u0131n cenubunda olacaklar ve Hatsar-Addar&#8217;a \u00e7\u0131kacak ve Atsmon&#8217;a ge\u00e7ecek ve s\u0131n\u0131r Atsmon&#8217;dan M\u0131s\u0131r vadisine kadar dola\u015facak ve onun u\u00e7lar\u0131 deniz yan\u0131nda olacakt\u0131r&#8221; (Say\u0131lar, 34\/3-5; Tesniye, 15\/2-4). Buradaki Tsin \u00e7\u00f6l\u00fc Kade\u015f&#8217;in kuzeydo\u011fusunda yer almakta ve arz-\u0131 mev&#8217;\u00fbdun g\u00fcney s\u0131n\u0131r\u0131n\u0131 te\u015fkil etmektedir. Tuz denizi bug\u00fcnk\u00fc \u00d6l\u00fcdeniz&#8217;dir. Akrabbim yoku\u015fu \u00d6l\u00fcdeniz&#8217;in g\u00fcneyinde, bug\u00fcnk\u00fc Nakb es-Saf\u00e2, Hatsar-Addar Kade\u015f-Barnea&#8217;n\u0131n kuzeybat\u0131s\u0131ndaki V\u00e2dilkudeyr\u00e2t, Atsmon da V\u00e2dilkudeyr\u00e2t&#8217;\u0131n bat\u0131s\u0131ndaki yerdir. M\u0131s\u0131r vadisi ise, Gazze&#8217;nin g\u00fcneybat\u0131s\u0131ndan Akdeniz&#8217;e a\u00e7\u0131lan V\u00e2dilar\u00ee\u015f&#8217;tir. Arz-\u0131 mev&#8217;\u00fbdun g\u00fcney s\u0131n\u0131r\u0131n\u0131 belirten bu ifade, Ruhban metnine aittir ve Negev&#8217;in b\u00fcy\u00fck bir k\u0131sm\u0131n\u0131 arz-\u0131 mev&#8217;\u00fbda katmaktad\u0131r.<br \/>\nBat\u0131 s\u0131n\u0131r\u0131: &#8220;B\u00fcy\u00fck deniz ve onun k\u0131y\u0131s\u0131 olacakt\u0131r&#8221; (Say\u0131lar, 34\/6; Ye\u015fu, 1\/4). &#8220;Garp denizi&#8221;de (Tesniye, 11\/24) denilen bu deniz Akdeniz&#8217;dir.<\/p>\n<p>Kuzey s\u0131n\u0131r\u0131: &#8220;B\u00fcy\u00fck denizden Hor da\u011f\u0131na kadar kendinize i\u015faret koyacaks\u0131n\u0131z. Hor da\u011f\u0131ndan Hamat&#8217;a girilecek yere kadar i\u015faret koyacaks\u0131n\u0131z ve s\u0131n\u0131r\u0131n u\u00e7lar\u0131 Tsed\u00e2d&#8217;da olacak ve s\u0131n\u0131r Zifron&#8217;a \u00e7\u0131kacak ve onun u\u00e7lar\u0131 Hatsar-Enan&#8217;da olacakt\u0131r&#8221; (Say\u0131lar, 34\/7-9). Arz-\u0131 mev&#8217;\u00fbdun kuzey s\u0131n\u0131r\u0131, Ahd-i At\u00eek&#8217;in di\u011fer yerlerinde L\u00fcbnan olarak belirtilmektedir (Tesniye, 11\/24; Ye\u015fu, 1\/4). S\u00f6z konusu Hor da\u011f\u0131n\u0131n G\u00fcney Anadolu&#8217;daki Toros da\u011flar\u0131 oldu\u011fu da ileri s\u00fcr\u00fclm\u00fc\u015ft\u00fcr (Ancien Testament, s. 326); fakat genel kanaat, bunun L\u00fcbnan da\u011f\u0131 (Cebelil\u00fcbnan) oldu\u011fu y\u00f6n\u00fcndedir. Esasen Ahd-i At\u00eek&#8217;in hi\u00e7bir yerinde arz-\u0131 mev&#8217;\u00fbdun kuzey s\u0131n\u0131r\u0131 L\u00fcbnan b\u00f6lgesini a\u015fmamaktad\u0131r. Do\u011fu s\u0131n\u0131r\u0131: &#8220;Ve \u015fark s\u0131n\u0131r\u0131n\u0131z i\u00e7in Hatsar-Enan&#8217;dan \u015eefam&#8217;a kadar i\u015faret koyacaks\u0131n\u0131z ve s\u0131n\u0131r \u015eefam&#8217;dan Ain&#8217;in \u015fark taraf\u0131nda Ribla&#8217;ya inecek ve \u015farka do\u011fru Kinneret denizinin yan\u0131na dokunacakt\u0131r ve s\u0131n\u0131r Erden&#8217;e inecek ve u\u00e7lar\u0131 Tuz denizi yan\u0131nda olacakt\u0131r&#8221; (Say\u0131lar, 34\/10-12). Kinneret denizi Taberiye g\u00f6l\u00fcd\u00fcr. Ahd-i At\u00eek&#8217;te do\u011fu s\u0131n\u0131r\u0131 &#8220;b\u00fcy\u00fck \u0131rmak, F\u0131rat \u0131rma\u011f\u0131&#8221; olarak da g\u00f6sterildi\u011fi halde (Tekv\u00een, 15\/18; Tesniye, 11\/24; Ye\u015fu, 1\/4), Say\u0131lar, 34\/10-12&#8217;de Rab Yahova taraf\u0131ndan Hz. M\u00fbs\u00e2&#8217;ya \u00e7izilen do\u011fu s\u0131n\u0131r\u0131 Taberiye ve Lut g\u00f6llerinin do\u011fu taraf\u0131ndaki b\u00f6lgeyle s\u0131n\u0131rl\u0131 kalmaktad\u0131r. Do\u011fu s\u0131n\u0131r\u0131n\u0131n F\u0131rat&#8217;a kadar uzat\u0131lmas\u0131 ideal \u00f6l\u00e7\u00fclere g\u00f6redir ve yahudi tarihinde hi\u00e7 ger\u00e7ekle\u015fmemi\u015ftir. \u0130srail tarihinin en parlak d\u00f6nemi Hz. S\u00fcleyman devri olmas\u0131na, Hz. S\u00fcleyman&#8217;\u0131n &#8220;Irmaktan Filist\u00eeler diyar\u0131na ve M\u0131s\u0131r s\u0131n\u0131r\u0131na kadar b\u00fct\u00fcn \u00fclkeler \u00fczerinde saltanat s\u00fcrd\u00fc\u011f\u00fc&#8221; (I. Krallar, 4\/21) belirtilmesine ra\u011fmen krall\u0131\u011f\u0131n do\u011fu s\u0131n\u0131r\u0131 asla F\u0131rat&#8217;a varmam\u0131\u015ft\u0131r..<\/p>\n<p>Kaynak : yenisafak.com<\/p>\n"},"alt_text":"","media_type":"image","mime_type":"image\/jpeg","media_details":{"width":768,"height":201,"file":"2026\/08\/1-15-768x201-185.jpg","sizes":{"medium":{"file":"1-15-768x201-185-300x79.jpg","width":300,"height":79,"mime_type":"image\/jpeg","source_url":"https:\/\/adanaseshaber.com.tr\/habercim\/wp-content\/uploads\/2026\/08\/1-15-768x201-185-300x79.jpg"},"thumbnail":{"file":"1-15-768x201-185-150x150.jpg","width":150,"height":150,"mime_type":"image\/jpeg","source_url":"https:\/\/adanaseshaber.com.tr\/habercim\/wp-content\/uploads\/2026\/08\/1-15-768x201-185-150x150.jpg"},"kucukResim":{"file":"1-15-768x201-185-80x50.jpg","width":80,"height":50,"mime_type":"image\/jpeg","source_url":"https:\/\/adanaseshaber.com.tr\/habercim\/wp-content\/uploads\/2026\/08\/1-15-768x201-185-80x50.jpg"},"sliderResim":{"file":"1-15-768x201-185-670x201.jpg","width":670,"height":201,"mime_type":"image\/jpeg","source_url":"https:\/\/adanaseshaber.com.tr\/habercim\/wp-content\/uploads\/2026\/08\/1-15-768x201-185-670x201.jpg"},"resim1":{"file":"1-15-768x201-185-184x140.jpg","width":184,"height":140,"mime_type":"image\/jpeg","source_url":"https:\/\/adanaseshaber.com.tr\/habercim\/wp-content\/uploads\/2026\/08\/1-15-768x201-185-184x140.jpg"},"resim2":{"file":"1-15-768x201-185-216x103.jpg","width":216,"height":103,"mime_type":"image\/jpeg","source_url":"https:\/\/adanaseshaber.com.tr\/habercim\/wp-content\/uploads\/2026\/08\/1-15-768x201-185-216x103.jpg"},"resim3":{"file":"1-15-768x201-185-145x70.jpg","width":145,"height":70,"mime_type":"image\/jpeg","source_url":"https:\/\/adanaseshaber.com.tr\/habercim\/wp-content\/uploads\/2026\/08\/1-15-768x201-185-145x70.jpg"},"sagSlider":{"file":"1-15-768x201-185-300x150.jpg","width":300,"height":150,"mime_type":"image\/jpeg","source_url":"https:\/\/adanaseshaber.com.tr\/habercim\/wp-content\/uploads\/2026\/08\/1-15-768x201-185-300x150.jpg"},"yeniSlider":{"file":"1-15-768x201-185-500x201.jpg","width":500,"height":201,"mime_type":"image\/jpeg","source_url":"https:\/\/adanaseshaber.com.tr\/habercim\/wp-content\/uploads\/2026\/08\/1-15-768x201-185-500x201.jpg"},"full":{"file":"1-15-768x201-185.jpg","width":768,"height":201,"mime_type":"image\/jpeg","source_url":"https:\/\/adanaseshaber.com.tr\/habercim\/wp-content\/uploads\/2026\/08\/1-15-768x201-185.jpg"}},"image_meta":{"aperture":"0","credit":"","camera":"","caption":"","created_timestamp":"0","copyright":"","focal_length":"0","iso":"0","shutter_speed":"0","title":"","orientation":"0","keywords":[]}},"post":52168,"source_url":"https:\/\/adanaseshaber.com.tr\/habercim\/wp-content\/uploads\/2026\/08\/1-15-768x201-185.jpg","_links":{"self":[{"href":"https:\/\/adanaseshaber.com.tr\/habercim\/wp-json\/wp\/v2\/media\/52170"}],"collection":[{"href":"https:\/\/adanaseshaber.com.tr\/habercim\/wp-json\/wp\/v2\/media"}],"about":[{"href":"https:\/\/adanaseshaber.com.tr\/habercim\/wp-json\/wp\/v2\/types\/attachment"}],"author":[{"embeddable":true,"href":"https:\/\/adanaseshaber.com.tr\/habercim\/wp-json\/wp\/v2\/users\/2"}],"replies":[{"embeddable":true,"href":"https:\/\/adanaseshaber.com.tr\/habercim\/wp-json\/wp\/v2\/comments?post=52170"}]}}

Başkomutan Erdoğan

<p>Cumhurbaşkanı Recep Tayyip Erdoğan, Meclis&#8217;in yeni dönem açılış konuşmasında, İsrail yönetimini hedef aldı ve &#8220;İsrail saldırganlığı Türkiye’yi de içine almaktadır&#8221; ifadelerini kullanmıştı. Erdoğan&#8217;ın bu açıklaması ile İsrail&#8217;in uğruna acımasızca masumu katlettiği Arz-ı mevud meselesi gündeme geldi. Vadedilmiş topraklar olarak ele aldıkları haritada hangi ülkelerin ve şehirlerin yer aldığı merak konusu oldu.<br />
Yahudilere göre Kudüs, &#8220;Tanrı&#8217;nın seçtiği şehir&#8221; olarak nitelendirilir ve &#8220;ulusların tam ortası&#8221; yani dünyanın bir nevi merkezi olarak tanımlanır.</p>
<p>İbrânîce&#8217;de &#8220;Eretz Israel&#8221; (İsrâil diyarı) denilen bu bölge Ahd-i Atîk&#8217;te &#8220;Ken&#8217;an diyarı&#8221; (Tekvîn, 11/31; 17/18; Çıkış, 6/4), diye de zikredilmektedir.</p>
<p>İkinci Mâbed döneminden itibaren ise &#8220;arz-ı mev&#8217;ûd&#8221; diye adlandırılmış olup Ahd-i Cedîd&#8217;de de bu isimle geçmektedir (İbrânîler&#8217;e Mektup, 11/9). ARZ- MEV&#8217;UD&#8217;UN TARİHİ OLUŞUMU</p>
<p>İsrailoğulları, Hz. Musa&#8217;nın önderliğinde Mısır&#8217;dan çıkarak Sina Dağı&#8217;na gelmişler ve kendilerine vaat edilen Arz-ı Mev&#8217;ûd topraklarına sahip olacaklarına inanmışlardır. Yahudilerin bu topraklar için Hz. İbrâhim, Hz. İshak, Hz. Ya&#8217;kūb ve Hz. Mûsâ&#8217;ya ve onların soyundan gelenlere Tanrı tarafından vaat edildi iddiası vardır. Ancak İsrailoğulları, bu toprakları elde etmek için Tanrı ile yaptıkları antlaşmalara ve ahitlere uymaları gerektiğine inanırlar.<br />
İsrailoğulları&#8217;nın tarihine göre, Hz. Musa&#8217;nın önderliğinde Mısır&#8217;dan çıkan kavim, vaat edilen topraklara giremeyerek cezalandırılmış ve liderlik Yeşu&#8217;ya devredilmiştir. Yeşu önderliğinde Filistin topraklarına giren İsrailoğulları, bölgedeki yerli halklarla savaşarak topraklarının büyük bir kısmını ele geçirmişlerdir.<br />
VADEDİLMİŞ TOPRAKLAR NERESİDİR?</p>
<p>Vadedilmiş topraklar, Allah&#8217;ın Hz. İbrahim&#8217;e ve onun soyundan gelenlere vermeyi vaad ettiği yer için kullanılan terimdir.</p>
<p>İbrânîce&#8217;de “Eretz Israel” denilen bu bölge Ahd-i Atîk&#8217;te “Ken&#8217;an diyarı” diye de zikredil­mektedir. İkinci Mâbed döneminden iti­baren ise “Arz-ı mev&#8217;ûd”, &#8220;Arz-ı Mukaddes diye adlandırılmıştır. Güney sınırı: &#8220;Tsin çölünden Edom boyunca olacak ve cenup sınırınız şarka doğru Tuz denizinin ucundan olacak ve sınırınız Akrabbim yokuşundan cenuba doğru dolaşacak ve Tsin&#8217;e geçecek ve onun uçları Kadeş-Barnea&#8217;nın cenubunda olacaklar ve Hatsar-Addar&#8217;a çıkacak ve Atsmon&#8217;a geçecek ve sınır Atsmon&#8217;dan Mısır vadisine kadar dolaşacak ve onun uçları deniz yanında olacaktır&#8221; (Sayılar, 34/3-5; Tesniye, 15/2-4). Buradaki Tsin çölü Kadeş&#8217;in kuzeydoğusunda yer almakta ve arz-ı mev&#8217;ûdun güney sınırını teşkil etmektedir. Tuz denizi bugünkü Ölüdeniz&#8217;dir. Akrabbim yokuşu Ölüdeniz&#8217;in güneyinde, bugünkü Nakb es-Safâ, Hatsar-Addar Kadeş-Barnea&#8217;nın kuzeybatısındaki Vâdilkudeyrât, Atsmon da Vâdilkudeyrât&#8217;ın batısındaki yerdir. Mısır vadisi ise, Gazze&#8217;nin güneybatısından Akdeniz&#8217;e açılan Vâdilarîş&#8217;tir. Arz-ı mev&#8217;ûdun güney sınırını belirten bu ifade, Ruhban metnine aittir ve Negev&#8217;in büyük bir kısmını arz-ı mev&#8217;ûda katmaktadır.<br />
Batı sınırı: &#8220;Büyük deniz ve onun kıyısı olacaktır&#8221; (Sayılar, 34/6; Yeşu, 1/4). &#8220;Garp denizi&#8221;de (Tesniye, 11/24) denilen bu deniz Akdeniz&#8217;dir.</p>
<p>Kuzey sınırı: &#8220;Büyük denizden Hor dağına kadar kendinize işaret koyacaksınız. Hor dağından Hamat&#8217;a girilecek yere kadar işaret koyacaksınız ve sınırın uçları Tsedâd&#8217;da olacak ve sınır Zifron&#8217;a çıkacak ve onun uçları Hatsar-Enan&#8217;da olacaktır&#8221; (Sayılar, 34/7-9). Arz-ı mev&#8217;ûdun kuzey sınırı, Ahd-i Atîk&#8217;in diğer yerlerinde Lübnan olarak belirtilmektedir (Tesniye, 11/24; Yeşu, 1/4). Söz konusu Hor dağının Güney Anadolu&#8217;daki Toros dağları olduğu da ileri sürülmüştür (Ancien Testament, s. 326); fakat genel kanaat, bunun Lübnan dağı (Cebelilübnan) olduğu yönündedir. Esasen Ahd-i Atîk&#8217;in hiçbir yerinde arz-ı mev&#8217;ûdun kuzey sınırı Lübnan bölgesini aşmamaktadır. Doğu sınırı: &#8220;Ve şark sınırınız için Hatsar-Enan&#8217;dan Şefam&#8217;a kadar işaret koyacaksınız ve sınır Şefam&#8217;dan Ain&#8217;in şark tarafında Ribla&#8217;ya inecek ve şarka doğru Kinneret denizinin yanına dokunacaktır ve sınır Erden&#8217;e inecek ve uçları Tuz denizi yanında olacaktır&#8221; (Sayılar, 34/10-12). Kinneret denizi Taberiye gölüdür. Ahd-i Atîk&#8217;te doğu sınırı &#8220;büyük ırmak, Fırat ırmağı&#8221; olarak da gösterildiği halde (Tekvîn, 15/18; Tesniye, 11/24; Yeşu, 1/4), Sayılar, 34/10-12&#8217;de Rab Yahova tarafından Hz. Mûsâ&#8217;ya çizilen doğu sınırı Taberiye ve Lut göllerinin doğu tarafındaki bölgeyle sınırlı kalmaktadır. Doğu sınırının Fırat&#8217;a kadar uzatılması ideal ölçülere göredir ve yahudi tarihinde hiç gerçekleşmemiştir. İsrail tarihinin en parlak dönemi Hz. Süleyman devri olmasına, Hz. Süleyman&#8217;ın &#8220;Irmaktan Filistîler diyarına ve Mısır sınırına kadar bütün ülkeler üzerinde saltanat sürdüğü&#8221; (I. Krallar, 4/21) belirtilmesine rağmen krallığın doğu sınırı asla Fırat&#8217;a varmamıştır..</p>
<p>Kaynak : yenisafak.com</p>
