{"id":52180,"date":"2026-08-14T19:42:19","date_gmt":"2026-08-14T16:42:19","guid":{"rendered":"https:\/\/adanaseshaber.com.tr\/habercim\/wp-content\/uploads\/2026\/08\/1-15-768x201-189.jpg"},"modified":"2026-08-14T19:43:33","modified_gmt":"2026-08-14T16:43:33","slug":"1-15-768x201-2780","status":"inherit","type":"attachment","link":"https:\/\/adanaseshaber.com.tr\/habercim\/foto-galeri\/suleymancilar\/attachment\/1-15-768x201-2780\/","title":{"rendered":"S\u00fcleymanc\u0131lar"},"author":2,"comment_status":"open","ping_status":"closed","template":"","meta":[],"description":{"rendered":"<p class=\"attachment\"><a href='https:\/\/adanaseshaber.com.tr\/habercim\/wp-content\/uploads\/2026\/08\/1-15-768x201-189.jpg'><img width=\"300\" height=\"79\" src=\"https:\/\/adanaseshaber.com.tr\/habercim\/wp-content\/uploads\/2026\/08\/1-15-768x201-189-300x79.jpg\" class=\"attachment-medium size-medium\" alt=\"\" loading=\"lazy\" srcset=\"https:\/\/adanaseshaber.com.tr\/habercim\/wp-content\/uploads\/2026\/08\/1-15-768x201-189-300x79.jpg 300w, https:\/\/adanaseshaber.com.tr\/habercim\/wp-content\/uploads\/2026\/08\/1-15-768x201-189.jpg 768w\" sizes=\"(max-width: 300px) 100vw, 300px\" \/><\/a><\/p>\n"},"caption":{"rendered":"<p>&#8216;S\u00fcleymanc\u0131lar&#8217; cemaatinin lideri Alihan Kuri\u015f dahil 49 ki\u015fiye y\u00f6nelik y\u00fcr\u00fct\u00fclen operasyona ili\u015fkin yeni detaylar ortaya \u00e7\u0131kt\u0131. Kuri\u015f&#8217;in, ikametg\u00e2h\u0131 d\u0131\u015f\u0131nda bir adreste, evin gizli b\u00f6lmesinde saklan\u0131rken bulundu\u011fu \u00f6\u011frenildi.<\/p>\n<p>CNN T\u00fcrk&#8217;\u00fcn edindi\u011fi yeni bilgilere g\u00f6re Kuri\u015f, polis ekiplerinin kendisini almaya geldi\u011fini daha \u00f6nceden \u00f6\u011frenerek ikamet etti\u011fi evden ayr\u0131ld\u0131; kulland\u0131\u011f\u0131 cep telefonunu ise geride b\u0131rakt\u0131. Adrese gelen polis ekipleri daha sonras\u0131nda Kuri\u015f&#8217;in ge\u00e7ti\u011fi yeni adresi tespit etti. \u0130kinci adreste de evin g\u00f6r\u00fcn\u00fcr yerlerinde bulunamayan cemaat lideri, daha kapsaml\u0131 bir ara\u015ft\u0131rma s\u0131ras\u0131nda ekipler taraf\u0131ndan evin gizli bir b\u00f6lmesinde saklan\u0131rken bulundu.<\/p>\n<p>Kaynak : t24.com.tr<\/p>\n"},"alt_text":"","media_type":"image","mime_type":"image\/jpeg","media_details":{"width":768,"height":201,"file":"2026\/08\/1-15-768x201-189.jpg","sizes":{"medium":{"file":"1-15-768x201-189-300x79.jpg","width":300,"height":79,"mime_type":"image\/jpeg","source_url":"https:\/\/adanaseshaber.com.tr\/habercim\/wp-content\/uploads\/2026\/08\/1-15-768x201-189-300x79.jpg"},"thumbnail":{"file":"1-15-768x201-189-150x150.jpg","width":150,"height":150,"mime_type":"image\/jpeg","source_url":"https:\/\/adanaseshaber.com.tr\/habercim\/wp-content\/uploads\/2026\/08\/1-15-768x201-189-150x150.jpg"},"kucukResim":{"file":"1-15-768x201-189-80x50.jpg","width":80,"height":50,"mime_type":"image\/jpeg","source_url":"https:\/\/adanaseshaber.com.tr\/habercim\/wp-content\/uploads\/2026\/08\/1-15-768x201-189-80x50.jpg"},"sliderResim":{"file":"1-15-768x201-189-670x201.jpg","width":670,"height":201,"mime_type":"image\/jpeg","source_url":"https:\/\/adanaseshaber.com.tr\/habercim\/wp-content\/uploads\/2026\/08\/1-15-768x201-189-670x201.jpg"},"resim1":{"file":"1-15-768x201-189-184x140.jpg","width":184,"height":140,"mime_type":"image\/jpeg","source_url":"https:\/\/adanaseshaber.com.tr\/habercim\/wp-content\/uploads\/2026\/08\/1-15-768x201-189-184x140.jpg"},"resim2":{"file":"1-15-768x201-189-216x103.jpg","width":216,"height":103,"mime_type":"image\/jpeg","source_url":"https:\/\/adanaseshaber.com.tr\/habercim\/wp-content\/uploads\/2026\/08\/1-15-768x201-189-216x103.jpg"},"resim3":{"file":"1-15-768x201-189-145x70.jpg","width":145,"height":70,"mime_type":"image\/jpeg","source_url":"https:\/\/adanaseshaber.com.tr\/habercim\/wp-content\/uploads\/2026\/08\/1-15-768x201-189-145x70.jpg"},"sagSlider":{"file":"1-15-768x201-189-300x150.jpg","width":300,"height":150,"mime_type":"image\/jpeg","source_url":"https:\/\/adanaseshaber.com.tr\/habercim\/wp-content\/uploads\/2026\/08\/1-15-768x201-189-300x150.jpg"},"yeniSlider":{"file":"1-15-768x201-189-500x201.jpg","width":500,"height":201,"mime_type":"image\/jpeg","source_url":"https:\/\/adanaseshaber.com.tr\/habercim\/wp-content\/uploads\/2026\/08\/1-15-768x201-189-500x201.jpg"},"full":{"file":"1-15-768x201-189.jpg","width":768,"height":201,"mime_type":"image\/jpeg","source_url":"https:\/\/adanaseshaber.com.tr\/habercim\/wp-content\/uploads\/2026\/08\/1-15-768x201-189.jpg"}},"image_meta":{"aperture":"0","credit":"","camera":"","caption":"","created_timestamp":"0","copyright":"","focal_length":"0","iso":"0","shutter_speed":"0","title":"","orientation":"0","keywords":[]}},"post":52178,"source_url":"https:\/\/adanaseshaber.com.tr\/habercim\/wp-content\/uploads\/2026\/08\/1-15-768x201-189.jpg","_links":{"self":[{"href":"https:\/\/adanaseshaber.com.tr\/habercim\/wp-json\/wp\/v2\/media\/52180"}],"collection":[{"href":"https:\/\/adanaseshaber.com.tr\/habercim\/wp-json\/wp\/v2\/media"}],"about":[{"href":"https:\/\/adanaseshaber.com.tr\/habercim\/wp-json\/wp\/v2\/types\/attachment"}],"author":[{"embeddable":true,"href":"https:\/\/adanaseshaber.com.tr\/habercim\/wp-json\/wp\/v2\/users\/2"}],"replies":[{"embeddable":true,"href":"https:\/\/adanaseshaber.com.tr\/habercim\/wp-json\/wp\/v2\/comments?post=52180"}]}}

Süleymancılar

<p>&#8216;Süleymancılar&#8217; cemaatinin lideri Alihan Kuriş dahil 49 kişiye yönelik yürütülen operasyona ilişkin yeni detaylar ortaya çıktı. Kuriş&#8217;in, ikametgâhı dışında bir adreste, evin gizli bölmesinde saklanırken bulunduğu öğrenildi.</p>
<p>CNN Türk&#8217;ün edindiği yeni bilgilere göre Kuriş, polis ekiplerinin kendisini almaya geldiğini daha önceden öğrenerek ikamet ettiği evden ayrıldı; kullandığı cep telefonunu ise geride bıraktı. Adrese gelen polis ekipleri daha sonrasında Kuriş&#8217;in geçtiği yeni adresi tespit etti. İkinci adreste de evin görünür yerlerinde bulunamayan cemaat lideri, daha kapsamlı bir araştırma sırasında ekipler tarafından evin gizli bir bölmesinde saklanırken bulundu.</p>
<p>Kaynak : t24.com.tr</p>
