{"id":52244,"date":"2026-08-16T02:37:19","date_gmt":"2026-08-15T23:37:19","guid":{"rendered":"https:\/\/adanaseshaber.com.tr\/habercim\/wp-content\/uploads\/2026\/08\/baskomutan-recep-tayyip-erdogan_2109888-6.jpg"},"modified":"2026-08-16T02:37:34","modified_gmt":"2026-08-15T23:37:34","slug":"baskomutan-recep-tayyip-erdogan_2109888-16","status":"inherit","type":"attachment","link":"https:\/\/adanaseshaber.com.tr\/habercim\/foto-galeri\/erdogan-acil-olarak\/attachment\/baskomutan-recep-tayyip-erdogan_2109888-16\/","title":{"rendered":"Erdo\u011fan acil olarak"},"author":2,"comment_status":"open","ping_status":"closed","template":"","meta":[],"description":{"rendered":"<p class=\"attachment\"><a href='https:\/\/adanaseshaber.com.tr\/habercim\/wp-content\/uploads\/2026\/08\/baskomutan-recep-tayyip-erdogan_2109888-6.jpg'><img width=\"300\" height=\"187\" src=\"https:\/\/adanaseshaber.com.tr\/habercim\/wp-content\/uploads\/2026\/08\/baskomutan-recep-tayyip-erdogan_2109888-6-300x187.jpg\" class=\"attachment-medium size-medium\" alt=\"\" loading=\"lazy\" srcset=\"https:\/\/adanaseshaber.com.tr\/habercim\/wp-content\/uploads\/2026\/08\/baskomutan-recep-tayyip-erdogan_2109888-6-300x187.jpg 300w, https:\/\/adanaseshaber.com.tr\/habercim\/wp-content\/uploads\/2026\/08\/baskomutan-recep-tayyip-erdogan_2109888-6-80x50.jpg 80w, https:\/\/adanaseshaber.com.tr\/habercim\/wp-content\/uploads\/2026\/08\/baskomutan-recep-tayyip-erdogan_2109888-6.jpg 485w\" sizes=\"(max-width: 300px) 100vw, 300px\" \/><\/a><\/p>\n"},"caption":{"rendered":"<p>Cumhurba\u015fkan\u0131 Erdo\u011fan acil olarak a\u00e7\u0131klama yapt\u0131! Bu konuda herkesin daha dikkatli olmas\u0131 gerekiyor. Hakl\u0131 oldu\u011fum belli oldu diyerek duyuruldu\u2026.<\/p>\n<p>devam\u0131 sonraki sayfada\u2026 g\u00f6rsel \u00fczerinden do2\u2019kununuz ge\u00e7ebilirsiniz\u2026<\/p>\n"},"alt_text":"","media_type":"image","mime_type":"image\/jpeg","media_details":{"width":485,"height":303,"file":"2026\/08\/baskomutan-recep-tayyip-erdogan_2109888-6.jpg","sizes":{"medium":{"file":"baskomutan-recep-tayyip-erdogan_2109888-6-300x187.jpg","width":300,"height":187,"mime_type":"image\/jpeg","source_url":"https:\/\/adanaseshaber.com.tr\/habercim\/wp-content\/uploads\/2026\/08\/baskomutan-recep-tayyip-erdogan_2109888-6-300x187.jpg"},"thumbnail":{"file":"baskomutan-recep-tayyip-erdogan_2109888-6-150x150.jpg","width":150,"height":150,"mime_type":"image\/jpeg","source_url":"https:\/\/adanaseshaber.com.tr\/habercim\/wp-content\/uploads\/2026\/08\/baskomutan-recep-tayyip-erdogan_2109888-6-150x150.jpg"},"kucukResim":{"file":"baskomutan-recep-tayyip-erdogan_2109888-6-80x50.jpg","width":80,"height":50,"mime_type":"image\/jpeg","source_url":"https:\/\/adanaseshaber.com.tr\/habercim\/wp-content\/uploads\/2026\/08\/baskomutan-recep-tayyip-erdogan_2109888-6-80x50.jpg"},"resim1":{"file":"baskomutan-recep-tayyip-erdogan_2109888-6-184x140.jpg","width":184,"height":140,"mime_type":"image\/jpeg","source_url":"https:\/\/adanaseshaber.com.tr\/habercim\/wp-content\/uploads\/2026\/08\/baskomutan-recep-tayyip-erdogan_2109888-6-184x140.jpg"},"resim2":{"file":"baskomutan-recep-tayyip-erdogan_2109888-6-216x103.jpg","width":216,"height":103,"mime_type":"image\/jpeg","source_url":"https:\/\/adanaseshaber.com.tr\/habercim\/wp-content\/uploads\/2026\/08\/baskomutan-recep-tayyip-erdogan_2109888-6-216x103.jpg"},"resim3":{"file":"baskomutan-recep-tayyip-erdogan_2109888-6-145x70.jpg","width":145,"height":70,"mime_type":"image\/jpeg","source_url":"https:\/\/adanaseshaber.com.tr\/habercim\/wp-content\/uploads\/2026\/08\/baskomutan-recep-tayyip-erdogan_2109888-6-145x70.jpg"},"sagSlider":{"file":"baskomutan-recep-tayyip-erdogan_2109888-6-300x150.jpg","width":300,"height":150,"mime_type":"image\/jpeg","source_url":"https:\/\/adanaseshaber.com.tr\/habercim\/wp-content\/uploads\/2026\/08\/baskomutan-recep-tayyip-erdogan_2109888-6-300x150.jpg"},"yeniSlider":{"file":"baskomutan-recep-tayyip-erdogan_2109888-6-485x290.jpg","width":485,"height":290,"mime_type":"image\/jpeg","source_url":"https:\/\/adanaseshaber.com.tr\/habercim\/wp-content\/uploads\/2026\/08\/baskomutan-recep-tayyip-erdogan_2109888-6-485x290.jpg"},"full":{"file":"baskomutan-recep-tayyip-erdogan_2109888-6.jpg","width":485,"height":303,"mime_type":"image\/jpeg","source_url":"https:\/\/adanaseshaber.com.tr\/habercim\/wp-content\/uploads\/2026\/08\/baskomutan-recep-tayyip-erdogan_2109888-6.jpg"}},"image_meta":{"aperture":"0","credit":"","camera":"","caption":"","created_timestamp":"0","copyright":"","focal_length":"0","iso":"0","shutter_speed":"0","title":"","orientation":"0","keywords":[]}},"post":52243,"source_url":"https:\/\/adanaseshaber.com.tr\/habercim\/wp-content\/uploads\/2026\/08\/baskomutan-recep-tayyip-erdogan_2109888-6.jpg","_links":{"self":[{"href":"https:\/\/adanaseshaber.com.tr\/habercim\/wp-json\/wp\/v2\/media\/52244"}],"collection":[{"href":"https:\/\/adanaseshaber.com.tr\/habercim\/wp-json\/wp\/v2\/media"}],"about":[{"href":"https:\/\/adanaseshaber.com.tr\/habercim\/wp-json\/wp\/v2\/types\/attachment"}],"author":[{"embeddable":true,"href":"https:\/\/adanaseshaber.com.tr\/habercim\/wp-json\/wp\/v2\/users\/2"}],"replies":[{"embeddable":true,"href":"https:\/\/adanaseshaber.com.tr\/habercim\/wp-json\/wp\/v2\/comments?post=52244"}]}}

Erdoğan acil olarak

<p>Cumhurbaşkanı Erdoğan acil olarak açıklama yaptı! Bu konuda herkesin daha dikkatli olması gerekiyor. Haklı olduğum belli oldu diyerek duyuruldu….</p>
<p>devamı sonraki sayfada… görsel üzerinden do2’kununuz geçebilirsiniz…</p>
