{"id":52250,"date":"2026-08-16T02:45:46","date_gmt":"2026-08-15T23:45:46","guid":{"rendered":"https:\/\/adanaseshaber.com.tr\/habercim\/wp-content\/uploads\/2026\/08\/1-15-768x201-217.jpg"},"modified":"2026-08-16T02:46:17","modified_gmt":"2026-08-15T23:46:17","slug":"1-15-768x201-2808","status":"inherit","type":"attachment","link":"https:\/\/adanaseshaber.com.tr\/habercim\/foto-galeri\/konyadan-goruntuler\/attachment\/1-15-768x201-2808\/","title":{"rendered":"Konya\u2019dan G\u00f6r\u00fcnt\u00fcler"},"author":2,"comment_status":"open","ping_status":"closed","template":"","meta":[],"description":{"rendered":"<p class=\"attachment\"><a href='https:\/\/adanaseshaber.com.tr\/habercim\/wp-content\/uploads\/2026\/08\/1-15-768x201-217.jpg'><img width=\"300\" height=\"79\" src=\"https:\/\/adanaseshaber.com.tr\/habercim\/wp-content\/uploads\/2026\/08\/1-15-768x201-217-300x79.jpg\" class=\"attachment-medium size-medium\" alt=\"\" loading=\"lazy\" srcset=\"https:\/\/adanaseshaber.com.tr\/habercim\/wp-content\/uploads\/2026\/08\/1-15-768x201-217-300x79.jpg 300w, https:\/\/adanaseshaber.com.tr\/habercim\/wp-content\/uploads\/2026\/08\/1-15-768x201-217.jpg 768w\" sizes=\"(max-width: 300px) 100vw, 300px\" \/><\/a><\/p>\n"},"caption":{"rendered":"<p>Konya\u2019da g\u00f6rev yapt\u0131\u011f\u0131 belirtilen gelir uzman\u0131 S.D. hakk\u0131nda sosyal medyada dola\u015f\u0131ma giren iddialar kamuoyunda tart\u0131\u015fma yaratt\u0131.<\/p>\n<p>\u0130ddiaya g\u00f6re S.D., sa\u011fl\u0131k raporu nedeniyle g\u00f6revinden izinli oldu\u011fu s\u00fcre\u00e7te sosyal medya hesab\u0131 i\u00e7in \u00e7e\u015fitli videolar \u00e7ekerek bunlar\u0131 takip\u00e7ileriyle payla\u015ft\u0131.<\/p>\n<p>Payla\u015f\u0131lan g\u00f6r\u00fcnt\u00fcler k\u0131sa s\u00fcrede \u00e7ok say\u0131da kullan\u0131c\u0131 taraf\u0131ndan payla\u015f\u0131l\u0131rken, konu sosyal medyan\u0131n en \u00e7ok konu\u015fulan ba\u015fl\u0131klar\u0131 aras\u0131na girdi.<\/p>\n<p>Kullan\u0131c\u0131lardan Farkl\u0131 Yorumlar Geldi<br \/>\nSosyal medyada yap\u0131lan yorumlarda baz\u0131 kullan\u0131c\u0131lar, raporlu olunan d\u00f6nemde i\u00e7erik \u00fcretilmesinin etik a\u00e7\u0131dan de\u011ferlendirilmesi gerekti\u011fini savunurken, baz\u0131lar\u0131 ise olay\u0131n t\u00fcm y\u00f6nleriyle ara\u015ft\u0131r\u0131lmadan kesin yarg\u0131ya var\u0131lmamas\u0131 gerekti\u011fini ifade etti.<\/p>\n<p>Konuyla ilgili \u00e7ok say\u0131da payla\u015f\u0131m yap\u0131l\u0131rken, iddialar\u0131n do\u011frulu\u011funun yetkili kurumlar taraf\u0131ndan yap\u0131lacak incelemelerle netlik kazanabilece\u011fi y\u00f6n\u00fcnde g\u00f6r\u00fc\u015fler de payla\u015f\u0131ld\u0131.<\/p>\n<p>Maa\u015f \u0130ddias\u0131 da G\u00fcndeme Geldi<br \/>\nTart\u0131\u015fmalar\u0131 b\u00fcy\u00fcten bir di\u011fer iddia ise S.D.\u2019nin ayl\u0131k 70 bin TL\u2019nin \u00fczerinde maa\u015f ald\u0131\u011f\u0131 y\u00f6n\u00fcndeki payla\u015f\u0131mlar oldu.<\/p>\n<p>Ancak bu maa\u015f bilgisine ili\u015fkin de yetkili kurumlar taraf\u0131ndan do\u011frulanm\u0131\u015f resmi bir a\u00e7\u0131klama bulunmuyor.<\/p>\n<p>Resmi A\u00e7\u0131klama Bekleniyor<br \/>\nKonuyla ilgili ilgili kamu kurumlar\u0131ndan \u015fu ana kadar herhangi bir resmi a\u00e7\u0131klama yap\u0131lmad\u0131.<\/p>\n<p>\u0130ddialar\u0131n do\u011fru olup olmad\u0131\u011f\u0131na ili\u015fkin idari veya adli bir inceleme ba\u015flat\u0131l\u0131p ba\u015flat\u0131lmad\u0131\u011f\u0131 da hen\u00fcz kamuoyuyla payla\u015f\u0131lm\u0131\u015f de\u011fil.<\/p>\n<p>Kamuoyu, yetkili kurumlardan gelecek olas\u0131 a\u00e7\u0131klamalar\u0131 bekliyor.<\/p>\n<p>Kaynak : hayatgazetesiordu.com<\/p>\n"},"alt_text":"","media_type":"image","mime_type":"image\/jpeg","media_details":{"width":768,"height":201,"file":"2026\/08\/1-15-768x201-217.jpg","sizes":{"medium":{"file":"1-15-768x201-217-300x79.jpg","width":300,"height":79,"mime_type":"image\/jpeg","source_url":"https:\/\/adanaseshaber.com.tr\/habercim\/wp-content\/uploads\/2026\/08\/1-15-768x201-217-300x79.jpg"},"thumbnail":{"file":"1-15-768x201-217-150x150.jpg","width":150,"height":150,"mime_type":"image\/jpeg","source_url":"https:\/\/adanaseshaber.com.tr\/habercim\/wp-content\/uploads\/2026\/08\/1-15-768x201-217-150x150.jpg"},"kucukResim":{"file":"1-15-768x201-217-80x50.jpg","width":80,"height":50,"mime_type":"image\/jpeg","source_url":"https:\/\/adanaseshaber.com.tr\/habercim\/wp-content\/uploads\/2026\/08\/1-15-768x201-217-80x50.jpg"},"sliderResim":{"file":"1-15-768x201-217-670x201.jpg","width":670,"height":201,"mime_type":"image\/jpeg","source_url":"https:\/\/adanaseshaber.com.tr\/habercim\/wp-content\/uploads\/2026\/08\/1-15-768x201-217-670x201.jpg"},"resim1":{"file":"1-15-768x201-217-184x140.jpg","width":184,"height":140,"mime_type":"image\/jpeg","source_url":"https:\/\/adanaseshaber.com.tr\/habercim\/wp-content\/uploads\/2026\/08\/1-15-768x201-217-184x140.jpg"},"resim2":{"file":"1-15-768x201-217-216x103.jpg","width":216,"height":103,"mime_type":"image\/jpeg","source_url":"https:\/\/adanaseshaber.com.tr\/habercim\/wp-content\/uploads\/2026\/08\/1-15-768x201-217-216x103.jpg"},"resim3":{"file":"1-15-768x201-217-145x70.jpg","width":145,"height":70,"mime_type":"image\/jpeg","source_url":"https:\/\/adanaseshaber.com.tr\/habercim\/wp-content\/uploads\/2026\/08\/1-15-768x201-217-145x70.jpg"},"sagSlider":{"file":"1-15-768x201-217-300x150.jpg","width":300,"height":150,"mime_type":"image\/jpeg","source_url":"https:\/\/adanaseshaber.com.tr\/habercim\/wp-content\/uploads\/2026\/08\/1-15-768x201-217-300x150.jpg"},"yeniSlider":{"file":"1-15-768x201-217-500x201.jpg","width":500,"height":201,"mime_type":"image\/jpeg","source_url":"https:\/\/adanaseshaber.com.tr\/habercim\/wp-content\/uploads\/2026\/08\/1-15-768x201-217-500x201.jpg"},"full":{"file":"1-15-768x201-217.jpg","width":768,"height":201,"mime_type":"image\/jpeg","source_url":"https:\/\/adanaseshaber.com.tr\/habercim\/wp-content\/uploads\/2026\/08\/1-15-768x201-217.jpg"}},"image_meta":{"aperture":"0","credit":"","camera":"","caption":"","created_timestamp":"0","copyright":"","focal_length":"0","iso":"0","shutter_speed":"0","title":"","orientation":"0","keywords":[]}},"post":52248,"source_url":"https:\/\/adanaseshaber.com.tr\/habercim\/wp-content\/uploads\/2026\/08\/1-15-768x201-217.jpg","_links":{"self":[{"href":"https:\/\/adanaseshaber.com.tr\/habercim\/wp-json\/wp\/v2\/media\/52250"}],"collection":[{"href":"https:\/\/adanaseshaber.com.tr\/habercim\/wp-json\/wp\/v2\/media"}],"about":[{"href":"https:\/\/adanaseshaber.com.tr\/habercim\/wp-json\/wp\/v2\/types\/attachment"}],"author":[{"embeddable":true,"href":"https:\/\/adanaseshaber.com.tr\/habercim\/wp-json\/wp\/v2\/users\/2"}],"replies":[{"embeddable":true,"href":"https:\/\/adanaseshaber.com.tr\/habercim\/wp-json\/wp\/v2\/comments?post=52250"}]}}

Konya’dan Görüntüler

<p>Konya’da görev yaptığı belirtilen gelir uzmanı S.D. hakkında sosyal medyada dolaşıma giren iddialar kamuoyunda tartışma yarattı.</p>
<p>İddiaya göre S.D., sağlık raporu nedeniyle görevinden izinli olduğu süreçte sosyal medya hesabı için çeşitli videolar çekerek bunları takipçileriyle paylaştı.</p>
<p>Paylaşılan görüntüler kısa sürede çok sayıda kullanıcı tarafından paylaşılırken, konu sosyal medyanın en çok konuşulan başlıkları arasına girdi.</p>
<p>Kullanıcılardan Farklı Yorumlar Geldi<br />
Sosyal medyada yapılan yorumlarda bazı kullanıcılar, raporlu olunan dönemde içerik üretilmesinin etik açıdan değerlendirilmesi gerektiğini savunurken, bazıları ise olayın tüm yönleriyle araştırılmadan kesin yargıya varılmaması gerektiğini ifade etti.</p>
<p>Konuyla ilgili çok sayıda paylaşım yapılırken, iddiaların doğruluğunun yetkili kurumlar tarafından yapılacak incelemelerle netlik kazanabileceği yönünde görüşler de paylaşıldı.</p>
<p>Maaş İddiası da Gündeme Geldi<br />
Tartışmaları büyüten bir diğer iddia ise S.D.’nin aylık 70 bin TL’nin üzerinde maaş aldığı yönündeki paylaşımlar oldu.</p>
<p>Ancak bu maaş bilgisine ilişkin de yetkili kurumlar tarafından doğrulanmış resmi bir açıklama bulunmuyor.</p>
<p>Resmi Açıklama Bekleniyor<br />
Konuyla ilgili ilgili kamu kurumlarından şu ana kadar herhangi bir resmi açıklama yapılmadı.</p>
<p>İddiaların doğru olup olmadığına ilişkin idari veya adli bir inceleme başlatılıp başlatılmadığı da henüz kamuoyuyla paylaşılmış değil.</p>
<p>Kamuoyu, yetkili kurumlardan gelecek olası açıklamaları bekliyor.</p>
<p>Kaynak : hayatgazetesiordu.com</p>
